-- https://www.phpmyadmin.net/
--
-- مضيف: localhost:3306
-- وقت الجيل: 07 مايو 2025 الساعة 13:20
-- إصدار الخادم: 8.0.42
-- نسخة PHP: 8.3.20

START TRANSACTION;



--
-- قاعدة بيانات: `tawajood_trades`
--

-- --------------------------------------------------------

--
-- بنية الجدول `about_us`
--

CREATE TABLE `about_us` (
  `id` bigint UNSIGNED NOT NULL,
  `about_ar` text CHARACTER SET utf8mb4 COLLATE utf8mb4_unicode_ci,
  `about_en` text CHARACTER SET utf8mb4 COLLATE utf8mb4_unicode_ci,
  `created_at` timestamp NULL DEFAULT NULL,
  `updated_at` timestamp NULL DEFAULT NULL
) ENGINE=InnoDB DEFAULT CHARSET=utf8mb4 COLLATE=utf8mb4_unicode_ci;

--
-- إرجاع أو استيراد بيانات الجدول `about_us`
--

INSERT INTO `about_us` (`id`, `about_ar`, `about_en`, `created_at`, `updated_at`) VALUES
(1, '<p dir=\"rtl\">.تطبيق Trades&nbsp; : - هي منصة إلكترونية تتيح للمستخدمين فتح حساب للإعلان عن أي منتج تريده كما يمكنك التواصل مع أصحاب الاعلانات المنشورة للحصور على المنتج&nbsp;</p>', '<pre>\r\nTrades application: - It is an online platform that allows users to open an account to advertise any product they want. You can also communicate with the owners of published advertisements to obtain information about the product.</pre>', '2021-09-29 06:23:42', '2024-04-15 09:45:51');

-- --------------------------------------------------------

--
-- بنية الجدول `admins`
--

CREATE TABLE `admins` (
  `id` bigint UNSIGNED NOT NULL,
  `first_name` varchar(255) CHARACTER SET utf8mb4 COLLATE utf8mb4_unicode_ci DEFAULT NULL,
  `last_name` varchar(255) CHARACTER SET utf8mb4 COLLATE utf8mb4_unicode_ci DEFAULT NULL,
  `username` varchar(255) CHARACTER SET utf8mb4 COLLATE utf8mb4_unicode_ci DEFAULT NULL,
  `email` varchar(255) CHARACTER SET utf8mb4 COLLATE utf8mb4_unicode_ci DEFAULT NULL,
  `image` varchar(255) CHARACTER SET utf8mb4 COLLATE utf8mb4_unicode_ci DEFAULT NULL,
  `password` varchar(255) CHARACTER SET utf8mb4 COLLATE utf8mb4_unicode_ci DEFAULT NULL,
  `created_at` timestamp NULL DEFAULT NULL,
  `updated_at` timestamp NULL DEFAULT NULL
) ENGINE=InnoDB DEFAULT CHARSET=utf8mb4 COLLATE=utf8mb4_unicode_ci;

--
-- إرجاع أو استيراد بيانات الجدول `admins`
--

INSERT INTO `admins` (`id`, `first_name`, `last_name`, `username`, `email`, `image`, `password`, `created_at`, `updated_at`) VALUES
(1, 'super', 'admin', 'super-admin', 'super_admin@yahoo.com', 'default.png', '$2y$10$pYsVGW6wJyivGv9F9bWiBOrRMiNMpNvWttsY6x43NLHcrUe/0dF0G', '2021-09-29 06:23:40', '2021-12-28 07:42:25');

-- --------------------------------------------------------

--
-- بنية الجدول `advertisements`
--

CREATE TABLE `advertisements` (
  `id` bigint UNSIGNED NOT NULL,
  `user_id` bigint UNSIGNED DEFAULT NULL,
  `title` varchar(255) CHARACTER SET utf8mb4 COLLATE utf8mb4_unicode_ci DEFAULT NULL,
  `subcat_id` bigint UNSIGNED DEFAULT NULL,
  `desc` text CHARACTER SET utf8mb4 COLLATE utf8mb4_unicode_ci,
  `payment_way` varchar(255) CHARACTER SET utf8mb4 COLLATE utf8mb4_unicode_ci DEFAULT NULL,
  `payment_method` tinyint DEFAULT NULL COMMENT '	0=>Bank transfer, 1=>visa',
  `price` double(15,3) DEFAULT NULL,
  `type` bigint UNSIGNED DEFAULT NULL,
  `special_ad_id` bigint UNSIGNED DEFAULT NULL,
  `special_ad_start` timestamp NULL DEFAULT NULL,
  `start_date` timestamp NULL DEFAULT NULL,
  `end_date` timestamp NULL DEFAULT NULL,
  `popular` tinyint UNSIGNED DEFAULT '0',
  `finished` tinyint UNSIGNED DEFAULT '0',
  `canceled` tinyint UNSIGNED DEFAULT '0',
  `reason_id` bigint UNSIGNED DEFAULT NULL COMMENT 'Reason for refusal\r\n',
  `address` varchar(1500) CHARACTER SET utf8mb4 COLLATE utf8mb4_unicode_ci DEFAULT NULL,
  `country_id` bigint UNSIGNED DEFAULT NULL,
  `govern_id` bigint UNSIGNED DEFAULT NULL,
  `district_id` bigint UNSIGNED DEFAULT NULL,
  `lat` varchar(255) CHARACTER SET utf8mb4 COLLATE utf8mb4_unicode_ci DEFAULT NULL,
  `lng` varchar(255) CHARACTER SET utf8mb4 COLLATE utf8mb4_unicode_ci DEFAULT NULL,
  `is_subscribed` tinyint(1) DEFAULT '0',
  `created_at` timestamp NULL DEFAULT NULL,
  `updated_at` timestamp NULL DEFAULT NULL
) ENGINE=InnoDB DEFAULT CHARSET=utf8mb4 COLLATE=utf8mb4_unicode_ci;

--
-- إرجاع أو استيراد بيانات الجدول `advertisements`
--

INSERT INTO `advertisements` (`id`, `user_id`, `title`, `subcat_id`, `desc`, `payment_way`, `payment_method`, `price`, `type`, `special_ad_id`, `special_ad_start`, `start_date`, `end_date`, `popular`, `finished`, `canceled`, `reason_id`, `address`, `country_id`, `govern_id`, `district_id`, `lat`, `lng`, `is_subscribed`, `created_at`, `updated_at`) VALUES
(387, 105, 'شقة غير مشطبة', 1, 'لوريم ايبسيوم تيست', NULL, NULL, 6000000.000, NULL, NULL, NULL, '2024-03-27 13:33:52', '2024-04-25 13:33:52', 0, 0, 0, NULL, '857V+WQX، شبرا هارس، طوخ، محافظة القليوبية 13511، مصر', NULL, 17, NULL, '30.31482536598922', '31.194521002471443', 1, '2024-03-27 13:33:52', '2024-03-27 13:33:52'),
(388, 105, 'سيارة مرسيدس', 14, 'سيااارة', NULL, NULL, 12000000.000, NULL, NULL, '2024-03-27 13:52:20', '2024-03-27 13:52:20', '2024-04-25 13:52:20', 0, 0, 0, NULL, '603 250، معادي السرايات الغربية، قسم المعادي، محافظة القاهرة‬ 4213111، مصر', NULL, 15, NULL, '29.965697470981628', '31.27013180404902', 1, '2024-03-27 13:52:20', '2024-06-15 20:59:47'),
(390, 105, 'تيست', 1, 'تيست', NULL, NULL, 500.000, NULL, NULL, NULL, '2024-03-31 09:28:54', '2024-04-29 09:28:54', 0, 0, 0, NULL, '857V+WQX، شبرا هارس، طوخ، محافظة القليوبية 13511، مصر', NULL, 19, NULL, '30.314822471667792', '31.19451764971018', 1, '2024-03-31 09:28:54', '2024-03-31 09:28:54'),
(391, 105, 'Test Again', 1, 'tessst', NULL, NULL, 3500.000, NULL, 9, '2024-03-31 09:31:48', '2024-03-31 09:31:48', '2024-04-29 09:31:48', 0, 1, 1, 2, '857V+WQX، شبرا هارس، طوخ، محافظة القليوبية 13511، مصر', NULL, 19, NULL, '30.314821603371353', '31.194521337747574', 1, '2024-03-31 09:31:48', '2024-03-31 09:32:06'),
(392, 105, 'Versace Eros', 117, 'Perfume', NULL, NULL, 4000.000, NULL, NULL, '2024-03-31 09:39:12', '2024-03-31 09:39:12', '2024-04-29 09:39:12', 0, 0, 0, NULL, 'طريق بدون اسم، مركز كفر شكر، محافظة القليوبية 6493804، مصر', NULL, 17, NULL, '30.52421572289294', '31.273219026625156', 1, '2024-03-31 09:39:12', '2024-04-15 12:50:25'),
(393, 105, 'شاليه في الساحل الشمالي', 95, 'شاليه جديد بالساحل على البحر مباشرة', NULL, NULL, 500000.000, NULL, NULL, '2024-04-08 10:26:56', '2024-04-08 10:26:56', '2024-05-07 10:26:56', 0, 0, 0, NULL, NULL, NULL, 18, NULL, NULL, NULL, 1, '2024-04-08 10:26:56', '2024-07-09 14:00:53'),
(395, 108, 'portrait', 99, 'wyf portrait', NULL, NULL, 9000.000, NULL, NULL, NULL, '2024-04-08 13:14:34', '2024-05-07 13:14:34', 0, 0, 0, NULL, NULL, NULL, 15, NULL, NULL, NULL, 1, '2024-04-08 13:14:34', '2024-04-08 13:14:34'),
(396, 105, 'Test', 138, 'test', NULL, NULL, 250.000, NULL, NULL, NULL, '2024-04-08 14:03:07', '2024-05-07 14:03:07', 0, 1, 1, 2, NULL, NULL, 17, NULL, NULL, NULL, 1, '2024-04-08 14:03:07', '2024-05-19 09:27:04'),
(397, 105, 'Test', 138, 'Test', NULL, NULL, 250.000, NULL, NULL, NULL, '2024-04-08 15:21:47', '2024-05-07 15:21:47', 0, 1, 1, 2, NULL, NULL, 17, NULL, NULL, NULL, 1, '2024-04-08 15:21:47', '2024-05-19 09:26:50'),
(398, 105, 'yfcy', 1, 'uchc', NULL, NULL, 250.000, NULL, 9, '2024-04-08 15:42:15', '2024-04-08 15:42:15', '2024-05-07 15:42:15', 0, 1, 1, 2, NULL, NULL, 20, NULL, NULL, NULL, 1, '2024-04-08 15:42:15', '2024-04-08 15:42:29'),
(399, 105, 'gxhx', 137, 'hcgc', NULL, NULL, 250.000, NULL, NULL, NULL, '2024-04-08 16:08:53', '2024-05-07 16:08:53', 0, 1, 1, 1, NULL, NULL, 19, NULL, NULL, NULL, 1, '2024-04-08 16:08:53', '2024-04-08 16:08:59'),
(401, 108, 'اثري', 112, 'اثري قديم', NULL, NULL, 5000.000, NULL, NULL, NULL, '2024-04-15 01:03:46', '2024-05-14 01:03:46', 0, 0, 0, NULL, NULL, NULL, 17, NULL, NULL, NULL, 1, '2024-04-15 01:03:46', '2024-04-15 01:03:46'),
(402, 105, 'gubu', 10, 'H j hvg', NULL, NULL, 255.000, NULL, 9, '2024-05-14 13:19:11', '2024-05-14 13:19:11', '2024-06-12 13:19:11', 0, 1, 1, 2, 'X78J+3QX، معادي السرايات الغربية، قسم البساتين، محافظة القاهرة‬ 4234110، مصر', NULL, 18, NULL, '29.965366057902727', '31.28209412097931', 1, '2024-05-14 13:19:11', '2024-05-19 09:25:53'),
(403, 105, 'bubyy', 100, 'Vyyng', NULL, NULL, 5828.000, 5, 9, '2024-05-14 13:26:59', '2024-05-14 13:26:59', '2024-06-12 13:26:59', 0, 1, 1, 2, 'X78J+3QX، معادي السرايات الغربية، قسم البساتين، محافظة القاهرة‬ 4234110، مصر', NULL, 18, NULL, '29.965366057902727', '31.28209412097931', 1, '2024-05-14 13:26:59', '2024-05-19 09:25:58'),
(404, 105, 'hjbv', 100, 'Ghhj', NULL, NULL, 555.000, 5, 9, '2024-05-14 13:27:33', '2024-05-14 13:27:33', '2024-06-12 13:27:33', 0, 1, 1, 2, 'X78J+3QX، معادي السرايات الغربية، قسم البساتين، محافظة القاهرة‬ 4234110، مصر', NULL, NULL, NULL, '29.965366057902727', '31.28209412097931', 1, '2024-05-14 13:27:33', '2024-05-19 09:26:03'),
(405, 105, 'ansbb', 2, 'Sjsjsj', NULL, NULL, 150.000, 5, NULL, NULL, '2024-05-19 09:19:48', '2024-06-17 09:19:48', 0, 1, 1, 2, '1 زهراء المعادي، عزبة فهمي، البساتين، محافظة القاهرة‬،، عزبة فهمي، البساتين، محافظة القاهرة‬،، عزبة فهمي، قسم البساتين، محافظة القاهرة‬ 4234102، مصر', NULL, 20, NULL, '29.96666004398157', '31.28196571022272', 1, '2024-05-19 09:19:48', '2024-05-19 09:26:18'),
(406, 105, 'hhhjj', 10, 'Hjh uvyvt', NULL, NULL, 12.000, 5, NULL, NULL, '2024-05-19 09:25:43', '2024-06-17 09:25:43', 0, 1, 1, 2, 'X78J+3QX، معادي السرايات الغربية، قسم البساتين، محافظة القاهرة‬ 4234110، مصر', NULL, 18, NULL, '29.96536053918304', '31.28209210932255', 1, '2024-05-19 09:25:43', '2024-05-19 09:26:13'),
(407, 109, 'tttsttt', 2, 'Ttsysb', NULL, NULL, 2558.000, 5, NULL, NULL, '2024-05-21 08:22:21', '2024-06-19 08:22:21', 0, 1, 1, 1, 'X78J+3QX، معادي السرايات الغربية، قسم البساتين، محافظة القاهرة‬ 4234110، مصر', NULL, 18, NULL, '29.965356182298862', '31.28209311515093', 1, '2024-05-21 08:22:21', '2024-05-21 08:35:03'),
(408, 109, 'yvuvub', 2, 'Uhihubibuvt', NULL, NULL, 25.000, 5, NULL, NULL, '2024-05-21 08:24:32', '2024-06-19 08:24:32', 0, 1, 1, 1, 'X78J+3QX، معادي السرايات الغربية، قسم البساتين، محافظة القاهرة‬ 4234110، مصر', NULL, 19, NULL, '29.965356182298862', '31.28209311515093', 1, '2024-05-21 08:24:32', '2024-05-21 08:34:10'),
(409, 109, 'jdjdj', 100, 'Snxnn', NULL, NULL, 20.000, 5, NULL, NULL, '2024-05-21 08:26:05', '2024-06-19 08:26:05', 0, 1, 1, 1, 'X78J+3QX، معادي السرايات الغربية، قسم البساتين، محافظة القاهرة‬ 4234110، مصر', NULL, 19, NULL, '29.965356182298862', '31.28209311515093', 1, '2024-05-21 08:26:05', '2024-05-21 08:33:53'),
(410, 109, 'ndn', 101, 'Ndfnn', NULL, NULL, 5184.000, 5, NULL, NULL, '2024-05-21 08:27:13', '2024-06-19 08:27:13', 0, 1, 1, 1, 'X78J+3QX، معادي السرايات الغربية، قسم البساتين، محافظة القاهرة‬ 4234110، مصر', NULL, 21, NULL, '29.965356182298862', '31.28209311515093', 1, '2024-05-21 08:27:13', '2024-05-21 08:33:46'),
(411, 109, 'jenrh', 2, 'Bdbd', NULL, NULL, 100.000, 5, NULL, NULL, '2024-05-21 08:33:35', '2024-06-19 08:33:35', 0, 1, 1, 1, 'X78J+3QX، معادي السرايات الغربية، قسم البساتين، محافظة القاهرة‬ 4234110، مصر', NULL, 20, NULL, '29.965356182298862', '31.28209311515093', 1, '2024-05-21 08:33:35', '2024-05-21 08:34:05'),
(412, 115, 'شقة بحي السلامة', 1, 'الشقة بمدخلين', NULL, NULL, 300000.000, 5, 11, '2024-06-24 01:07:28', '2024-06-24 01:07:28', '2024-07-23 01:07:28', 0, 1, 1, 1, 'السلامة', NULL, 16, NULL, '0.0', '0.0', 1, '2024-06-24 01:07:28', '2024-06-24 01:09:17'),
(413, 116, 'مخيم رائع يري البحر', 96, 'مخيمات اللاجئين السوريين في لبنان يا قطعه سما المصري عن البرادعي في لبنان يا قطعه سما المصري عن البرادعي في لبنان يا قطعه', NULL, NULL, 60.000, NULL, NULL, NULL, '2024-06-26 11:18:50', '2024-07-25 11:18:50', 0, 1, 1, 1, 'شريف، حلوان الشرقية، قسم حلوان،، R8XV+XM9، حلوان الشرقية، قسم حلوان، محافظة القاهرة‬ 4037001، مصر', NULL, 16, NULL, '29.84979654543038', '31.3442150875926', 1, '2024-06-26 11:18:50', '2024-06-27 08:22:59'),
(414, 119, 'بغداد', 89, 'فيلا مساحة ٢٥٠م', NULL, NULL, 25000.000, NULL, NULL, NULL, '2024-07-05 10:01:36', '2024-08-03 10:01:36', 0, 0, 0, NULL, '88W6+492، بغداد، بغداد محافظة، العراق', NULL, 15, NULL, '33.34511133943889', '44.311293214559555', 1, '2024-07-05 10:01:36', '2024-07-05 10:01:36'),
(415, 109, 'test', 1, 'Test hhsndbdbdh', NULL, NULL, 200000.000, 5, NULL, '2024-12-17 12:58:49', '2024-12-17 12:58:49', '2025-01-15 12:58:49', 0, 0, 0, NULL, '24/2 Sector 5 Degla, عزبة فهمي، قسم المعادي، محافظة القاهرة‬ 4234110، مصر', NULL, 15, NULL, '29.96559900568622', '31.28213535994291', 1, '2024-12-17 12:58:49', '2025-03-21 01:45:18'),
(416, 121, 'شقة للبيع', 1, 'شقة مفروشة للبيع بالفرش', NULL, NULL, 200000.000, 5, NULL, '2024-12-28 14:37:39', '2024-12-28 14:37:39', '2025-01-26 14:37:39', 0, 0, 0, NULL, 'X8F5+H6H، البساتين الشرقية، قسم البساتين، محافظة القاهرة‬ 4235223، مصر', NULL, 18, NULL, '29.974024261183512', '31.30807366222143', 1, '2024-12-28 14:37:39', '2025-04-06 18:52:34'),
(417, 129, 'test', 106, 'tttttttttttttteeeeeeessssst', NULL, NULL, 44.000, NULL, 12, '2025-05-04 10:27:36', '2025-05-04 10:27:36', '2025-06-02 10:27:36', 0, 1, 1, 1, '1 Mohammed Mahmoud, ميدان التحرير, Qasr El Nil, Cairo Governorate 4272077, Egypt', NULL, 15, NULL, '30.044418406110857', '31.235710009932514', 1, '2025-05-04 10:27:36', '2025-05-05 09:15:41'),
(418, 129, 'uu', 1, 'yuuu', NULL, NULL, 555.000, NULL, 9, '2025-05-06 07:28:20', '2025-05-06 07:28:20', '2025-06-04 07:28:20', 0, 1, 1, 1, '1 شارع محمد محمود، ميدان التحرير, قسم قصر النيل، محافظة القاهرة‬ 4272077، مصر', NULL, 19, NULL, '30.044418406110857', '31.235710009932514', 1, '2025-05-06 07:28:20', '2025-05-06 07:50:25'),
(419, 130, 'ryadah apartment', 1, 'hahahahah', NULL, NULL, 500.000, NULL, 9, '2025-05-06 11:26:46', '2025-05-06 11:26:46', '2025-06-04 11:26:46', 0, 0, 0, NULL, 'RQRA2777، 2777 الاشعث، 7585، حي الريان، الرياض 14211، السعودية', NULL, 15, NULL, '24.70891146985684', '46.76938019692898', 1, '2025-05-06 11:26:46', '2025-05-06 11:26:46');

-- --------------------------------------------------------

--
-- بنية الجدول `advertisement_attributes`
--

CREATE TABLE `advertisement_attributes` (
  `id` bigint UNSIGNED NOT NULL,
  `ad_id` bigint UNSIGNED DEFAULT NULL,
  `attr_id` bigint UNSIGNED DEFAULT NULL,
  `subattr_id` bigint UNSIGNED DEFAULT NULL,
  `attr_type` tinyint UNSIGNED DEFAULT NULL COMMENT '0: multichoice, 1: text or number value',
  `value` varchar(255) CHARACTER SET utf8mb4 COLLATE utf8mb4_unicode_ci DEFAULT NULL COMMENT 'value of number or text attribute',
  `created_at` timestamp NULL DEFAULT NULL,
  `updated_at` timestamp NULL DEFAULT NULL
) ENGINE=InnoDB DEFAULT CHARSET=utf8mb4 COLLATE=utf8mb4_unicode_ci;

--
-- إرجاع أو استيراد بيانات الجدول `advertisement_attributes`
--

INSERT INTO `advertisement_attributes` (`id`, `ad_id`, `attr_id`, `subattr_id`, `attr_type`, `value`, `created_at`, `updated_at`) VALUES
(1068, 387, 7, NULL, 1, '240 متر', '2024-03-27 13:33:52', '2024-03-27 13:33:52'),
(1069, 387, 5, 51, 0, NULL, '2024-03-27 13:33:52', '2024-03-27 13:33:52'),
(1070, 387, 6, NULL, 1, '2', '2024-03-27 13:33:52', '2024-03-27 13:33:52'),
(1071, 387, 1, NULL, 1, '4', '2024-03-27 13:33:52', '2024-03-27 13:33:52'),
(1072, 387, 503, 1104, 0, NULL, '2024-03-27 13:33:52', '2024-03-27 13:33:52'),
(1074, 388, 49, NULL, 1, '2024', '2024-03-27 13:52:20', '2024-03-27 13:52:20'),
(1075, 388, 48, NULL, 2, 'أسود', '2024-03-27 13:52:20', '2024-03-27 13:52:20'),
(1076, 388, 53, 133, 0, NULL, '2024-03-27 13:52:20', '2024-03-27 13:52:20'),
(1077, 388, 52, 131, 0, NULL, '2024-03-27 13:52:20', '2024-03-27 13:52:20'),
(1078, 388, 51, NULL, 1, '200', '2024-03-27 13:52:20', '2024-03-27 13:52:20'),
(1079, 388, 50, 161, 0, NULL, '2024-03-27 13:52:20', '2024-03-27 13:52:20'),
(1088, 402, 22, NULL, 1, '0582', '2024-05-14 13:19:11', '2024-05-14 13:19:11'),
(1090, 405, 2, 10, 0, NULL, '2024-05-19 09:19:48', '2024-05-19 09:19:48'),
(1091, 405, 505, NULL, 1, '12', '2024-05-19 09:19:48', '2024-05-19 09:19:48'),
(1093, 406, 22, NULL, 1, '2556', '2024-05-19 09:25:43', '2024-05-19 09:25:43'),
(1095, 407, 2, 10, 0, NULL, '2024-05-21 08:22:21', '2024-05-21 08:22:21'),
(1096, 407, 505, NULL, 1, '25', '2024-05-21 08:22:21', '2024-05-21 08:22:21'),
(1097, 408, 2, 10, 0, NULL, '2024-05-21 08:24:32', '2024-05-21 08:24:32'),
(1098, 408, 505, NULL, 1, '2', '2024-05-21 08:24:32', '2024-05-21 08:24:32'),
(1099, 411, 2, 8, 0, NULL, '2024-05-21 08:33:35', '2024-05-21 08:33:35'),
(1100, 411, 505, NULL, 1, '200', '2024-05-21 08:33:35', '2024-05-21 08:33:35'),
(1101, 412, 1, NULL, 1, '5', '2024-06-24 01:07:28', '2024-06-24 01:07:28'),
(1102, 412, 5, 3, 0, NULL, '2024-06-24 01:07:28', '2024-06-24 01:07:28'),
(1103, 412, 6, NULL, 1, '4', '2024-06-24 01:07:28', '2024-06-24 01:07:28'),
(1104, 412, 7, NULL, 1, '220', '2024-06-24 01:07:28', '2024-06-24 01:07:28'),
(1105, 412, 503, 1104, 0, NULL, '2024-06-24 01:07:28', '2024-06-24 01:07:28'),
(1106, 414, 501, NULL, 1, '4', '2024-07-05 10:01:36', '2024-07-05 10:01:36'),
(1107, 414, 500, NULL, 1, '3', '2024-07-05 10:01:36', '2024-07-05 10:01:36'),
(1108, 414, 502, NULL, 1, '250', '2024-07-05 10:01:36', '2024-07-05 10:01:36'),
(1109, 414, 504, 1107, 0, NULL, '2024-07-05 10:01:36', '2024-07-05 10:01:36'),
(1110, 415, 1, NULL, 1, '3', '2024-12-17 12:58:49', '2024-12-17 12:58:49'),
(1111, 415, 5, 4, 0, NULL, '2024-12-17 12:58:49', '2024-12-17 12:58:49'),
(1112, 415, 6, NULL, 1, '5', '2024-12-17 12:58:49', '2024-12-17 12:58:49'),
(1113, 415, 7, NULL, 1, '300', '2024-12-17 12:58:49', '2024-12-17 12:58:49'),
(1114, 415, 503, 1104, 0, NULL, '2024-12-17 12:58:49', '2024-12-17 12:58:49'),
(1115, 416, 1, NULL, 1, '5', '2024-12-28 14:37:39', '2024-12-28 14:37:39'),
(1116, 416, 5, 3, 0, NULL, '2024-12-28 14:37:39', '2024-12-28 14:37:39'),
(1117, 416, 6, NULL, 1, '2', '2024-12-28 14:37:39', '2024-12-28 14:37:39'),
(1118, 416, 7, NULL, 1, '180', '2024-12-28 14:37:39', '2024-12-28 14:37:39'),
(1119, 416, 503, 1103, 0, NULL, '2024-12-28 14:37:39', '2024-12-28 14:37:39'),
(1120, 418, 5, 3, 0, NULL, '2025-05-06 07:28:20', '2025-05-06 07:28:20'),
(1121, 418, 6, NULL, 1, 'hh', '2025-05-06 07:28:20', '2025-05-06 07:28:20'),
(1122, 419, 7, NULL, 1, '1000', '2025-05-06 11:26:46', '2025-05-06 11:26:46'),
(1123, 419, 5, 51, 0, NULL, '2025-05-06 11:26:46', '2025-05-06 11:26:46'),
(1124, 419, 6, NULL, 1, '5', '2025-05-06 11:26:46', '2025-05-06 11:26:46'),
(1125, 419, 1, NULL, 1, '5', '2025-05-06 11:26:46', '2025-05-06 11:26:46'),
(1126, 419, 503, 1103, 0, NULL, '2025-05-06 11:26:46', '2025-05-06 11:26:46');

-- --------------------------------------------------------

--
-- بنية الجدول `advertisement_expirations`
--

CREATE TABLE `advertisement_expirations` (
  `id` bigint UNSIGNED NOT NULL,
  `days` int UNSIGNED NOT NULL DEFAULT '1',
  `count_image` int UNSIGNED NOT NULL DEFAULT '1',
  `created_at` timestamp NULL DEFAULT NULL,
  `updated_at` timestamp NULL DEFAULT NULL
) ENGINE=InnoDB DEFAULT CHARSET=utf8mb4 COLLATE=utf8mb4_unicode_ci;

--
-- إرجاع أو استيراد بيانات الجدول `advertisement_expirations`
--

INSERT INTO `advertisement_expirations` (`id`, `days`, `count_image`, `created_at`, `updated_at`) VALUES
(1, 29, 20, NULL, '2024-03-04 11:42:43');

-- --------------------------------------------------------

--
-- بنية الجدول `advertisement_fees`
--

CREATE TABLE `advertisement_fees` (
  `id` bigint UNSIGNED NOT NULL,
  `fees` double(8,2) NOT NULL,
  `created_at` timestamp NULL DEFAULT NULL,
  `updated_at` timestamp NULL DEFAULT NULL
) ENGINE=InnoDB DEFAULT CHARSET=utf8mb4 COLLATE=utf8mb4_unicode_ci;

--
-- إرجاع أو استيراد بيانات الجدول `advertisement_fees`
--

INSERT INTO `advertisement_fees` (`id`, `fees`, `created_at`, `updated_at`) VALUES
(1, 10.00, NULL, '2023-12-24 10:17:12');

-- --------------------------------------------------------

--
-- بنية الجدول `advertisement_images`
--

CREATE TABLE `advertisement_images` (
  `id` bigint UNSIGNED NOT NULL,
  `ad_id` bigint UNSIGNED DEFAULT NULL,
  `image` varchar(255) CHARACTER SET utf8mb4 COLLATE utf8mb4_unicode_ci DEFAULT NULL,
  `created_at` timestamp NULL DEFAULT NULL,
  `updated_at` timestamp NULL DEFAULT NULL
) ENGINE=InnoDB DEFAULT CHARSET=utf8mb4 COLLATE=utf8mb4_unicode_ci;

--
-- إرجاع أو استيراد بيانات الجدول `advertisement_images`
--

INSERT INTO `advertisement_images` (`id`, `ad_id`, `image`, `created_at`, `updated_at`) VALUES
(811, 387, '17115464325405369jpg', '2024-03-27 13:33:52', '2024-03-27 13:33:52'),
(812, 387, '17115464321154160jpg', '2024-03-27 13:33:52', '2024-03-27 13:33:52'),
(813, 388, '17115475402770669jpg', '2024-03-27 13:52:20', '2024-03-27 13:52:20'),
(815, 390, '17118773348869291jpg', '2024-03-31 09:28:54', '2024-03-31 09:28:54'),
(816, 391, '17118775082540674jpg', '2024-03-31 09:31:48', '2024-03-31 09:31:48'),
(817, 391, '17118775085373778jpg', '2024-03-31 09:31:48', '2024-03-31 09:31:48'),
(818, 392, '17118779524114912jpg', '2024-03-31 09:39:12', '2024-03-31 09:39:12'),
(819, 393, '17125720163331428jpg', '2024-04-08 10:26:56', '2024-04-08 10:26:56'),
(821, 395, '17125820746733942jpg', '2024-04-08 13:14:34', '2024-04-08 13:14:34'),
(822, 396, '17125849873249063jpg', '2024-04-08 14:03:07', '2024-04-08 14:03:07'),
(823, 397, '17125897078466947jpg', '2024-04-08 15:21:47', '2024-04-08 15:21:47'),
(824, 398, '17125909358846085jpg', '2024-04-08 15:42:15', '2024-04-08 15:42:15'),
(825, 399, '17125925336012565jpg', '2024-04-08 16:08:53', '2024-04-08 16:08:53'),
(827, 401, '17131430268744481jpg', '2024-04-15 01:03:46', '2024-04-15 01:03:46'),
(828, 402, '17156927513457016jpg', '2024-05-14 13:19:11', '2024-05-14 13:19:11'),
(829, 403, '17156932196499189jpg', '2024-05-14 13:26:59', '2024-05-14 13:26:59'),
(830, 404, '17156932537659291jpg', '2024-05-14 13:27:33', '2024-05-14 13:27:33'),
(831, 405, '17161103884284648jpg', '2024-05-19 09:19:48', '2024-05-19 09:19:48'),
(832, 406, '17161107433706237jpg', '2024-05-19 09:25:43', '2024-05-19 09:25:43'),
(833, 407, '17162797412121219jpg', '2024-05-21 08:22:21', '2024-05-21 08:22:21'),
(834, 408, '17162798724642048jpg', '2024-05-21 08:24:32', '2024-05-21 08:24:32'),
(835, 409, '17162799657456852jpg', '2024-05-21 08:26:05', '2024-05-21 08:26:05'),
(836, 410, '17162800338840399jpg', '2024-05-21 08:27:13', '2024-05-21 08:27:13'),
(837, 411, '17162804153120938jpg', '2024-05-21 08:33:35', '2024-05-21 08:33:35'),
(838, 412, '17191912485557902jpg', '2024-06-24 01:07:28', '2024-06-24 01:07:28'),
(839, 413, '17194007304886857jpg', '2024-06-26 11:18:50', '2024-06-26 11:18:50'),
(840, 413, '17194007302799540jpg', '2024-06-26 11:18:50', '2024-06-26 11:18:50'),
(841, 414, '17201736969396778jpg', '2024-07-05 10:01:36', '2024-07-05 10:01:36'),
(842, 414, '17201736967488864jpg', '2024-07-05 10:01:36', '2024-07-05 10:01:36'),
(843, 414, '17201736967270112jpg', '2024-07-05 10:01:36', '2024-07-05 10:01:36'),
(844, 415, '17344403293349989jpg', '2024-12-17 12:58:49', '2024-12-17 12:58:49'),
(845, 416, '17353966594714135jpg', '2024-12-28 14:37:39', '2024-12-28 14:37:39'),
(846, 416, '17353966591371829jpg', '2024-12-28 14:37:39', '2024-12-28 14:37:39'),
(847, 417, '17463544566893518png', '2025-05-04 10:27:36', '2025-05-04 10:27:36'),
(848, 418, '17465165005036468png', '2025-05-06 07:28:20', '2025-05-06 07:28:20'),
(849, 418, '17465165007805362png', '2025-05-06 07:28:20', '2025-05-06 07:28:20'),
(850, 419, '17465308062028370png', '2025-05-06 11:26:46', '2025-05-06 11:26:46');

-- --------------------------------------------------------

--
-- بنية الجدول `advertisement_types`
--

CREATE TABLE `advertisement_types` (
  `id` bigint UNSIGNED NOT NULL,
  `name_ar` varchar(255) CHARACTER SET utf8mb4 COLLATE utf8mb4_unicode_ci DEFAULT NULL,
  `name_en` varchar(255) CHARACTER SET utf8mb4 COLLATE utf8mb4_unicode_ci DEFAULT NULL,
  `created_at` timestamp NULL DEFAULT NULL,
  `updated_at` timestamp NULL DEFAULT NULL
) ENGINE=InnoDB DEFAULT CHARSET=utf8mb4 COLLATE=utf8mb4_unicode_ci;

--
-- إرجاع أو استيراد بيانات الجدول `advertisement_types`
--

INSERT INTO `advertisement_types` (`id`, `name_ar`, `name_en`, `created_at`, `updated_at`) VALUES
(5, 'بيع', 'Sell', '2023-07-04 02:50:54', '2023-07-04 02:50:54');

-- --------------------------------------------------------

--
-- بنية الجدول `attributes`
--

CREATE TABLE `attributes` (
  `id` bigint UNSIGNED NOT NULL,
  `name_en` varchar(255) CHARACTER SET utf8mb4 COLLATE utf8mb4_unicode_ci DEFAULT NULL,
  `name_ar` varchar(255) CHARACTER SET utf8mb4 COLLATE utf8mb4_unicode_ci DEFAULT NULL,
  `icon` varchar(255) CHARACTER SET utf8mb4 COLLATE utf8mb4_unicode_ci DEFAULT NULL,
  `type` tinyint UNSIGNED DEFAULT NULL COMMENT '0: multichoice, 1: number value, 2: text value',
  `subcat_id` bigint UNSIGNED DEFAULT NULL,
  `created_at` timestamp NULL DEFAULT NULL,
  `updated_at` timestamp NULL DEFAULT NULL
) ENGINE=InnoDB DEFAULT CHARSET=utf8mb4 COLLATE=utf8mb4_unicode_ci;

--
-- إرجاع أو استيراد بيانات الجدول `attributes`
--

INSERT INTO `attributes` (`id`, `name_en`, `name_ar`, `icon`, `type`, `subcat_id`, `created_at`, `updated_at`) VALUES
(1, 'Number of bed rooms', 'عدد غرف النوم', '1634122929.png', 1, 1, '2021-09-29 06:23:42', '2021-10-18 10:41:34'),
(2, 'Floors number', 'عدد الطوابق', '1634739992.png', 0, 2, '2021-09-29 06:23:42', '2021-10-20 14:26:32'),
(5, 'Finish', 'تشطيب', NULL, 0, 1, '2021-10-18 10:44:41', '2021-10-18 10:53:24'),
(6, 'Bathrooms Number', 'عدد الحمامات', '1634739883.png', 1, 1, '2021-10-20 14:24:43', '2021-10-20 14:24:43'),
(7, 'Area', 'المساحة', '1634739926.png', 1, 1, '2021-10-20 14:25:26', '2021-10-20 14:25:26'),
(11, 'Car Model', 'موديل السيارة', NULL, 0, 6, '2021-11-01 11:12:39', '2021-11-01 11:12:39'),
(22, 'Shop Space in Meter', 'المساحة بالمتر  المربع', NULL, 1, 10, '2021-11-22 10:34:21', '2021-11-22 10:35:28'),
(43, 'Color', 'اللون', NULL, 2, 6, '2021-12-09 08:37:27', '2021-12-09 08:37:27'),
(44, 'Year of Manufacture', 'سنة الصنع', NULL, 1, 6, '2021-12-09 08:37:51', '2021-12-09 08:37:51'),
(45, 'Car Mileage', 'الكيلومترات المقطوعة', NULL, 1, 6, '2021-12-09 08:38:20', '2021-12-09 08:38:20'),
(46, 'Car Condition', 'حالة السيارة', NULL, 0, 6, '2021-12-09 08:39:24', '2021-12-09 08:39:24'),
(47, 'GEARBOX', 'ناقل الحركة', NULL, 0, 6, '2021-12-09 08:40:21', '2021-12-09 08:40:21'),
(48, 'Color', 'اللون', NULL, 2, 14, '2021-12-09 08:56:04', '2021-12-09 08:56:04'),
(49, 'Year of Manufacture', 'سنة الصنع', NULL, 1, 14, '2021-12-09 08:56:25', '2021-12-12 05:40:59'),
(50, 'Car Model', 'موديل السيارة', NULL, 0, 14, '2021-12-09 08:56:50', '2021-12-09 08:56:50'),
(51, 'Car Mileage', 'الكيلومترات المقطوعة', NULL, 1, 14, '2021-12-09 08:57:16', '2021-12-09 08:57:16'),
(52, 'Car Condition', 'حالة السيارة', NULL, 0, 14, '2021-12-09 08:57:35', '2021-12-09 08:57:35'),
(53, 'GEARBOX', 'ناقل الحركة', NULL, 0, 14, '2021-12-09 08:58:32', '2021-12-09 08:58:32'),
(72, 'Car Model', 'موديل السيارة', NULL, 0, 18, '2021-12-12 06:22:05', '2021-12-12 06:22:05'),
(73, 'Car Condition', 'حالة السيارة', NULL, 0, 18, '2021-12-12 06:23:24', '2021-12-12 06:23:24'),
(74, 'Year of Manufacture', 'سنة الصنع', NULL, 1, 18, '2021-12-12 06:24:25', '2021-12-12 06:24:25'),
(75, 'GEARBOX', 'ناقل الحركة', NULL, 0, 18, '2021-12-12 06:24:41', '2021-12-12 06:24:41'),
(76, 'Car Mileage', 'الكيلومترات المقطوعة', NULL, 1, 18, '2021-12-12 06:25:42', '2021-12-12 06:25:42'),
(77, 'Color', 'اللون', NULL, 2, 18, '2021-12-12 06:26:01', '2021-12-12 06:26:01'),
(102, 'Car Model', 'موديل السيارة', NULL, 0, 23, '2021-12-12 08:27:14', '2021-12-12 08:27:14'),
(103, 'Car Condition', 'حالة السيارة', NULL, 0, 23, '2021-12-12 08:27:27', '2021-12-12 08:27:27'),
(104, 'Year of Manufacture', 'سنة الصنع', NULL, 1, 23, '2021-12-12 08:28:14', '2021-12-12 08:28:14'),
(105, 'GEARBOX', 'ناقل الحركة', NULL, 0, 23, '2021-12-12 08:28:32', '2021-12-12 08:28:32'),
(106, 'Car Mileage', 'الكيلومترات المقطوعة', NULL, 1, 23, '2021-12-12 08:29:26', '2021-12-12 08:29:26'),
(107, 'Color', 'اللون', NULL, 2, 23, '2021-12-12 08:29:44', '2021-12-12 08:29:44'),
(126, 'Car Model', 'موديل السيارة', NULL, 0, 27, '2021-12-12 10:47:40', '2021-12-12 10:47:40'),
(127, 'Car Condition', 'حالة السيارة', NULL, 0, 27, '2021-12-12 10:47:53', '2021-12-12 10:47:53'),
(128, 'Year of Manufacture', 'سنة الصنع', NULL, 1, 27, '2021-12-12 10:48:48', '2021-12-12 10:48:48'),
(129, 'GEARBOX', 'ناقل الحركة', NULL, 0, 27, '2021-12-12 10:49:03', '2021-12-12 10:49:03'),
(130, 'Car Mileage', 'الكيلومترات المقطوعة', NULL, 1, 27, '2021-12-12 10:49:47', '2021-12-12 10:49:47'),
(131, 'Color', 'اللون', NULL, 2, 27, '2021-12-12 10:50:01', '2021-12-12 10:50:01'),
(156, 'Car Model', 'موديل السيارة', NULL, 0, 32, '2021-12-12 11:59:16', '2021-12-12 11:59:16'),
(157, 'Car Condition', 'حالة السيارة', NULL, 0, 32, '2021-12-12 11:59:32', '2021-12-12 11:59:32'),
(158, 'Year of Manufacture', 'سنة الصنع', NULL, 1, 32, '2021-12-12 12:00:24', '2021-12-12 12:00:24'),
(159, 'GEARBOX', 'ناقل الحركة', NULL, 0, 32, '2021-12-12 12:00:39', '2021-12-12 12:00:39'),
(160, 'Car Mileage', 'الكيلومترات المقطوعة', NULL, 1, 32, '2021-12-12 12:01:21', '2021-12-12 12:01:21'),
(161, 'Color', 'اللون', NULL, 2, 32, '2021-12-12 12:01:37', '2021-12-12 12:01:37'),
(175, 'Car Model', 'موديل السيارة', NULL, 0, 35, '2021-12-13 06:17:40', '2021-12-13 06:17:40'),
(176, 'Car Condition', 'حالة السيارة', NULL, 0, 35, '2021-12-13 06:17:56', '2021-12-13 06:17:56'),
(177, 'Year of Manufacture', 'سنة الصنع', NULL, 1, 35, '2021-12-13 06:18:44', '2021-12-13 06:18:44'),
(178, 'GEARBOX', 'ناقل الحركة', NULL, 0, 35, '2021-12-13 06:18:59', '2021-12-13 06:18:59'),
(179, 'Car Mileage', 'الكيلومترات المقطوعة', NULL, 1, 35, '2021-12-13 06:19:38', '2021-12-13 06:19:38'),
(180, 'Color', 'اللون', NULL, 2, 35, '2021-12-13 06:19:54', '2021-12-13 06:19:54'),
(181, 'Car Model', 'موديل السيارة', NULL, 0, 36, '2021-12-13 06:23:53', '2021-12-13 06:23:53'),
(182, 'Car Condition', 'حالة السيارة', NULL, 0, 36, '2021-12-13 06:24:08', '2021-12-13 06:24:08'),
(183, 'Year of Manufacture', 'سنة الصنع', NULL, 1, 36, '2021-12-13 06:24:51', '2021-12-13 06:24:51'),
(184, 'GEARBOX', 'ناقل الحركة', NULL, 0, 36, '2021-12-13 06:25:06', '2021-12-13 06:25:06'),
(185, 'Car Mileage', 'الكيلومترات المقطوعة', NULL, 1, 36, '2021-12-13 06:25:54', '2021-12-13 06:25:54'),
(186, 'Color', 'اللون', NULL, 2, 36, '2021-12-13 06:26:09', '2021-12-13 06:26:09'),
(187, 'Car Model', 'موديل السيارة', NULL, 0, 37, '2021-12-13 06:35:11', '2021-12-13 06:35:11'),
(188, 'Car Condition', 'حالة السيارة', NULL, 0, 37, '2021-12-13 06:35:25', '2021-12-13 06:35:25'),
(189, 'Year of Manufacture', 'سنة الصنع', NULL, 1, 37, '2021-12-13 06:35:50', '2021-12-13 06:35:50'),
(190, 'GEARBOX', 'ناقل الحركة', NULL, 0, 37, '2021-12-13 06:36:38', '2021-12-13 06:36:38'),
(191, 'Car Mileage', 'الكيلومترات المقطوعة', NULL, 1, 37, '2021-12-13 06:37:24', '2021-12-13 06:37:24'),
(192, 'Color', 'اللون', NULL, 2, 37, '2021-12-13 06:37:44', '2021-12-13 06:37:44'),
(205, 'Car Model', 'موديل السيارة', NULL, 0, 40, '2021-12-13 06:53:34', '2021-12-13 06:53:34'),
(206, 'Car Condition', 'حالة السيارة', NULL, 0, 40, '2021-12-13 06:53:47', '2021-12-13 06:53:47'),
(207, 'Year of Manufacture', 'سنة الصنع', NULL, 1, 40, '2021-12-13 06:54:35', '2021-12-13 06:54:35'),
(208, 'GEARBOX', 'ناقل الحركة', NULL, 0, 40, '2021-12-13 06:54:55', '2021-12-13 06:54:55'),
(209, 'Car Mileage', 'الكيلومترات المقطوعة', NULL, 1, 40, '2021-12-13 06:55:34', '2021-12-13 06:55:34'),
(210, 'Color', 'اللون', NULL, 2, 40, '2021-12-13 06:55:47', '2021-12-13 06:55:47'),
(217, 'Car Model', 'موديل السيارة', NULL, 0, 42, '2021-12-13 07:56:29', '2021-12-13 07:56:29'),
(218, 'Car Condition', 'حالة السيارة', NULL, 0, 42, '2021-12-13 07:56:44', '2021-12-13 07:56:44'),
(219, 'Year of Manufacture', 'سنة الصنع', NULL, 1, 42, '2021-12-13 07:57:31', '2021-12-13 07:57:31'),
(220, 'GEARBOX', 'ناقل الحركة', NULL, 0, 42, '2021-12-13 07:57:49', '2021-12-13 07:57:49'),
(221, 'Car Mileage', 'الكيلومترات المقطوعة', NULL, 1, 42, '2021-12-13 07:58:28', '2021-12-13 07:58:28'),
(222, 'Color', 'اللون', NULL, 2, 42, '2021-12-13 07:58:43', '2021-12-13 07:58:43'),
(265, 'Car Model', 'موديل السيارة', NULL, 0, 50, '2021-12-13 10:24:07', '2021-12-13 10:24:07'),
(266, 'Car Condition', 'حالة السيارة', NULL, 0, 50, '2021-12-13 10:24:28', '2021-12-13 10:24:28'),
(267, 'Year of Manufacture', 'سنة الصنع', NULL, 1, 50, '2021-12-13 10:25:14', '2021-12-13 10:25:14'),
(268, 'GEARBOX', 'ناقل الحركة', NULL, 0, 50, '2021-12-13 10:25:30', '2021-12-13 10:25:30'),
(269, 'Car Mileage', 'الكيلومترات المقطوعة', NULL, 1, 50, '2021-12-13 10:26:18', '2021-12-13 10:26:18'),
(270, 'Color', 'اللون', NULL, 2, 50, '2021-12-13 10:26:33', '2021-12-13 10:26:33'),
(320, 'Car Model', 'موديل السيارة', NULL, 0, 59, '2021-12-13 11:20:54', '2021-12-13 11:20:54'),
(321, 'Car Condition', 'حالة السيارة', NULL, 0, 59, '2021-12-13 11:21:11', '2021-12-13 11:21:11'),
(322, 'Year of Manufacture', 'سنة الصنع', NULL, 1, 59, '2021-12-13 11:22:20', '2021-12-13 11:22:20'),
(323, 'GEARBOX', 'ناقل الحركة', NULL, 0, 59, '2021-12-13 11:22:39', '2021-12-13 11:22:39'),
(324, 'Car Mileage', 'الكيلومترات المقطوعة', NULL, 1, 59, '2021-12-13 11:23:41', '2021-12-13 11:23:41'),
(325, 'Color', 'اللون', NULL, 2, 59, '2021-12-13 11:23:57', '2021-12-13 11:23:57'),
(350, 'Car Model', 'موديل السيارة', NULL, 0, 64, '2021-12-13 11:48:48', '2021-12-13 11:48:48'),
(351, 'Car Condition', 'حالة السيارة', NULL, 0, 64, '2021-12-13 11:49:00', '2021-12-13 11:49:00'),
(352, 'Year of Manufacture', 'سنة الصنع', NULL, 1, 64, '2021-12-13 11:49:36', '2021-12-13 11:49:36'),
(353, 'GEARBOX', 'ناقل الحركة', NULL, 0, 64, '2021-12-13 11:49:53', '2021-12-13 11:49:53'),
(354, 'Car Mileage', 'الكيلومترات المقطوعة', NULL, 1, 64, '2021-12-13 11:50:35', '2021-12-13 11:50:35'),
(355, 'Color', 'اللون', NULL, 2, 64, '2021-12-13 11:50:48', '2021-12-13 11:50:48'),
(500, 'Bed Rooms Number', 'عدد غرف النوم', '1639638986.png', 1, 89, '2021-12-16 07:12:45', '2021-12-16 07:16:26'),
(501, 'Bathroom Number', 'عدد الحمامات', '1639639041.png', 1, 89, '2021-12-16 07:17:21', '2021-12-16 07:17:21'),
(502, 'Area', 'المساحة', '1639639082.png', 1, 89, '2021-12-16 07:18:02', '2021-12-16 07:18:02'),
(503, 'Furniture', 'الفرش', '1639640714.png', 0, 1, '2021-12-16 07:39:43', '2021-12-16 07:45:14'),
(504, 'Furniture', 'الفرش', '1639640569.png', 0, 89, '2021-12-16 07:42:49', '2021-12-16 07:42:49'),
(505, 'Number Of Apartments', 'عدد الشقق', NULL, 1, 2, '2021-12-16 10:18:08', '2021-12-16 10:18:08');

-- --------------------------------------------------------

--
-- بنية الجدول `bank_accounts`
--

CREATE TABLE `bank_accounts` (
  `id` bigint UNSIGNED NOT NULL,
  `bank_name` varchar(255) CHARACTER SET utf8mb4 COLLATE utf8mb4_unicode_ci DEFAULT NULL,
  `account_name` varchar(255) CHARACTER SET utf8mb4 COLLATE utf8mb4_unicode_ci DEFAULT NULL,
  `account_number` varchar(255) CHARACTER SET utf8mb4 COLLATE utf8mb4_unicode_ci DEFAULT NULL,
  `iban` varchar(255) CHARACTER SET utf8mb4 COLLATE utf8mb4_unicode_ci DEFAULT NULL,
  `image` varchar(255) CHARACTER SET utf8mb4 COLLATE utf8mb4_unicode_ci DEFAULT NULL,
  `created_at` timestamp NULL DEFAULT NULL,
  `updated_at` timestamp NULL DEFAULT NULL
) ENGINE=MyISAM DEFAULT CHARSET=utf8mb4 COLLATE=utf8mb4_unicode_ci;

--
-- إرجاع أو استيراد بيانات الجدول `bank_accounts`
--

INSERT INTO `bank_accounts` (`id`, `bank_name`, `account_name`, `account_number`, `iban`, `image`, `created_at`, `updated_at`) VALUES
(1, 'العربى', 'trades', '1222223333355', 'su444444445555', NULL, NULL, NULL),
(2, 'بنك الرياض', 'trades', '2222222222222222222', '5555555555555555555', NULL, NULL, NULL);

-- --------------------------------------------------------

--
-- بنية الجدول `categories`
--

CREATE TABLE `categories` (
  `id` bigint UNSIGNED NOT NULL,
  `name_ar` varchar(255) CHARACTER SET utf8mb4 COLLATE utf8mb4_unicode_ci DEFAULT NULL,
  `name_en` varchar(255) CHARACTER SET utf8mb4 COLLATE utf8mb4_unicode_ci DEFAULT NULL,
  `sorting` int DEFAULT NULL,
  `type_name_ar` varchar(255) CHARACTER SET utf8mb4 COLLATE utf8mb4_unicode_ci DEFAULT NULL,
  `type_name_en` varchar(255) CHARACTER SET utf8mb4 COLLATE utf8mb4_unicode_ci DEFAULT NULL,
  `details_name_ar` varchar(255) CHARACTER SET utf8mb4 COLLATE utf8mb4_unicode_ci DEFAULT NULL,
  `details_name_en` varchar(255) CHARACTER SET utf8mb4 COLLATE utf8mb4_unicode_ci DEFAULT NULL,
  `image` varchar(255) CHARACTER SET utf8mb4 COLLATE utf8mb4_unicode_ci DEFAULT NULL,
  `icon` varchar(255) CHARACTER SET utf8mb4 COLLATE utf8mb4_unicode_ci DEFAULT NULL,
  `created_at` timestamp NULL DEFAULT NULL,
  `updated_at` timestamp NULL DEFAULT NULL
) ENGINE=InnoDB DEFAULT CHARSET=utf8mb4 COLLATE=utf8mb4_unicode_ci;

--
-- إرجاع أو استيراد بيانات الجدول `categories`
--

INSERT INTO `categories` (`id`, `name_ar`, `name_en`, `sorting`, `type_name_ar`, `type_name_en`, `details_name_ar`, `details_name_en`, `image`, `icon`, `created_at`, `updated_at`) VALUES
(1, 'عقارات', 'Real Estates', 1, 'نوع العقار', 'Real estates type', 'شقة للبيع - اطلالة نيليه .....', 'Apartment for sale - nile view ....', '17131876504760592png', '17131876517892193png', '2021-09-29 06:23:41', '2024-04-15 13:27:31'),
(2, 'سيارات', 'Cars', 2, 'ماركة السيارة', 'Car Brand', 'سيارة للبيع - بحالة جيدة ...', 'Car for sale - good condition....', '17131879094719044png', '17131879098841712png', '2021-09-29 06:23:41', '2024-04-15 13:31:49'),
(7, 'الأثاث والديكور', 'Furniture', 3, 'نوع الاثاث', 'Furniture type', 'اريكة بحال جيدة.....', 'Sofa in good condition', '17131877041408332png', '17131877048606663png', '2023-06-27 10:58:29', '2024-04-15 13:28:24'),
(8, 'حيوانات', 'Animals', 4, 'حيوانات', 'Animals', 'حيوانات', 'Animals', '17131880957386145png', '17131880952968125png', '2023-07-03 11:30:54', '2024-04-15 13:34:55'),
(9, 'ملابس', 'Clothes', 5, 'ملابس', 'Clothes', 'قسم', 'Clothes', '17131880118223874png', '17131880115102403png', '2023-07-03 11:31:52', '2024-04-15 13:33:31'),
(11, 'معدات', 'Equipments', 6, 'معدات', 'Equipments', 'معدات', 'Equipments', '1696161712Group 202@2x.png', '1696161713Group 202@2x.png', '2023-07-03 11:35:14', '2024-12-28 15:04:58'),
(14, 'العطور و العود', 'Perfumes and oud', 9, 'العطور و العود', 'Perfumes and oud', 'العطور و العود', 'Perfumes and oud', '17139477758707686png', '17139477751108436png', '2023-08-28 09:36:12', '2024-04-24 08:36:15'),
(29, 'خدمات عامة', 'General services', 8, 'خدمات عامة', 'General services', 'خدمات عامة', 'General services', '17353985209122476png', '17353985207231143png', '2024-12-28 15:08:40', '2024-12-28 15:08:40'),
(30, 'اجهزة', 'Devices', 9, 'اجهزة', 'Devices', 'اجهزة', 'Devices', '17353987502692276png', '17353987501159413png', '2024-12-28 15:12:30', '2024-12-28 15:12:30'),
(31, 'معدات طبية', 'Medical equipment', 4, 'نوع المعدة', 'Equipment type', 'تفاصيل المعدة', 'Equipment details...', '17353992284384088png', '17353992284637753png', '2024-12-28 15:20:28', '2024-12-28 15:20:28'),
(32, 'كتب', 'Books', 5, 'اسم الكتاب', 'Book type', 'تفاصيل الكتاب....', 'Book details...', '17353993889896240png', '17353993888499133png', '2024-12-28 15:23:08', '2024-12-28 15:23:08');

-- --------------------------------------------------------

--
-- بنية الجدول `chats`
--

CREATE TABLE `chats` (
  `id` bigint UNSIGNED NOT NULL,
  `sender_id` bigint UNSIGNED DEFAULT NULL,
  `receiver_id` bigint UNSIGNED DEFAULT NULL,
  `created_at` timestamp NULL DEFAULT NULL,
  `updated_at` timestamp NULL DEFAULT NULL
) ENGINE=InnoDB DEFAULT CHARSET=utf8mb4 COLLATE=utf8mb4_unicode_ci;

--
-- إرجاع أو استيراد بيانات الجدول `chats`
--

INSERT INTO `chats` (`id`, `sender_id`, `receiver_id`, `created_at`, `updated_at`) VALUES
(44, 105, 106, '2024-04-01 10:10:53', '2024-04-01 10:10:53'),
(45, 108, 105, '2024-04-08 13:08:57', '2024-04-08 13:08:57'),
(46, 122, 121, '2025-03-21 01:45:46', '2025-03-21 01:45:46'),
(47, 129, 121, '2025-05-06 09:15:43', '2025-05-06 09:15:43'),
(48, 130, 121, '2025-05-06 11:12:27', '2025-05-06 11:12:27'),
(49, 130, 108, '2025-05-06 11:13:04', '2025-05-06 11:13:04'),
(50, 114, 130, '2025-05-06 11:30:22', '2025-05-06 11:30:22');

-- --------------------------------------------------------

--
-- بنية الجدول `contact_us`
--

CREATE TABLE `contact_us` (
  `id` bigint UNSIGNED NOT NULL,
  `count_ads_latest` int NOT NULL DEFAULT '2' COMMENT 'limit return Advertisements latest in app',
  `financing_request` tinyint(1) NOT NULL DEFAULT '1' COMMENT '1 => Receiving a financing request\r\n\r\n0 => not Receiving a financing request',
  `phone` varchar(100) CHARACTER SET utf8mb4 COLLATE utf8mb4_unicode_ci DEFAULT NULL,
  `website` varchar(100) CHARACTER SET utf8mb4 COLLATE utf8mb4_unicode_ci DEFAULT NULL,
  `email` varchar(100) CHARACTER SET utf8mb4 COLLATE utf8mb4_unicode_ci DEFAULT NULL,
  `complaint_email` varchar(100) CHARACTER SET utf8mb4 COLLATE utf8mb4_unicode_ci DEFAULT NULL,
  `suggestions_email` varchar(191) CHARACTER SET utf8mb4 COLLATE utf8mb4_unicode_ci DEFAULT NULL,
  `link_banner` varchar(255) CHARACTER SET utf8mb4 COLLATE utf8mb4_unicode_ci DEFAULT NULL,
  `image_banner` varchar(255) CHARACTER SET utf8mb4 COLLATE utf8mb4_unicode_ci DEFAULT NULL,
  `twitter` varchar(255) CHARACTER SET utf8mb4 COLLATE utf8mb4_unicode_ci DEFAULT NULL,
  `snap_chat` varchar(255) CHARACTER SET utf8mb4 COLLATE utf8mb4_unicode_ci DEFAULT NULL,
  `tik_tok` varchar(255) CHARACTER SET utf8mb4 COLLATE utf8mb4_unicode_ci DEFAULT NULL,
  `instagram` varchar(255) CHARACTER SET utf8mb4 COLLATE utf8mb4_unicode_ci DEFAULT NULL,
  `facebook` varchar(255) CHARACTER SET utf8mb4 COLLATE utf8mb4_unicode_ci DEFAULT NULL,
  `created_at` timestamp NULL DEFAULT NULL,
  `updated_at` timestamp NULL DEFAULT NULL
) ENGINE=InnoDB DEFAULT CHARSET=utf8mb4 COLLATE=utf8mb4_unicode_ci;

--
-- إرجاع أو استيراد بيانات الجدول `contact_us`
--

INSERT INTO `contact_us` (`id`, `count_ads_latest`, `financing_request`, `phone`, `website`, `email`, `complaint_email`, `suggestions_email`, `link_banner`, `image_banner`, `twitter`, `snap_chat`, `tik_tok`, `instagram`, `facebook`, `created_at`, `updated_at`) VALUES
(1, 5, 0, '01007450245', 'https://www.trades.com/ar', 'Info@trades.com', 'Info@trades.com', 'Info@trades.com', 'https://www.trades.com/ar', '17120529315206414png', 'trades', 'trades', NULL, NULL, NULL, '2021-09-29 06:23:43', '2024-05-22 11:46:53');

-- --------------------------------------------------------

--
-- بنية الجدول `countries`
--

CREATE TABLE `countries` (
  `id` bigint UNSIGNED NOT NULL,
  `name_ar` varchar(255) CHARACTER SET utf8mb4 COLLATE utf8mb4_unicode_ci DEFAULT NULL,
  `name_en` varchar(255) CHARACTER SET utf8mb4 COLLATE utf8mb4_unicode_ci DEFAULT NULL,
  `created_at` timestamp NULL DEFAULT NULL,
  `updated_at` timestamp NULL DEFAULT NULL
) ENGINE=InnoDB DEFAULT CHARSET=utf8mb4 COLLATE=utf8mb4_unicode_ci;

--
-- إرجاع أو استيراد بيانات الجدول `countries`
--

INSERT INTO `countries` (`id`, `name_ar`, `name_en`, `created_at`, `updated_at`) VALUES
(8, 'مصر', 'Egypt', '2021-11-10 18:41:51', '2023-08-24 12:17:43'),
(9, 'السعودية', 'Saudi Arabia', '2023-06-03 13:24:13', '2023-06-03 13:24:13');

-- --------------------------------------------------------

--
-- بنية الجدول `country`
--

CREATE TABLE `country` (
  `id` int NOT NULL,
  `iso` varchar(255) DEFAULT NULL,
  `name` varchar(255) DEFAULT NULL,
  `nicename` varchar(255) DEFAULT NULL,
  `iso3` varchar(255) DEFAULT NULL,
  `numcode` varchar(255) DEFAULT NULL,
  `phonecode` varchar(255) DEFAULT NULL
) ENGINE=InnoDB DEFAULT CHARSET=latin1;

--
-- إرجاع أو استيراد بيانات الجدول `country`
--

INSERT INTO `country` (`id`, `iso`, `name`, `nicename`, `iso3`, `numcode`, `phonecode`) VALUES
(1, 'SA', 'SAUDI ARABIA', 'Saudi Arabia', 'SAU', '682', '966'),
(2, 'EG', 'EGYPT', 'Egypt', 'EGY', '818', '20'),
(3, 'DZ', 'ALGERIA', 'Algeria', 'DZA', '12', '213'),
(4, 'AS', 'AMERICAN SAMOA', 'American Samoa', 'ASM', '16', '1684'),
(5, 'AD', 'ANDORRA', 'Andorra', 'AND', '20', '376'),
(6, 'AO', 'ANGOLA', 'Angola', 'AGO', '24', '244'),
(7, 'AI', 'ANGUILLA', 'Anguilla', 'AIA', '660', '1264'),
(8, 'AQ', 'ANTARCTICA', 'Antarctica', NULL, NULL, '0'),
(9, 'AG', 'ANTIGUA AND BARBUDA', 'Antigua and Barbuda', 'ATG', '28', '1268'),
(10, 'AR', 'ARGENTINA', 'Argentina', 'ARG', '32', '54'),
(11, 'AM', 'ARMENIA', 'Armenia', 'ARM', '51', '374'),
(12, 'AW', 'ARUBA', 'Aruba', 'ABW', '533', '297'),
(13, 'AU', 'AUSTRALIA', 'Australia', 'AUS', '36', '61'),
(14, 'AT', 'AUSTRIA', 'Austria', 'AUT', '40', '43'),
(15, 'AZ', 'AZERBAIJAN', 'Azerbaijan', 'AZE', '31', '994'),
(16, 'BS', 'BAHAMAS', 'Bahamas', 'BHS', '44', '1242'),
(17, 'BH', 'BAHRAIN', 'Bahrain', 'BHR', '48', '973'),
(18, 'BD', 'BANGLADESH', 'Bangladesh', 'BGD', '50', '880'),
(19, 'BB', 'BARBADOS', 'Barbados', 'BRB', '52', '1246'),
(20, 'BY', 'BELARUS', 'Belarus', 'BLR', '112', '375'),
(21, 'BE', 'BELGIUM', 'Belgium', 'BEL', '56', '32'),
(22, 'BZ', 'BELIZE', 'Belize', 'BLZ', '84', '501'),
(23, 'BJ', 'BENIN', 'Benin', 'BEN', '204', '229'),
(24, 'BM', 'BERMUDA', 'Bermuda', 'BMU', '60', '1441'),
(25, 'BT', 'BHUTAN', 'Bhutan', 'BTN', '64', '975'),
(26, 'BO', 'BOLIVIA', 'Bolivia', 'BOL', '68', '591'),
(27, 'BA', 'BOSNIA AND HERZEGOVINA', 'Bosnia and Herzegovina', 'BIH', '70', '387'),
(28, 'BW', 'BOTSWANA', 'Botswana', 'BWA', '72', '267'),
(29, 'BV', 'BOUVET ISLAND', 'Bouvet Island', NULL, NULL, '0'),
(30, 'BR', 'BRAZIL', 'Brazil', 'BRA', '76', '55'),
(31, 'IO', 'BRITISH INDIAN OCEAN TERRITORY', 'British Indian Ocean Territory', NULL, NULL, '246'),
(32, 'BN', 'BRUNEI DARUSSALAM', 'Brunei Darussalam', 'BRN', '96', '673'),
(33, 'BG', 'BULGARIA', 'Bulgaria', 'BGR', '100', '359'),
(34, 'BF', 'BURKINA FASO', 'Burkina Faso', 'BFA', '854', '226'),
(35, 'BI', 'BURUNDI', 'Burundi', 'BDI', '108', '257'),
(36, 'KH', 'CAMBODIA', 'Cambodia', 'KHM', '116', '855'),
(37, 'CM', 'CAMEROON', 'Cameroon', 'CMR', '120', '237'),
(38, 'CA', 'CANADA', 'Canada', 'CAN', '124', '1'),
(39, 'CV', 'CAPE VERDE', 'Cape Verde', 'CPV', '132', '238'),
(40, 'KY', 'CAYMAN ISLANDS', 'Cayman Islands', 'CYM', '136', '1345'),
(41, 'CF', 'CENTRAL AFRICAN REPUBLIC', 'Central African Republic', 'CAF', '140', '236'),
(42, 'TD', 'CHAD', 'Chad', 'TCD', '148', '235'),
(43, 'CL', 'CHILE', 'Chile', 'CHL', '152', '56'),
(44, 'CN', 'CHINA', 'China', 'CHN', '156', '86'),
(45, 'CX', 'CHRISTMAS ISLAND', 'Christmas Island', NULL, NULL, '61'),
(46, 'CC', 'COCOS (KEELING) ISLANDS', 'Cocos (Keeling) Islands', NULL, NULL, '672'),
(47, 'CO', 'COLOMBIA', 'Colombia', 'COL', '170', '57'),
(48, 'KM', 'COMOROS', 'Comoros', 'COM', '174', '269'),
(49, 'CG', 'CONGO', 'Congo', 'COG', '178', '242'),
(50, 'CD', 'CONGO, THE DEMOCRATIC REPUBLIC OF THE', 'Congo, the Democratic Republic of the', 'COD', '180', '242'),
(51, 'CK', 'COOK ISLANDS', 'Cook Islands', 'COK', '184', '682'),
(52, 'CR', 'COSTA RICA', 'Costa Rica', 'CRI', '188', '506'),
(53, 'CI', 'COTE D\'IVOIRE', 'Cote D\'Ivoire', 'CIV', '384', '225'),
(54, 'HR', 'CROATIA', 'Croatia', 'HRV', '191', '385'),
(55, 'CU', 'CUBA', 'Cuba', 'CUB', '192', '53'),
(56, 'CY', 'CYPRUS', 'Cyprus', 'CYP', '196', '357'),
(57, 'CZ', 'CZECH REPUBLIC', 'Czech Republic', 'CZE', '203', '420'),
(58, 'DK', 'DENMARK', 'Denmark', 'DNK', '208', '45'),
(59, 'DJ', 'DJIBOUTI', 'Djibouti', 'DJI', '262', '253'),
(60, 'DM', 'DOMINICA', 'Dominica', 'DMA', '212', '1767'),
(61, 'DO', 'DOMINICAN REPUBLIC', 'Dominican Republic', 'DOM', '214', '1809'),
(62, 'EC', 'ECUADOR', 'Ecuador', 'ECU', '218', '593'),
(64, 'SV', 'EL SALVADOR', 'El Salvador', 'SLV', '222', '503'),
(65, 'GQ', 'EQUATORIAL GUINEA', 'Equatorial Guinea', 'GNQ', '226', '240'),
(66, 'ER', 'ERITREA', 'Eritrea', 'ERI', '232', '291'),
(67, 'EE', 'ESTONIA', 'Estonia', 'EST', '233', '372'),
(68, 'ET', 'ETHIOPIA', 'Ethiopia', 'ETH', '231', '251'),
(69, 'FK', 'FALKLAND ISLANDS (MALVINAS)', 'Falkland Islands (Malvinas)', 'FLK', '238', '500'),
(70, 'FO', 'FAROE ISLANDS', 'Faroe Islands', 'FRO', '234', '298'),
(71, 'FJ', 'FIJI', 'Fiji', 'FJI', '242', '679'),
(72, 'FI', 'FINLAND', 'Finland', 'FIN', '246', '358'),
(73, 'FR', 'FRANCE', 'France', 'FRA', '250', '33'),
(74, 'GF', 'FRENCH GUIANA', 'French Guiana', 'GUF', '254', '594'),
(75, 'PF', 'FRENCH POLYNESIA', 'French Polynesia', 'PYF', '258', '689'),
(76, 'TF', 'FRENCH SOUTHERN TERRITORIES', 'French Southern Territories', NULL, NULL, '0'),
(77, 'GA', 'GABON', 'Gabon', 'GAB', '266', '241'),
(78, 'GM', 'GAMBIA', 'Gambia', 'GMB', '270', '220'),
(79, 'GE', 'GEORGIA', 'Georgia', 'GEO', '268', '995'),
(80, 'DE', 'GERMANY', 'Germany', 'DEU', '276', '49'),
(81, 'GH', 'GHANA', 'Ghana', 'GHA', '288', '233'),
(82, 'GI', 'GIBRALTAR', 'Gibraltar', 'GIB', '292', '350'),
(83, 'GR', 'GREECE', 'Greece', 'GRC', '300', '30'),
(84, 'GL', 'GREENLAND', 'Greenland', 'GRL', '304', '299'),
(85, 'GD', 'GRENADA', 'Grenada', 'GRD', '308', '1473'),
(86, 'GP', 'GUADELOUPE', 'Guadeloupe', 'GLP', '312', '590'),
(87, 'GU', 'GUAM', 'Guam', 'GUM', '316', '1671'),
(88, 'GT', 'GUATEMALA', 'Guatemala', 'GTM', '320', '502'),
(89, 'GN', 'GUINEA', 'Guinea', 'GIN', '324', '224'),
(90, 'GW', 'GUINEA-BISSAU', 'Guinea-Bissau', 'GNB', '624', '245'),
(91, 'GY', 'GUYANA', 'Guyana', 'GUY', '328', '592'),
(92, 'HT', 'HAITI', 'Haiti', 'HTI', '332', '509'),
(93, 'HM', 'HEARD ISLAND AND MCDONALD ISLANDS', 'Heard Island and Mcdonald Islands', NULL, NULL, '0'),
(94, 'VA', 'HOLY SEE (VATICAN CITY STATE)', 'Holy See (Vatican City State)', 'VAT', '336', '39'),
(95, 'HN', 'HONDURAS', 'Honduras', 'HND', '340', '504'),
(96, 'HK', 'HONG KONG', 'Hong Kong', 'HKG', '344', '852'),
(97, 'HU', 'HUNGARY', 'Hungary', 'HUN', '348', '36'),
(98, 'IS', 'ICELAND', 'Iceland', 'ISL', '352', '354'),
(99, 'IN', 'INDIA', 'India', 'IND', '356', '91'),
(100, 'ID', 'INDONESIA', 'Indonesia', 'IDN', '360', '62'),
(101, 'IR', 'IRAN, ISLAMIC REPUBLIC OF', 'Iran, Islamic Republic of', 'IRN', '364', '98'),
(102, 'IQ', 'IRAQ', 'Iraq', 'IRQ', '368', '964'),
(103, 'IE', 'IRELAND', 'Ireland', 'IRL', '372', '353'),
(104, 'IL', 'ISRAEL', 'Israel', 'ISR', '376', '972'),
(105, 'IT', 'ITALY', 'Italy', 'ITA', '380', '39'),
(106, 'JM', 'JAMAICA', 'Jamaica', 'JAM', '388', '1876'),
(107, 'JP', 'JAPAN', 'Japan', 'JPN', '392', '81'),
(108, 'JO', 'JORDAN', 'Jordan', 'JOR', '400', '962'),
(109, 'KZ', 'KAZAKHSTAN', 'Kazakhstan', 'KAZ', '398', '7'),
(110, 'KE', 'KENYA', 'Kenya', 'KEN', '404', '254'),
(111, 'KI', 'KIRIBATI', 'Kiribati', 'KIR', '296', '686'),
(112, 'KP', 'KOREA, DEMOCRATIC PEOPLE\'S REPUBLIC OF', 'Korea, Democratic People\'s Republic of', 'PRK', '408', '850'),
(113, 'KR', 'KOREA, REPUBLIC OF', 'Korea, Republic of', 'KOR', '410', '82'),
(114, 'KW', 'KUWAIT', 'Kuwait', 'KWT', '414', '965'),
(115, 'KG', 'KYRGYZSTAN', 'Kyrgyzstan', 'KGZ', '417', '996'),
(116, 'LA', 'LAO PEOPLE\'S DEMOCRATIC REPUBLIC', 'Lao People\'s Democratic Republic', 'LAO', '418', '856'),
(117, 'LV', 'LATVIA', 'Latvia', 'LVA', '428', '371'),
(118, 'LB', 'LEBANON', 'Lebanon', 'LBN', '422', '961'),
(119, 'LS', 'LESOTHO', 'Lesotho', 'LSO', '426', '266'),
(120, 'LR', 'LIBERIA', 'Liberia', 'LBR', '430', '231'),
(121, 'LY', 'LIBYAN ARAB JAMAHIRIYA', 'Libyan Arab Jamahiriya', 'LBY', '434', '218'),
(122, 'LI', 'LIECHTENSTEIN', 'Liechtenstein', 'LIE', '438', '423'),
(123, 'LT', 'LITHUANIA', 'Lithuania', 'LTU', '440', '370'),
(124, 'LU', 'LUXEMBOURG', 'Luxembourg', 'LUX', '442', '352'),
(125, 'MO', 'MACAO', 'Macao', 'MAC', '446', '853'),
(126, 'MK', 'MACEDONIA, THE FORMER YUGOSLAV REPUBLIC OF', 'Macedonia, the Former Yugoslav Republic of', 'MKD', '807', '389'),
(127, 'MG', 'MADAGASCAR', 'Madagascar', 'MDG', '450', '261'),
(128, 'MW', 'MALAWI', 'Malawi', 'MWI', '454', '265'),
(129, 'MY', 'MALAYSIA', 'Malaysia', 'MYS', '458', '60'),
(130, 'MV', 'MALDIVES', 'Maldives', 'MDV', '462', '960'),
(131, 'ML', 'MALI', 'Mali', 'MLI', '466', '223'),
(132, 'MT', 'MALTA', 'Malta', 'MLT', '470', '356'),
(133, 'MH', 'MARSHALL ISLANDS', 'Marshall Islands', 'MHL', '584', '692'),
(134, 'MQ', 'MARTINIQUE', 'Martinique', 'MTQ', '474', '596'),
(135, 'MR', 'MAURITANIA', 'Mauritania', 'MRT', '478', '222'),
(136, 'MU', 'MAURITIUS', 'Mauritius', 'MUS', '480', '230'),
(137, 'YT', 'MAYOTTE', 'Mayotte', NULL, NULL, '269'),
(138, 'MX', 'MEXICO', 'Mexico', 'MEX', '484', '52'),
(139, 'FM', 'MICRONESIA, FEDERATED STATES OF', 'Micronesia, Federated States of', 'FSM', '583', '691'),
(140, 'MD', 'MOLDOVA, REPUBLIC OF', 'Moldova, Republic of', 'MDA', '498', '373'),
(141, 'MC', 'MONACO', 'Monaco', 'MCO', '492', '377'),
(142, 'MN', 'MONGOLIA', 'Mongolia', 'MNG', '496', '976'),
(143, 'MS', 'MONTSERRAT', 'Montserrat', 'MSR', '500', '1664'),
(144, 'MA', 'MOROCCO', 'Morocco', 'MAR', '504', '212'),
(145, 'MZ', 'MOZAMBIQUE', 'Mozambique', 'MOZ', '508', '258'),
(146, 'MM', 'MYANMAR', 'Myanmar', 'MMR', '104', '95'),
(147, 'NA', 'NAMIBIA', 'Namibia', 'NAM', '516', '264'),
(148, 'NR', 'NAURU', 'Nauru', 'NRU', '520', '674'),
(149, 'NP', 'NEPAL', 'Nepal', 'NPL', '524', '977'),
(150, 'NL', 'NETHERLANDS', 'Netherlands', 'NLD', '528', '31'),
(151, 'AN', 'NETHERLANDS ANTILLES', 'Netherlands Antilles', 'ANT', '530', '599'),
(152, 'NC', 'NEW CALEDONIA', 'New Caledonia', 'NCL', '540', '687'),
(153, 'NZ', 'NEW ZEALAND', 'New Zealand', 'NZL', '554', '64'),
(154, 'NI', 'NICARAGUA', 'Nicaragua', 'NIC', '558', '505'),
(155, 'NE', 'NIGER', 'Niger', 'NER', '562', '227'),
(156, 'NG', 'NIGERIA', 'Nigeria', 'NGA', '566', '234'),
(157, 'NU', 'NIUE', 'Niue', 'NIU', '570', '683'),
(158, 'NF', 'NORFOLK ISLAND', 'Norfolk Island', 'NFK', '574', '672'),
(159, 'MP', 'NORTHERN MARIANA ISLANDS', 'Northern Mariana Islands', 'MNP', '580', '1670'),
(160, 'NO', 'NORWAY', 'Norway', 'NOR', '578', '47'),
(161, 'OM', 'OMAN', 'Oman', 'OMN', '512', '968'),
(162, 'PK', 'PAKISTAN', 'Pakistan', 'PAK', '586', '92'),
(163, 'PW', 'PALAU', 'Palau', 'PLW', '585', '680'),
(164, 'PS', 'PALESTINIAN TERRITORY, OCCUPIED', 'Palestinian Territory, Occupied', NULL, NULL, '970'),
(165, 'PA', 'PANAMA', 'Panama', 'PAN', '591', '507'),
(166, 'PG', 'PAPUA NEW GUINEA', 'Papua New Guinea', 'PNG', '598', '675'),
(167, 'PY', 'PARAGUAY', 'Paraguay', 'PRY', '600', '595'),
(168, 'PE', 'PERU', 'Peru', 'PER', '604', '51'),
(169, 'PH', 'PHILIPPINES', 'Philippines', 'PHL', '608', '63'),
(170, 'PN', 'PITCAIRN', 'Pitcairn', 'PCN', '612', '0'),
(171, 'PL', 'POLAND', 'Poland', 'POL', '616', '48'),
(172, 'PT', 'PORTUGAL', 'Portugal', 'PRT', '620', '351'),
(173, 'PR', 'PUERTO RICO', 'Puerto Rico', 'PRI', '630', '1787'),
(174, 'QA', 'QATAR', 'Qatar', 'QAT', '634', '974'),
(175, 'RE', 'REUNION', 'Reunion', 'REU', '638', '262'),
(176, 'RO', 'ROMANIA', 'Romania', 'ROM', '642', '40'),
(177, 'RU', 'RUSSIAN FEDERATION', 'Russian Federation', 'RUS', '643', '70'),
(178, 'RW', 'RWANDA', 'Rwanda', 'RWA', '646', '250'),
(179, 'SH', 'SAINT HELENA', 'Saint Helena', 'SHN', '654', '290'),
(180, 'KN', 'SAINT KITTS AND NEVIS', 'Saint Kitts and Nevis', 'KNA', '659', '1869'),
(181, 'LC', 'SAINT LUCIA', 'Saint Lucia', 'LCA', '662', '1758'),
(182, 'PM', 'SAINT PIERRE AND MIQUELON', 'Saint Pierre and Miquelon', 'SPM', '666', '508'),
(183, 'VC', 'SAINT VINCENT AND THE GRENADINES', 'Saint Vincent and the Grenadines', 'VCT', '670', '1784'),
(184, 'WS', 'SAMOA', 'Samoa', 'WSM', '882', '684'),
(185, 'SM', 'SAN MARINO', 'San Marino', 'SMR', '674', '378'),
(186, 'ST', 'SAO TOME AND PRINCIPE', 'Sao Tome and Principe', 'STP', '678', '239'),
(188, 'SN', 'SENEGAL', 'Senegal', 'SEN', '686', '221'),
(189, 'CS', 'SERBIA AND MONTENEGRO', 'Serbia and Montenegro', NULL, NULL, '381'),
(190, 'SC', 'SEYCHELLES', 'Seychelles', 'SYC', '690', '248'),
(191, 'SL', 'SIERRA LEONE', 'Sierra Leone', 'SLE', '694', '232'),
(192, 'SG', 'SINGAPORE', 'Singapore', 'SGP', '702', '65'),
(193, 'SK', 'SLOVAKIA', 'Slovakia', 'SVK', '703', '421'),
(194, 'SI', 'SLOVENIA', 'Slovenia', 'SVN', '705', '386'),
(195, 'SB', 'SOLOMON ISLANDS', 'Solomon Islands', 'SLB', '90', '677'),
(196, 'SO', 'SOMALIA', 'Somalia', 'SOM', '706', '252'),
(197, 'ZA', 'SOUTH AFRICA', 'South Africa', 'ZAF', '710', '27'),
(198, 'GS', 'SOUTH GEORGIA AND THE SOUTH SANDWICH ISLANDS', 'South Georgia and the South Sandwich Islands', NULL, NULL, '0'),
(199, 'ES', 'SPAIN', 'Spain', 'ESP', '724', '34'),
(200, 'LK', 'SRI LANKA', 'Sri Lanka', 'LKA', '144', '94'),
(201, 'SD', 'SUDAN', 'Sudan', 'SDN', '736', '249'),
(202, 'SR', 'SURINAME', 'Suriname', 'SUR', '740', '597'),
(203, 'SJ', 'SVALBARD AND JAN MAYEN', 'Svalbard and Jan Mayen', 'SJM', '744', '47'),
(204, 'SZ', 'SWAZILAND', 'Swaziland', 'SWZ', '748', '268'),
(205, 'SE', 'SWEDEN', 'Sweden', 'SWE', '752', '46'),
(206, 'CH', 'SWITZERLAND', 'Switzerland', 'CHE', '756', '41'),
(207, 'SY', 'SYRIAN ARAB REPUBLIC', 'Syrian Arab Republic', 'SYR', '760', '963'),
(208, 'TW', 'TAIWAN, PROVINCE OF CHINA', 'Taiwan, Province of China', 'TWN', '158', '886'),
(209, 'TJ', 'TAJIKISTAN', 'Tajikistan', 'TJK', '762', '992'),
(210, 'TZ', 'TANZANIA, UNITED REPUBLIC OF', 'Tanzania, United Republic of', 'TZA', '834', '255'),
(211, 'TH', 'THAILAND', 'Thailand', 'THA', '764', '66'),
(212, 'TL', 'TIMOR-LESTE', 'Timor-Leste', NULL, NULL, '670'),
(213, 'TG', 'TOGO', 'Togo', 'TGO', '768', '228'),
(214, 'TK', 'TOKELAU', 'Tokelau', 'TKL', '772', '690'),
(215, 'TO', 'TONGA', 'Tonga', 'TON', '776', '676'),
(216, 'TT', 'TRINIDAD AND TOBAGO', 'Trinidad and Tobago', 'TTO', '780', '1868'),
(217, 'TN', 'TUNISIA', 'Tunisia', 'TUN', '788', '216'),
(218, 'TR', 'TURKEY', 'Turkey', 'TUR', '792', '90'),
(219, 'TM', 'TURKMENISTAN', 'Turkmenistan', 'TKM', '795', '7370'),
(220, 'TC', 'TURKS AND CAICOS ISLANDS', 'Turks and Caicos Islands', 'TCA', '796', '1649'),
(221, 'TV', 'TUVALU', 'Tuvalu', 'TUV', '798', '688'),
(222, 'UG', 'UGANDA', 'Uganda', 'UGA', '800', '256'),
(223, 'UA', 'UKRAINE', 'Ukraine', 'UKR', '804', '380'),
(224, 'AE', 'UNITED ARAB EMIRATES', 'United Arab Emirates', 'ARE', '784', '971'),
(225, 'GB', 'UNITED KINGDOM', 'United Kingdom', 'GBR', '826', '44'),
(226, 'US', 'UNITED STATES', 'United States', 'USA', '840', '1'),
(227, 'UM', 'UNITED STATES MINOR OUTLYING ISLANDS', 'United States Minor Outlying Islands', NULL, NULL, '1'),
(228, 'UY', 'URUGUAY', 'Uruguay', 'URY', '858', '598'),
(229, 'UZ', 'UZBEKISTAN', 'Uzbekistan', 'UZB', '860', '998'),
(230, 'VU', 'VANUATU', 'Vanuatu', 'VUT', '548', '678'),
(231, 'VE', 'VENEZUELA', 'Venezuela', 'VEN', '862', '58'),
(232, 'VN', 'VIET NAM', 'Viet Nam', 'VNM', '704', '84'),
(233, 'VG', 'VIRGIN ISLANDS, BRITISH', 'Virgin Islands, British', 'VGB', '92', '1284'),
(234, 'VI', 'VIRGIN ISLANDS, U.S.', 'Virgin Islands, U.s.', 'VIR', '850', '1340'),
(235, 'WF', 'WALLIS AND FUTUNA', 'Wallis and Futuna', 'WLF', '876', '681'),
(236, 'EH', 'WESTERN SAHARA', 'Western Sahara', 'ESH', '732', '212'),
(237, 'YE', 'YEMEN', 'Yemen', 'YEM', '887', '967'),
(238, 'ZM', 'ZAMBIA', 'Zambia', 'ZMB', '894', '260'),
(239, 'ZW', 'ZIMBABWE', 'Zimbabwe', 'ZWE', '716', '263'),
(240, 'AF', 'AFGHANISTAN', 'Afghanistan', 'AFG', '4', '93'),
(241, 'AL', 'ALBANIA', 'Albania', 'ALB', '8', '355');

-- --------------------------------------------------------

--
-- بنية الجدول `coupons`
--

CREATE TABLE `coupons` (
  `id` bigint UNSIGNED NOT NULL,
  `code` varchar(255) CHARACTER SET utf8mb4 COLLATE utf8mb4_unicode_ci DEFAULT NULL,
  `end_date` timestamp NULL DEFAULT NULL,
  `percent` double(8,2) NOT NULL,
  `count_of_use` bigint UNSIGNED DEFAULT '0',
  `times_for_user` bigint UNSIGNED DEFAULT '0',
  `created_at` timestamp NULL DEFAULT NULL,
  `updated_at` timestamp NULL DEFAULT NULL
) ENGINE=InnoDB DEFAULT CHARSET=utf8mb4 COLLATE=utf8mb4_unicode_ci;

--
-- إرجاع أو استيراد بيانات الجدول `coupons`
--

INSERT INTO `coupons` (`id`, `code`, `end_date`, `percent`, `count_of_use`, `times_for_user`, `created_at`, `updated_at`) VALUES
(1, '123456', '2024-03-13 21:00:00', 100.00, 11, 1, '2021-11-02 14:58:54', '2024-05-14 13:26:59'),
(2, '999555777', '2021-11-30 00:00:00', 100.00, 0, 0, '2021-11-10 18:34:51', '2021-11-15 11:28:38'),
(3, '1212', '2021-11-30 00:00:00', 100.00, 2, 0, '2021-11-14 14:28:21', '2021-11-14 14:53:35'),
(4, '1212', '2021-11-30 00:00:00', 100.00, 3, 0, '2021-11-14 14:28:22', '2021-11-14 14:28:22'),
(6, '111222', '2021-11-19 00:00:00', 100.00, 1, 0, '2021-11-16 14:39:24', '2021-11-16 16:47:48'),
(7, 'Abc111', '2021-11-30 00:00:00', 100.00, 9, 1, '2021-11-18 18:31:27', '2021-11-18 18:31:57'),
(8, 'xoxoxo', '2021-11-30 00:00:00', 100.00, 4, 10, '2021-11-22 06:36:25', '2021-11-25 13:42:21'),
(9, 'NOV26', '2021-12-30 00:00:00', 50.00, 8, 5, '2021-11-26 12:08:37', '2021-11-26 12:16:48'),
(10, 'DEC31', '2021-12-31 00:00:00', 100.00, 19, 10, '2021-11-30 08:52:27', '2021-12-21 06:37:01'),
(11, 'Dec16', '2021-12-31 00:00:00', 100.00, 5, 2, '2021-12-16 07:23:05', '2021-12-16 10:44:07'),
(12, '77', '2021-12-17 00:00:00', 100.00, 2, 1, '2021-12-16 10:48:09', '2021-12-16 11:15:59'),
(13, 'hh', '2021-12-24 00:00:00', 100.00, 0, 1, '2021-12-16 11:59:42', '2021-12-19 09:49:20'),
(14, '21dec', '2021-12-30 00:00:00', 100.00, 1, 1, '2021-12-21 05:48:02', '2021-12-21 05:49:39'),
(15, '2024', '2025-01-30 21:00:00', 100.00, 1, 1, '2023-12-31 19:11:29', '2023-12-31 19:11:29'),
(16, 'hello', '2024-01-23 21:00:00', 100.00, 2, 1, '2024-01-10 09:58:12', '2024-01-10 09:58:12'),
(17, 'gerges', '2024-01-24 21:00:00', 50.00, 5, 5, '2024-01-23 11:21:07', '2024-01-23 11:22:03'),
(18, 'heba15', '2024-01-29 21:00:00', 20.00, 1, 1, '2024-01-28 13:57:45', '2024-01-28 13:59:39');

-- --------------------------------------------------------

--
-- بنية الجدول `desires`
--

CREATE TABLE `desires` (
  `id` bigint UNSIGNED NOT NULL,
  `user_id` bigint UNSIGNED DEFAULT NULL,
  `subcat_id` bigint UNSIGNED DEFAULT NULL,
  `payment_way` varchar(255) CHARACTER SET utf8mb4 COLLATE utf8mb4_unicode_ci DEFAULT NULL,
  `from_price` bigint DEFAULT NULL,
  `to_price` bigint DEFAULT NULL,
  `type` bigint UNSIGNED DEFAULT NULL,
  `country_id` bigint UNSIGNED DEFAULT NULL,
  `govern_id` bigint UNSIGNED DEFAULT NULL,
  `district_id` bigint UNSIGNED DEFAULT NULL,
  `created_at` timestamp NULL DEFAULT NULL,
  `updated_at` timestamp NULL DEFAULT NULL
) ENGINE=InnoDB DEFAULT CHARSET=utf8mb4 COLLATE=utf8mb4_unicode_ci;

--
-- إرجاع أو استيراد بيانات الجدول `desires`
--

INSERT INTO `desires` (`id`, `user_id`, `subcat_id`, `payment_way`, `from_price`, `to_price`, `type`, `country_id`, `govern_id`, `district_id`, `created_at`, `updated_at`) VALUES
(44, 105, 89, NULL, 5000, 6000, NULL, NULL, NULL, NULL, '2024-04-08 13:05:59', '2024-04-08 13:05:59'),
(47, 109, 2, NULL, 100, 180, NULL, NULL, NULL, NULL, '2024-06-26 10:37:00', '2024-06-26 10:37:00'),
(48, 116, 94, NULL, 5, 50, NULL, NULL, NULL, NULL, '2024-06-26 16:56:12', '2024-06-26 16:56:12');

-- --------------------------------------------------------

--
-- بنية الجدول `desire_attributes`
--

CREATE TABLE `desire_attributes` (
  `id` bigint UNSIGNED NOT NULL,
  `desire_id` bigint UNSIGNED DEFAULT NULL,
  `attr_id` bigint UNSIGNED DEFAULT NULL,
  `subattr_id` bigint UNSIGNED DEFAULT NULL,
  `attr_type` tinyint UNSIGNED DEFAULT NULL COMMENT '0: multichoice, 1: text or number value',
  `value` varchar(255) CHARACTER SET utf8mb4 COLLATE utf8mb4_unicode_ci DEFAULT NULL COMMENT 'value of number or text attribute',
  `created_at` timestamp NULL DEFAULT NULL,
  `updated_at` timestamp NULL DEFAULT NULL
) ENGINE=InnoDB DEFAULT CHARSET=utf8mb4 COLLATE=utf8mb4_unicode_ci;

--
-- إرجاع أو استيراد بيانات الجدول `desire_attributes`
--

INSERT INTO `desire_attributes` (`id`, `desire_id`, `attr_id`, `subattr_id`, `attr_type`, `value`, `created_at`, `updated_at`) VALUES
(19, 8, 1, NULL, 1, '5', '2024-01-24 08:29:39', '2024-01-24 08:29:39'),
(20, 8, 5, 3, 0, NULL, '2024-01-24 08:29:39', '2024-01-24 08:29:39'),
(21, 8, 6, NULL, 1, '3', '2024-01-24 08:29:39', '2024-01-24 08:29:39'),
(22, 8, 7, NULL, 1, '200', '2024-01-24 08:29:39', '2024-01-24 08:29:39'),
(23, 8, 503, 1104, 0, NULL, '2024-01-24 08:29:39', '2024-01-24 08:29:39'),
(52, 17, 39, NULL, 2, 'red', '2024-01-25 14:01:32', '2024-01-25 14:01:32'),
(53, 17, 36, NULL, 1, '1990', '2024-01-25 14:01:32', '2024-01-25 14:01:32'),
(55, 17, 8, 72, 0, NULL, '2024-01-25 14:01:32', '2024-01-25 14:01:32'),
(56, 17, 41, NULL, 1, '1000', '2024-01-25 14:01:32', '2024-01-25 14:01:32'),
(57, 17, 40, 68, 0, NULL, '2024-01-25 14:01:32', '2024-01-25 14:01:32'),
(64, 19, 39, NULL, 2, 'red', '2024-01-28 13:07:36', '2024-01-28 13:07:36'),
(65, 19, 36, NULL, 1, '2005', '2024-01-28 13:07:36', '2024-01-28 13:07:36'),
(66, 19, 8, 72, 0, NULL, '2024-01-28 13:07:36', '2024-01-28 13:07:36'),
(67, 19, 41, NULL, 1, '1000', '2024-01-28 13:07:36', '2024-01-28 13:07:36'),
(68, 19, 40, 68, 0, NULL, '2024-01-28 13:07:36', '2024-01-28 13:07:36'),
(139, 39, 62, NULL, 1, NULL, '2024-02-09 22:48:24', '2024-02-09 22:48:24'),
(140, 39, 64, NULL, 1, NULL, '2024-02-09 22:48:24', '2024-02-09 22:48:24'),
(141, 39, 65, NULL, 2, NULL, '2024-02-09 22:48:24', '2024-02-09 22:48:24'),
(142, 41, 8, 72, 0, NULL, '2024-02-09 22:52:41', '2024-02-09 22:52:41'),
(143, 41, 40, 68, 0, NULL, '2024-02-09 22:52:41', '2024-02-09 22:52:41'),
(144, 42, 48, NULL, 2, 'blue', '2024-02-18 22:19:30', '2024-02-18 22:19:30'),
(145, 42, 49, NULL, 1, '2034', '2024-02-18 22:19:30', '2024-02-18 22:19:30'),
(146, 42, 50, 156, 0, NULL, '2024-02-18 22:19:30', '2024-02-18 22:19:30'),
(147, 42, 51, NULL, 1, '998', '2024-02-18 22:19:30', '2024-02-18 22:19:30'),
(148, 42, 52, 131, 0, NULL, '2024-02-18 22:19:30', '2024-02-18 22:19:30'),
(149, 42, 53, 133, 0, NULL, '2024-02-18 22:19:30', '2024-02-18 22:19:30'),
(150, 43, 1, NULL, 1, '3', '2024-04-01 10:04:20', '2024-04-01 10:04:20'),
(151, 43, 503, 1103, 0, NULL, '2024-04-01 10:04:20', '2024-04-01 10:04:20'),
(152, 43, 7, NULL, 1, '240', '2024-04-01 10:04:20', '2024-04-01 10:04:20'),
(153, 43, 5, 3, 0, NULL, '2024-04-01 10:04:20', '2024-04-01 10:04:20'),
(154, 43, 6, NULL, 1, '2', '2024-04-01 10:04:20', '2024-04-01 10:04:20'),
(155, 44, 501, NULL, 1, '2', '2024-04-08 13:05:59', '2024-04-08 13:05:59'),
(156, 44, 500, NULL, 1, '5', '2024-04-08 13:05:59', '2024-04-08 13:05:59'),
(157, 44, 502, NULL, 1, '500', '2024-04-08 13:05:59', '2024-04-08 13:05:59'),
(158, 44, 504, 1107, 0, NULL, '2024-04-08 13:05:59', '2024-04-08 13:05:59'),
(159, 44, 518, NULL, 1, '1234', '2024-04-08 13:05:59', '2024-04-08 13:05:59'),
(160, 46, 500, NULL, 1, '5', '2024-05-15 11:11:13', '2024-05-15 11:11:13'),
(161, 46, 501, NULL, 1, '2', '2024-05-15 11:11:13', '2024-05-15 11:11:13'),
(162, 46, 502, NULL, 1, NULL, '2024-05-15 11:11:13', '2024-05-15 11:11:13'),
(163, 46, 518, NULL, 1, NULL, '2024-05-15 11:11:13', '2024-05-15 11:11:13'),
(164, 47, 2, 9, 0, NULL, '2024-06-26 10:37:00', '2024-06-26 10:37:00'),
(165, 47, 505, NULL, 1, NULL, '2024-06-26 10:37:00', '2024-06-26 10:37:00');

-- --------------------------------------------------------

--
-- بنية الجدول `districts`
--

CREATE TABLE `districts` (
  `id` bigint UNSIGNED NOT NULL,
  `name_ar` varchar(255) CHARACTER SET utf8mb4 COLLATE utf8mb4_unicode_ci DEFAULT NULL,
  `name_en` varchar(255) CHARACTER SET utf8mb4 COLLATE utf8mb4_unicode_ci DEFAULT NULL,
  `govern_id` bigint UNSIGNED DEFAULT NULL,
  `created_at` timestamp NULL DEFAULT NULL,
  `updated_at` timestamp NULL DEFAULT NULL
) ENGINE=InnoDB DEFAULT CHARSET=utf8mb4 COLLATE=utf8mb4_unicode_ci;

--
-- إرجاع أو استيراد بيانات الجدول `districts`
--

INSERT INTO `districts` (`id`, `name_ar`, `name_en`, `govern_id`, `created_at`, `updated_at`) VALUES
(11, 'بري', 'Burri', 12, '2021-11-16 03:09:14', '2021-11-16 03:09:14'),
(12, 'الرياض', 'Alryadh', 12, '2021-11-16 03:09:51', '2021-11-16 03:09:51'),
(13, 'المنشية', 'Manshia', 12, '2021-11-16 03:10:25', '2021-11-16 03:10:25'),
(14, 'امتداد ناصر', 'Emtedad Naser', 12, '2021-11-16 03:11:04', '2021-11-16 03:11:04'),
(15, 'الطائف', 'Taif', 12, '2021-11-16 03:11:37', '2021-11-16 03:11:37'),
(16, 'الجريف غرب', 'Al Jraif West', 12, '2021-11-16 03:12:30', '2021-11-16 03:12:30'),
(18, 'الفردوس', 'Al Fardous', 12, '2021-11-16 03:13:52', '2021-11-16 03:13:52'),
(19, 'اركويت', 'Arkaweit', 12, '2021-11-16 03:14:41', '2021-11-16 03:14:41'),
(20, 'المجاهدين', 'Al Mojahdeen', 12, '2021-11-16 03:15:20', '2021-11-16 03:15:20'),
(21, 'الازهري', 'Al Azhari', 12, '2021-11-16 03:15:43', '2021-11-16 03:15:43'),
(22, 'السلمة', 'Al Salma', 12, '2021-11-16 03:16:12', '2021-11-16 03:16:12'),
(25, 'مايو', 'Mayo', 12, '2021-11-16 03:17:15', '2021-11-16 03:17:15'),
(26, 'الاندلس', 'Al Andlus', 12, '2021-11-16 03:17:45', '2021-11-16 03:17:45'),
(27, 'جبل اوليا', 'Jabl Awliya', 12, '2021-11-16 03:19:10', '2021-11-16 03:19:10'),
(28, 'الكلاكلة', 'Al Kalakla', 12, '2021-11-16 03:19:37', '2021-11-16 03:19:37'),
(29, 'يثرب', 'Yathrib', 12, '2021-11-16 03:20:03', '2021-11-16 03:20:03'),
(30, 'العزوزاب', 'Al Ozuzab', 12, '2021-11-16 03:20:45', '2021-11-16 03:20:45'),
(32, 'الشجرة', 'Al Shajara', 12, '2021-11-16 03:21:50', '2021-11-16 03:21:50'),
(33, 'الصحافة', 'Al Sahafa', 12, '2021-11-16 03:22:14', '2021-11-16 03:22:14'),
(34, 'ابو ادم', 'Abu Adm', 12, '2021-11-16 03:22:47', '2021-11-16 03:22:47'),
(35, 'اللاماب', 'Al Lamap', 12, '2021-11-16 03:23:30', '2021-11-16 03:23:30'),
(36, 'الرميلة', 'Al Remila', 12, '2021-11-16 03:23:52', '2021-11-16 03:23:52'),
(37, 'الحلة الجديدة', 'Al Hila Aljadida', 12, '2021-11-16 03:24:22', '2021-11-16 03:24:22'),
(38, 'القوز', 'Al Gouz', 12, '2021-11-16 03:24:44', '2021-11-16 03:24:44'),
(39, 'العمارات', 'Al Amarat', 12, '2021-11-16 03:25:19', '2021-11-16 03:25:19'),
(40, 'حي الزهور', 'Hay Alzhour', 12, '2021-11-16 03:25:39', '2021-11-16 03:25:39'),
(41, 'الخرطوم 2', 'Khartoum 2', 12, '2021-11-16 03:26:06', '2021-11-16 03:26:06'),
(42, 'الخرطوم ٣', 'Khartoum 3', 12, '2021-11-16 03:26:28', '2021-11-16 03:26:28'),
(43, 'الديوم الشرقية', 'Al Deum Alshrgeia', 12, '2021-11-16 03:27:43', '2021-11-16 03:27:43'),
(44, 'حي المطار', 'Hay Almatar', 12, '2021-11-16 03:28:31', '2021-11-16 03:28:31'),
(45, 'السجانة', 'Al Sjana', 12, '2021-11-16 03:29:26', '2021-11-16 03:29:26'),
(46, 'وسط الخرطوم', 'Khartoum Center', 12, '2021-11-16 03:30:10', '2021-11-16 03:30:10'),
(47, 'المقرن', 'Al Moqran', 12, '2021-11-16 03:31:00', '2021-11-16 03:31:00'),
(48, 'توتي', 'Toti', 12, '2021-11-16 03:31:27', '2021-11-16 03:31:27'),
(49, 'السكة حديد', 'Al Sikkah Haded', 12, '2021-11-16 10:18:30', '2021-11-16 10:18:30'),
(50, 'جاردن سيتي', 'Garden City', 12, '2021-11-16 10:18:54', '2021-11-16 10:18:54'),
(51, 'الشهيد طه الماحي', 'Al Shahid Taha Al Mahi', 12, '2021-11-16 10:19:21', '2021-11-16 10:19:21'),
(52, 'جبره', 'Jabra', 12, '2021-11-16 10:19:43', '2021-11-16 10:19:43'),
(53, 'امتداد الدرجة الثالثة', 'Emteadad Aldarga', 12, '2021-11-16 10:20:06', '2021-11-16 10:20:06'),
(54, 'العشرة', 'Oshara', 12, '2021-11-16 10:20:28', '2021-11-16 10:20:28'),
(55, 'النزهة', 'Al Nuzha', 12, '2021-11-16 10:20:57', '2021-11-16 10:20:57'),
(56, 'الإنقاذ', 'Ingaz', 12, '2021-11-16 10:21:14', '2021-11-16 10:21:14'),
(57, 'المعموره', 'Mamoura', 12, '2021-11-16 10:21:33', '2021-11-16 10:21:33'),
(58, 'الأمل', 'Al Amal', 12, '2021-11-16 10:21:57', '2021-11-16 10:21:57'),
(59, 'سوبا غرب', 'Soba West', 12, '2021-11-16 10:22:17', '2021-11-16 10:22:17'),
(60, 'الدخينات', 'Dekhynat', 12, '2021-11-16 10:22:31', '2021-11-16 10:22:31'),
(61, 'الشقيلاب', 'Shaglab', 12, '2021-11-16 10:23:04', '2021-11-16 10:23:04'),
(62, 'طيبة الحسناب', 'Tiba Alhasnab', 12, '2021-11-16 10:23:18', '2021-11-16 10:23:18'),
(63, 'تريعة البجا', 'Treiat Albeja', 12, '2021-11-16 10:23:32', '2021-11-16 10:23:32'),
(64, 'السلمانية', 'Salamania', 12, '2021-11-16 10:23:48', '2021-11-16 10:23:48'),
(65, 'عيد حسين', 'Eid Hussein', 12, '2021-11-16 10:24:11', '2021-11-16 10:24:11'),
(66, 'ود العقلي', 'Wad Al Aqli', 12, '2021-11-16 10:24:26', '2021-11-16 10:24:26'),
(67, 'حلة حمد', 'Hilat Hamad', 13, '2021-11-16 11:55:01', '2021-11-16 11:55:01'),
(68, 'حلة خوجلي', 'Hilat Khojali', 13, '2021-11-16 11:55:22', '2021-11-16 11:55:22'),
(69, 'حي الوابورات', 'Waburat', 13, '2021-11-16 11:55:40', '2021-11-16 11:55:40'),
(70, 'الدنقالة', 'Danagla', 13, '2021-11-16 11:55:58', '2021-11-16 11:55:58'),
(71, 'الميرغنية', 'Merghaniea', 13, '2021-11-16 11:56:22', '2021-11-16 11:56:22'),
(72, 'الختمية', 'Khatmia', 13, '2021-11-16 11:56:38', '2021-11-16 11:56:38'),
(73, 'الاملاك', 'Amlak', 13, '2021-11-16 11:56:53', '2021-11-16 11:56:53'),
(74, 'عمر المختار', 'Omar Almukhtar', 13, '2021-11-16 11:57:07', '2021-11-16 11:57:07'),
(75, 'الواحة', 'Waha', 13, '2021-11-16 11:57:29', '2021-11-16 11:57:29'),
(76, 'كافوري', 'Kaforri', 13, '2021-11-16 11:57:53', '2021-11-16 11:57:53'),
(77, 'العزبة', 'Ezzba', 13, '2021-11-16 11:58:08', '2021-11-16 11:58:08'),
(78, 'الصبابي', 'Sababi', 13, '2021-11-16 11:58:24', '2021-11-16 11:58:24'),
(79, 'الشعبية', 'Shabiea', 13, '2021-11-16 11:58:37', '2021-11-16 11:58:37'),
(80, 'شمبات', 'Shambat', 13, '2021-11-16 11:58:52', '2021-11-16 11:58:52'),
(81, 'الديوم', 'Deyoum', 13, '2021-11-16 11:59:05', '2021-11-16 11:59:05'),
(82, 'المزاد', 'Mazaad', 13, '2021-11-16 11:59:18', '2021-11-16 11:59:18'),
(83, 'الصافية', 'Safeia', 13, '2021-11-16 11:59:31', '2021-11-16 11:59:31'),
(84, 'المغتربين', 'Mogtarbeen', 13, '2021-11-16 11:59:48', '2021-11-16 11:59:48'),
(85, 'الحلفاية', 'Halfiea', 13, '2021-11-16 12:00:07', '2021-11-16 12:00:07'),
(86, 'الكدرو', 'Kadro', 13, '2021-11-16 12:00:24', '2021-11-16 12:00:24'),
(87, 'الدروشاب', 'Droshab', 13, '2021-11-16 12:00:41', '2021-11-16 12:00:41'),
(88, 'الدروشاب', 'Droshab', 13, '2021-11-16 12:00:45', '2021-11-16 12:00:45'),
(89, 'السامراب', 'Samrab', 13, '2021-11-16 12:00:55', '2021-11-16 12:00:55'),
(90, 'الجريف شرق', 'Jreif East', 13, '2021-11-16 12:01:12', '2021-11-16 12:01:12'),
(91, 'الحاج يوسف', 'Haj Yousif', 13, '2021-11-16 12:01:27', '2021-11-16 12:01:27'),
(92, 'شرق النيل', 'East Nile', 13, '2021-11-16 12:01:41', '2021-11-16 12:01:41'),
(93, 'الأمراء', 'Omaraa', 14, '2021-11-16 12:05:44', '2021-11-16 12:05:44'),
(94, 'الهاشماب', 'Hashmab', 14, '2021-11-16 12:05:58', '2021-11-16 12:05:58'),
(95, 'الموردة', 'Mawrada', 14, '2021-11-16 12:06:12', '2021-11-16 12:06:12'),
(96, 'ود نوباوي', 'Wd Nubawi', 14, '2021-11-16 12:06:29', '2021-11-16 12:06:29'),
(97, 'أبروف', 'AbRouf', 14, '2021-11-16 12:06:40', '2021-11-16 12:06:40'),
(98, 'حي العمدة', 'Hay Alomda', 14, '2021-11-16 12:06:52', '2021-11-16 12:06:52'),
(99, 'السيد المكي', 'Alsayed Makki', 14, '2021-11-16 12:07:05', '2021-11-16 12:07:05'),
(100, 'حي العرب', 'Hay Alarab', 14, '2021-11-16 12:07:23', '2021-11-16 12:07:23'),
(101, 'المسالمة', 'Masalma', 14, '2021-11-16 12:07:40', '2021-11-16 12:07:40'),
(102, 'المسالمة', 'Masalma', 14, '2021-11-16 12:07:42', '2021-11-16 12:07:42'),
(103, 'الركابية', 'Rekabeia', 14, '2021-11-16 12:08:03', '2021-11-16 12:08:03'),
(104, 'العباسية', 'Abbaseia', 14, '2021-11-16 12:08:18', '2021-11-16 12:08:18'),
(105, 'أبوكدوك', 'AbuKaduk', 14, '2021-11-16 12:08:29', '2021-11-16 12:08:29'),
(106, 'الشهداء', 'Alshohdaa', 14, '2021-11-16 12:08:42', '2021-11-16 12:08:42'),
(107, 'البوستة', 'Posta', 14, '2021-11-16 12:08:55', '2021-11-16 12:08:55'),
(108, 'الفتيحاب', 'Fetihab', 14, '2021-11-16 12:09:07', '2021-11-16 12:09:07'),
(109, 'حي الضباط', 'Hay Aldhbat', 14, '2021-11-16 12:09:32', '2021-11-16 12:09:32'),
(110, 'بانت', 'Baant', 14, '2021-11-16 12:09:47', '2021-11-16 12:09:47'),
(111, 'ابوعنجة', 'Abu Anja', 14, '2021-11-16 12:10:37', '2021-11-16 12:10:37'),
(112, 'الكبجاب', 'Kabjab', 14, '2021-11-16 12:10:51', '2021-11-16 12:10:51'),
(113, 'ود البنا', 'Wd Albana', 14, '2021-11-16 12:11:05', '2021-11-16 12:11:05'),
(114, 'العبابدة', 'Ababda', 14, '2021-11-16 12:11:17', '2021-11-16 12:11:17'),
(115, 'العبابدة', 'Ababda', 14, '2021-11-16 12:11:25', '2021-11-16 12:11:25'),
(116, 'حي المستشفى', 'Hay Almustshfa', 14, '2021-11-16 12:11:51', '2021-11-16 12:11:51'),
(117, 'حي اليهود', 'Hay Alyahoud', 14, '2021-11-16 12:17:33', '2021-11-16 12:17:33'),
(118, 'العرضة', 'Alarda', 14, '2021-11-16 12:17:55', '2021-11-16 12:17:55'),
(119, 'العرضة', 'Alarda', 14, '2021-11-16 12:18:01', '2021-11-16 12:18:01'),
(120, 'الدوحة', 'Aldawha', 14, '2021-11-16 12:18:13', '2021-11-16 12:18:13'),
(121, 'تعويضات بيت المال', 'Tawedaat', 14, '2021-11-16 12:18:30', '2021-11-16 12:18:30'),
(122, 'الحي الأكاديمي', 'Alacadimy', 14, '2021-11-16 12:19:06', '2021-11-16 12:19:06'),
(123, 'الثورة', 'Thawra', 14, '2021-11-16 12:19:25', '2021-11-16 12:19:25'),
(124, 'الروضة', 'Rawda', 14, '2021-11-16 12:19:38', '2021-11-16 12:19:38'),
(125, 'مدينة النيل', 'Madent Alnile', 14, '2021-11-16 12:19:51', '2021-11-16 12:19:51'),
(126, 'الشاطئ', 'Alshatti', 14, '2021-11-16 12:20:02', '2021-11-16 12:20:02'),
(127, 'الرياض', 'Riyadh', 14, '2021-11-16 12:20:15', '2021-11-16 12:20:15'),
(128, 'الحتانة', 'Hatana', 14, '2021-11-16 12:20:27', '2021-11-16 12:20:27'),
(129, 'الواحة', 'Waha', 14, '2021-11-16 12:21:00', '2021-11-16 12:21:00'),
(130, 'المنارة', 'Manara', 14, '2021-11-16 12:21:14', '2021-11-16 12:21:14'),
(131, 'ود البخيت', 'Wd Albakhit', 14, '2021-11-16 12:21:28', '2021-11-16 12:21:28'),
(132, 'الجرافة', 'Jarafa', 14, '2021-11-16 12:21:41', '2021-11-16 12:21:41'),
(133, 'أم بدة', 'Om Bada', 14, '2021-11-16 12:21:53', '2021-11-16 12:21:53'),
(134, 'أبوسعد', 'Abu Seid', 14, '2021-11-16 12:22:06', '2021-11-16 12:22:06'),
(135, 'المهندسين', 'Mohandesein', 14, '2021-11-16 12:22:18', '2021-11-16 12:22:18'),
(136, 'العودة', 'Awda', 14, '2021-11-16 12:22:30', '2021-11-16 12:22:30'),
(137, 'الشقلة', 'Shegla', 14, '2021-11-16 12:22:42', '2021-11-16 12:22:42'),
(138, 'المربعات', 'Morbaat', 14, '2021-11-16 12:22:54', '2021-11-16 12:22:54'),
(139, 'دار السلام', 'Dar Alsalam', 14, '2021-11-16 12:23:13', '2021-11-16 12:23:13'),
(140, 'الصالحة', 'Salhaa', 14, '2021-11-16 12:23:26', '2021-11-16 12:23:26'),
(141, 'الملازمين', 'Molazmin', 14, '2021-11-16 12:23:39', '2021-11-16 12:23:39'),
(142, 'حي اخر بالخرطوم', 'Other District in Khartoum', 12, '2021-12-15 06:37:52', '2021-12-15 06:37:52'),
(143, 'حي اخر ببحري', 'Other District in Bahri', 13, '2021-12-15 06:38:42', '2021-12-15 06:38:42'),
(144, 'حي اخر بامدرمان', 'Other District in Omdurman', 14, '2021-12-15 06:39:22', '2021-12-15 06:39:22');

-- --------------------------------------------------------

--
-- بنية الجدول `failed_jobs`
--

CREATE TABLE `failed_jobs` (
  `id` bigint UNSIGNED NOT NULL,
  `connection` text CHARACTER SET utf8mb4 COLLATE utf8mb4_unicode_ci NOT NULL,
  `queue` text CHARACTER SET utf8mb4 COLLATE utf8mb4_unicode_ci NOT NULL,
  `payload` longtext CHARACTER SET utf8mb4 COLLATE utf8mb4_unicode_ci NOT NULL,
  `exception` longtext CHARACTER SET utf8mb4 COLLATE utf8mb4_unicode_ci NOT NULL,
  `failed_at` timestamp NOT NULL DEFAULT CURRENT_TIMESTAMP
) ENGINE=InnoDB DEFAULT CHARSET=utf8mb4 COLLATE=utf8mb4_unicode_ci;

-- --------------------------------------------------------

--
-- بنية الجدول `feedback`
--

CREATE TABLE `feedback` (
  `id` bigint UNSIGNED NOT NULL,
  `user_id` bigint UNSIGNED DEFAULT NULL,
  `message` text CHARACTER SET utf8mb4 COLLATE utf8mb4_unicode_ci,
  `created_at` timestamp NULL DEFAULT NULL,
  `updated_at` timestamp NULL DEFAULT NULL
) ENGINE=InnoDB DEFAULT CHARSET=utf8mb4 COLLATE=utf8mb4_unicode_ci;

--
-- إرجاع أو استيراد بيانات الجدول `feedback`
--

INSERT INTO `feedback` (`id`, `user_id`, `message`, `created_at`, `updated_at`) VALUES
(1, 11, 'goood service', '2021-10-19 07:11:15', '2021-10-19 07:11:15'),
(2, 11, 'goood service', '2021-10-19 07:11:37', '2021-10-19 07:11:37'),
(3, 11, 'Holaa', '2021-10-19 10:05:58', '2021-10-19 10:05:58'),
(4, 11, 'Holaa', '2021-10-19 10:15:08', '2021-10-19 10:15:08'),
(13, 51, 'السلام عليكم كيف اتحصل علي الكوبون', '2021-12-31 18:08:44', '2021-12-31 18:08:44');

-- --------------------------------------------------------

--
-- بنية الجدول `firebase_tokens`
--

CREATE TABLE `firebase_tokens` (
  `id` bigint UNSIGNED NOT NULL,
  `user_id` bigint UNSIGNED DEFAULT NULL,
  `token` longtext CHARACTER SET utf8mb4 COLLATE utf8mb4_unicode_ci,
  `type` tinyint(1) DEFAULT NULL,
  `created_at` timestamp NULL DEFAULT NULL,
  `updated_at` timestamp NULL DEFAULT NULL
) ENGINE=InnoDB DEFAULT CHARSET=utf8mb4 COLLATE=utf8mb4_unicode_ci;

-- --------------------------------------------------------

--
-- بنية الجدول `form_contact_us`
--

CREATE TABLE `form_contact_us` (
  `id` bigint UNSIGNED NOT NULL,
  `email` varchar(255) CHARACTER SET utf8mb4 COLLATE utf8mb4_unicode_ci DEFAULT NULL,
  `message` varchar(255) CHARACTER SET utf8mb4 COLLATE utf8mb4_unicode_ci DEFAULT NULL,
  `created_at` timestamp NULL DEFAULT NULL,
  `updated_at` timestamp NULL DEFAULT NULL
) ENGINE=MyISAM DEFAULT CHARSET=utf8mb4 COLLATE=utf8mb4_unicode_ci;

-- --------------------------------------------------------

--
-- بنية الجدول `funds`
--

CREATE TABLE `funds` (
  `id` bigint UNSIGNED NOT NULL,
  `user_id` bigint UNSIGNED DEFAULT NULL,
  `fund_type` tinyint UNSIGNED DEFAULT NULL COMMENT '0=>realestute , 1=>personal, 2=>cars',
  `birth_date` varchar(255) CHARACTER SET utf8mb4 COLLATE utf8mb4_unicode_ci DEFAULT NULL,
  `nationlity` varchar(255) CHARACTER SET utf8mb4 COLLATE utf8mb4_unicode_ci DEFAULT NULL,
  `sector` varchar(255) CHARACTER SET utf8mb4 COLLATE utf8mb4_unicode_ci DEFAULT NULL,
  `monthly_income` varchar(255) CHARACTER SET utf8mb4 COLLATE utf8mb4_unicode_ci DEFAULT NULL,
  `salary_type` varchar(255) CHARACTER SET utf8mb4 COLLATE utf8mb4_unicode_ci DEFAULT NULL,
  `financing_periad` varchar(255) CHARACTER SET utf8mb4 COLLATE utf8mb4_unicode_ci DEFAULT NULL,
  `monthly_commit` varchar(255) CHARACTER SET utf8mb4 COLLATE utf8mb4_unicode_ci DEFAULT NULL,
  `car_price` varchar(255) CHARACTER SET utf8mb4 COLLATE utf8mb4_unicode_ci DEFAULT NULL,
  `downpayment` varchar(255) CHARACTER SET utf8mb4 COLLATE utf8mb4_unicode_ci DEFAULT NULL,
  `property_value` varchar(255) CHARACTER SET utf8mb4 COLLATE utf8mb4_unicode_ci DEFAULT NULL,
  `account_type` varchar(255) CHARACTER SET utf8mb4 COLLATE utf8mb4_unicode_ci DEFAULT NULL,
  `created_at` timestamp NULL DEFAULT NULL,
  `updated_at` timestamp NULL DEFAULT NULL
) ENGINE=MyISAM DEFAULT CHARSET=utf8mb4 COLLATE=utf8mb4_unicode_ci;

-- --------------------------------------------------------

--
-- بنية الجدول `governorates`
--

CREATE TABLE `governorates` (
  `id` bigint UNSIGNED NOT NULL,
  `name_ar` varchar(255) CHARACTER SET utf8mb4 COLLATE utf8mb4_unicode_ci DEFAULT NULL,
  `name_en` varchar(255) CHARACTER SET utf8mb4 COLLATE utf8mb4_unicode_ci DEFAULT NULL,
  `country_id` bigint UNSIGNED DEFAULT '9',
  `created_at` timestamp NULL DEFAULT NULL,
  `updated_at` timestamp NULL DEFAULT NULL
) ENGINE=InnoDB DEFAULT CHARSET=utf8mb4 COLLATE=utf8mb4_unicode_ci;

--
-- إرجاع أو استيراد بيانات الجدول `governorates`
--

INSERT INTO `governorates` (`id`, `name_ar`, `name_en`, `country_id`, `created_at`, `updated_at`) VALUES
(12, 'المعادي', 'Maadi', 8, '2021-11-10 18:43:31', '2022-02-03 14:16:42'),
(13, 'التجمع الخامس', 'Fifth settlement', 8, '2021-11-10 18:44:02', '2022-02-03 14:17:07'),
(14, 'مدينة نصر', 'Nasr city', 8, '2021-11-10 18:44:58', '2022-02-03 14:17:24'),
(15, 'الرياض', 'Riyadh', 9, NULL, NULL),
(16, 'جدة', 'Jeddah', 9, NULL, NULL),
(17, 'مكة', 'Mecca', 9, NULL, NULL),
(18, 'المدينة المنورة', 'Al Madinah Al Munawwarah', 9, NULL, NULL),
(19, 'الخرج', 'Al -kharj', 9, '2023-06-14 06:07:33', '2023-06-14 06:07:33'),
(20, 'تبوك', 'tabuc', 9, '2023-06-14 06:08:45', '2023-06-14 06:08:45'),
(21, 'تنومة', 'tanomah', 9, '2023-06-14 06:09:20', '2023-06-14 06:09:20'),
(22, 'الطائف', 'taif', 9, '2023-06-14 06:09:43', '2023-06-14 06:09:43'),
(23, 'القطيف', 'qatif', 9, '2023-06-14 06:10:09', '2023-06-14 06:10:09'),
(24, 'نجران', 'najran', 9, '2023-06-14 06:10:38', '2023-06-14 06:10:38'),
(25, 'المزاحمية', 'muzahmiyya', 9, '2023-06-14 06:11:00', '2023-06-14 06:11:00'),
(26, 'المجمعة', 'al majmaah', 9, '2023-06-14 06:11:41', '2023-06-14 06:11:41'),
(27, 'الخبر', 'khobar', 9, '2023-06-14 06:12:01', '2023-06-14 06:12:01'),
(28, 'خميس مشيط', 'khamis mushayt', 9, '2023-06-14 06:12:47', '2023-06-14 06:12:47'),
(29, 'الخفجي', 'khafji', 9, '2023-06-14 06:13:07', '2023-06-14 06:13:07'),
(30, 'الجبيل', 'jubail', 9, '2023-06-14 06:13:43', '2023-06-14 06:13:43'),
(31, 'جيزان', 'jizan', 9, '2023-06-14 06:14:06', '2023-06-14 06:14:06'),
(32, 'الجوف', 'al jawf', 9, '2023-06-14 06:14:28', '2023-06-14 06:14:28'),
(33, 'الظهران', 'dhahran', 9, '2023-06-14 06:15:01', '2023-06-14 06:15:01'),
(34, 'الدمام', 'dammam', 9, '2023-06-14 06:15:29', '2023-06-14 06:15:29'),
(35, 'حفر الباطن', 'hafr al batin', 9, '2023-06-14 06:17:09', '2023-06-14 06:17:09'),
(36, 'حوطة بني تميم', 'hotat bani tamim', 9, '2023-06-14 06:17:39', '2023-06-14 06:17:39'),
(38, 'الإحساء', 'Al Ahsaa', 9, '2024-02-15 05:12:27', '2024-02-20 07:41:27'),
(39, 'المظيلف', 'AL-Mudhaylif', 9, '2024-02-20 08:15:24', '2024-02-20 08:15:24'),
(40, 'الهفوف', 'AL-Hofuf', 9, '2024-02-20 08:16:11', '2024-02-20 08:16:11'),
(41, 'المبرز', 'AL-Mubarraz', 9, '2024-02-20 08:16:51', '2024-02-20 08:16:51'),
(42, 'ضباء', 'Duba', 9, '2024-02-20 08:17:24', '2024-02-20 08:17:24'),
(43, 'الثقبة', 'AL-thiqbuh', 9, '2024-02-20 08:18:21', '2024-02-20 08:18:21'),
(44, 'ينبع', 'Yanbu', 9, '2024-02-20 08:19:25', '2024-02-20 08:19:25'),
(45, 'عرعر', 'Arar', 9, '2024-02-20 08:20:01', '2024-02-20 08:20:01'),
(46, 'الحوية', 'AL-Hawiya', 9, '2024-02-20 08:21:10', '2024-02-20 08:21:10'),
(47, 'عنيزة', 'Onaizah', 9, '2024-02-20 08:21:57', '2024-02-20 08:21:57'),
(48, 'سكاكا', 'Sakaka', 9, '2024-02-20 08:22:57', '2024-02-20 08:22:57'),
(49, 'القريات', 'AL-Qurayya', 9, '2024-02-20 08:23:31', '2024-02-20 08:23:31'),
(50, 'الباحة', 'AL-Baha', 9, '2024-02-20 08:24:07', '2024-02-20 08:24:07'),
(51, 'الزلفي', 'AL-Zulfi', 9, '2024-02-20 08:31:32', '2024-02-20 08:31:32'),
(52, 'الرس', 'AL-Rass', 9, '2024-02-20 08:32:04', '2024-02-20 08:32:04'),
(53, 'وادي الدواسر', 'Wadi AL-Dawasir', 9, '2024-02-20 08:33:38', '2024-02-20 08:33:38'),
(54, 'بيشة', 'Bisha', 9, '2024-02-20 08:34:16', '2024-02-20 08:34:16'),
(55, 'سيهات', 'Saihat', 9, '2024-02-20 08:34:54', '2024-02-20 08:34:54'),
(56, 'شرورة', 'Sharurah', 9, '2024-02-20 08:35:42', '2024-02-20 08:35:42'),
(57, 'بحرة', 'Bahra', 9, '2024-02-20 08:36:23', '2024-02-20 08:36:23'),
(58, 'تاروت', 'Tarot', 9, '2024-02-20 08:37:00', '2024-02-20 08:37:00'),
(59, 'الدوادمي', 'AL-Dawadmi', 9, '2024-02-20 08:37:49', '2024-02-20 08:37:49'),
(60, 'صبياء', 'Sabya', 9, '2024-02-20 08:39:23', '2024-02-20 08:39:23'),
(61, 'بيش', 'Bish', 9, '2024-02-20 08:40:05', '2024-02-20 08:40:05'),
(62, 'أحد رفيدة', 'AL-Rafida', 9, '2024-02-20 08:40:52', '2024-02-20 08:40:52'),
(63, 'القريش', 'Quraysh', 9, '2024-02-20 08:41:36', '2024-02-20 08:41:36'),
(64, 'بارق', 'Barq', 9, '2024-02-20 08:42:04', '2024-02-20 08:42:04'),
(65, 'الأفلاج', 'Aflaj', 9, '2024-02-20 08:43:08', '2024-02-20 13:27:00'),
(66, 'اخرى', 'Other', 9, '2024-02-20 13:15:29', '2024-02-20 13:15:29'),
(67, 'الدرعية', 'AL-Diriyah', 9, '2024-02-20 13:23:20', '2024-02-20 13:23:20'),
(68, 'القويعية', 'AL-Quwayiyah', 9, '2024-02-20 13:25:36', '2024-02-20 13:25:36'),
(69, 'شقراء', 'AL-Shaqra', 9, '2024-02-20 13:28:43', '2024-02-20 13:28:43'),
(70, 'عفيف', 'Afif', 9, '2024-02-20 13:30:14', '2024-02-20 13:30:14'),
(71, 'الغاط', 'AL-Ghat', 9, '2024-02-20 13:31:04', '2024-02-20 13:31:04'),
(72, 'السليل', 'ِِAL-Salil', 9, '2024-02-20 13:32:09', '2024-02-20 13:32:09'),
(73, 'ضرما', 'Dharma', 9, '2024-02-20 13:33:18', '2024-02-20 13:33:18'),
(74, 'رماح', 'AL-Ramah', 9, '2024-02-20 13:34:35', '2024-02-20 13:34:35'),
(75, 'ثادق', 'Thadq', 9, '2024-02-20 13:36:34', '2024-02-20 13:36:34'),
(76, 'حريملاء', 'Harimala', 9, '2024-02-20 13:37:36', '2024-02-20 13:37:36'),
(77, 'الحريق', 'AL-Hariq', 9, '2024-02-20 13:38:17', '2024-02-20 13:38:17'),
(78, 'مرات', 'Maraat', 9, '2024-02-20 13:38:56', '2024-02-20 13:38:56'),
(79, 'الرين', 'AL-Riyn', 9, '2024-02-20 13:39:40', '2024-02-20 13:39:40'),
(80, 'الدلم', 'AL-Dalm', 9, '2024-02-20 13:41:00', '2024-02-20 13:41:00'),
(81, 'القنفذة', 'AL-Qunfadhuh', 9, '2024-02-22 08:36:04', '2024-02-22 08:36:04'),
(82, 'الليث', 'AL-Layth', 9, '2024-02-22 08:37:27', '2024-02-22 08:37:27'),
(83, 'رابغ', 'Rabigh', 9, '2024-02-22 08:38:28', '2024-02-22 08:38:28'),
(84, 'خليص', 'Khulays', 9, '2024-02-22 08:39:38', '2024-02-22 08:39:38'),
(85, 'الخرمة', 'AL-Kharamah', 9, '2024-02-22 08:40:58', '2024-02-22 08:40:58'),
(86, 'رنية', 'Rania', 9, '2024-02-22 08:42:12', '2024-02-22 08:42:12'),
(87, 'تربة', 'Turba', 9, '2024-02-22 08:42:47', '2024-02-22 08:42:47'),
(88, 'الجموم', 'AL-Jamoum', 9, '2024-02-22 08:43:24', '2024-02-22 08:43:24'),
(89, 'الكامل', 'AL-Kamil', 9, '2024-02-22 08:43:58', '2024-02-22 08:43:58'),
(90, 'المويه', 'AL-Muayh', 9, '2024-02-22 08:44:39', '2024-02-22 08:44:39'),
(91, 'ميسان', 'Maysan', 9, '2024-02-22 08:45:15', '2024-02-22 08:45:15'),
(92, 'أضم', 'Adim', 9, '2024-02-22 08:45:44', '2024-02-22 08:45:44'),
(93, 'العرضيات', 'AL-Eardiaat', 9, '2024-02-22 08:46:33', '2024-02-22 08:46:33'),
(94, 'العلا', 'AL-Ula', 9, '2024-02-22 08:48:45', '2024-02-22 08:48:45'),
(95, 'المهد', 'AL-Mahd', 9, '2024-02-22 08:49:18', '2024-02-22 08:49:18'),
(96, 'الحناكية', 'AL-Hanakiya', 9, '2024-02-22 08:50:14', '2024-02-22 08:50:14'),
(97, 'بدر', 'Badr', 9, '2024-02-22 08:50:40', '2024-02-22 08:50:40'),
(98, 'خيبر', 'Khaibar', 9, '2024-02-22 08:51:11', '2024-02-22 08:51:11'),
(99, 'العيص', 'AL-Eis', 9, '2024-02-22 08:51:39', '2024-02-22 08:51:39'),
(100, 'وادي الفرع', 'Wadi AL-fare', 9, '2024-02-22 08:52:43', '2024-02-22 08:52:43'),
(101, 'بريدة', 'Buraydah', 9, '2024-02-22 08:53:26', '2024-02-22 08:53:26'),
(102, 'المذنب', 'Almudhanab', 9, '2024-02-22 08:56:09', '2024-02-22 08:56:09'),
(103, 'البكيرية', 'Al-Bakiriya', 9, '2024-02-22 10:55:23', '2024-02-22 10:55:23'),
(104, 'البدائع', 'AL-Badayie', 9, '2024-02-22 10:58:04', '2024-02-22 10:58:04'),
(105, 'الأسياح', 'AL-Asyah', 9, '2024-02-22 10:59:13', '2024-02-22 10:59:13'),
(106, 'النبهانية', 'AL-Nabhani', 9, '2024-02-22 11:00:23', '2024-02-22 11:00:23'),
(107, 'الشماسية', 'AL-Shamasia', 9, '2024-02-22 11:01:15', '2024-02-22 11:01:15'),
(108, 'عيون الجواء', 'Euyuna AL-Jiwa', 9, '2024-02-22 11:02:33', '2024-02-22 11:02:33'),
(109, 'رياض الخبراء', 'Riyadh AL-Khabara', 9, '2024-02-22 11:03:59', '2024-02-22 11:03:59'),
(110, 'عقلة الصقور', 'Euqlat Alsuqur', 9, '2024-02-22 11:05:16', '2024-02-22 11:05:16'),
(111, 'ضرية', 'Daria', 9, '2024-02-22 11:06:03', '2024-02-22 11:06:03'),
(112, 'الأحساء', 'ِAL-Ahsa', 9, '2024-02-22 11:09:47', '2024-02-22 11:09:47'),
(113, 'رأس تنورة', 'Ras Tanura', 9, '2024-02-22 11:31:21', '2024-02-22 11:31:21'),
(114, 'بقيق', 'Baqiq', 9, '2024-02-22 11:32:01', '2024-02-22 11:32:01'),
(115, 'النعيرية', 'AL-Nairiyah', 9, '2024-02-22 11:32:57', '2024-02-22 11:32:57'),
(116, 'قرية العليا', 'Qaryat Aleulya', 9, '2024-02-22 11:33:53', '2024-02-22 11:33:53'),
(117, 'العديد', 'ALeadid', 9, '2024-02-22 11:34:28', '2024-02-22 11:34:28'),
(118, 'البيضاء', 'Albayda', 9, '2024-02-22 11:35:09', '2024-02-22 11:35:09'),
(119, 'أبها', 'Abha', 9, '2024-02-22 11:36:16', '2024-02-22 11:36:16'),
(120, 'النماص', 'Al_Namas', 9, '2024-02-22 11:37:32', '2024-02-22 11:37:32'),
(121, 'محايل عسير', 'Mahayil Asir', 9, '2024-02-22 11:38:16', '2024-02-22 11:38:16'),
(122, 'ظهران الجنوب', 'Zahran Aljanub', 9, '2024-02-22 11:39:42', '2024-02-22 11:39:42'),
(123, 'تثليث', 'Tathlayt', 9, '2024-02-22 11:40:43', '2024-02-22 11:40:43'),
(124, 'سراة عبيدة', 'Sarat Obeida', 9, '2024-02-22 11:41:36', '2024-02-22 11:41:36'),
(125, 'رجال ألمع', 'Rijal Almae', 9, '2024-02-22 11:42:45', '2024-02-22 11:42:45'),
(126, 'بلقرن', 'Belqarn', 9, '2024-02-22 11:48:39', '2024-02-22 11:48:39'),
(127, 'المجاردة', 'AL-Majarda', 9, '2024-02-22 11:52:23', '2024-02-22 11:52:23'),
(128, 'البرك', 'AL-Birak', 9, '2024-02-22 11:53:04', '2024-02-22 11:53:04'),
(129, 'طريب', 'Tarib', 9, '2024-02-22 11:55:34', '2024-02-22 11:55:34'),
(130, 'الحرجة', 'AL-Harija', 9, '2024-02-22 11:57:16', '2024-02-22 11:57:16'),
(131, 'الوجه', 'Al-Wajh', 9, '2024-02-22 12:08:23', '2024-02-22 12:08:23'),
(132, 'تيماء', 'Taima', 9, '2024-02-22 12:09:20', '2024-02-22 12:09:20'),
(133, 'أملج', 'Umlij', 9, '2024-02-22 12:09:50', '2024-02-22 12:09:50'),
(134, 'حقل', 'Haql', 9, '2024-02-22 12:10:32', '2024-02-22 12:10:32'),
(135, 'البدع', 'AL-Badae', 9, '2024-02-22 12:11:14', '2024-02-22 12:11:14'),
(136, 'حائل', 'Hayil', 9, '2024-02-22 12:12:07', '2024-02-22 12:12:07'),
(137, 'بقعاء', 'Baqea', 9, '2024-02-22 12:13:02', '2024-02-22 12:13:02'),
(138, 'الغزالة', 'AL-Ghazaluh', 9, '2024-02-22 12:13:56', '2024-02-22 12:13:56'),
(139, 'الشنان', 'AL-Shannan', 9, '2024-02-22 12:14:49', '2024-02-22 12:14:49'),
(140, 'الحائط', 'AL-Hayit', 9, '2024-02-22 12:15:23', '2024-02-22 12:15:23'),
(141, 'السليمي', 'AL-Sulimi', 9, '2024-02-22 12:17:07', '2024-02-22 12:17:07'),
(142, 'الشملي', 'AL-Shamli', 9, '2024-02-22 12:17:44', '2024-02-22 12:17:44'),
(143, 'موقق', 'Muaqiq', 9, '2024-02-22 12:18:24', '2024-02-22 12:18:24'),
(144, 'سميراء', 'Samira', 9, '2024-02-22 12:19:00', '2024-02-22 12:19:00'),
(145, 'رفحاء', 'ٌRafha', 9, '2024-02-22 12:33:44', '2024-02-22 12:33:44'),
(146, 'طريف', 'Tarif', 9, '2024-02-22 12:34:17', '2024-02-22 12:34:17'),
(147, 'العويقيلة', 'AL-Awiqila', 9, '2024-02-22 12:35:02', '2024-02-22 12:35:02'),
(148, 'جازان', 'Jazan', 9, '2024-02-22 12:35:39', '2024-02-22 12:35:39'),
(149, 'صبيا', 'Sabiana', 9, '2024-02-22 12:36:06', '2024-02-22 12:36:06'),
(150, 'أبو عريش', 'Abu Arish', 9, '2024-02-22 12:36:48', '2024-02-22 12:36:48'),
(151, 'صامطة', 'Samita', 9, '2024-02-22 12:37:22', '2024-02-22 12:37:22'),
(152, 'الدرب', 'AL-Darb', 9, '2024-02-22 12:39:29', '2024-02-22 12:39:29'),
(153, 'الحرث', 'AL-Harth', 9, '2024-02-22 12:42:25', '2024-02-22 12:42:25'),
(154, 'ضمد', 'Damid', 9, '2024-02-22 12:42:53', '2024-02-22 12:42:53'),
(155, 'الريث', 'AL-Rayith', 9, '2024-02-22 12:43:38', '2024-02-22 12:43:38'),
(156, 'فرسان', 'Fursan', 9, '2024-02-22 12:44:07', '2024-02-22 12:44:07'),
(157, 'الدائر', 'AL-Daayir', 9, '2024-02-22 12:44:41', '2024-02-22 12:44:41'),
(158, 'العارضة', 'AL-Eariduh', 9, '2024-02-22 12:45:27', '2024-02-22 12:45:27'),
(159, 'أحد المسارحة', 'Ahad Almusaraha', 9, '2024-02-22 12:46:43', '2024-02-22 12:46:43'),
(160, 'العيدابي', 'AL-Aydabi', 9, '2024-02-22 12:47:28', '2024-02-22 12:47:28'),
(161, 'فيفاء', 'Fayfa', 9, '2024-02-22 12:48:12', '2024-02-22 12:48:12'),
(162, 'الطوال', 'AL-Tiwal', 9, '2024-02-22 12:51:10', '2024-02-22 12:51:10'),
(163, 'هروب', 'Hurub', 9, '2024-02-22 12:51:35', '2024-02-22 12:51:35'),
(164, 'حبونا', 'Habuwna', 9, '2024-02-22 13:05:58', '2024-02-22 13:05:58'),
(165, 'بدر الجنوب', 'Badr Al-Janoub', 9, '2024-02-22 13:06:46', '2024-02-22 13:06:46'),
(166, 'يدمة', 'Yadima', 9, '2024-02-22 13:07:27', '2024-02-22 13:07:27'),
(167, 'ثار', 'Thar', 9, '2024-02-22 13:07:56', '2024-02-22 13:07:56'),
(168, 'خباش', 'koubash', 9, '2024-02-22 13:08:40', '2024-02-22 13:08:40'),
(169, 'بلجرشي', 'Beljurashi', 9, '2024-02-22 13:10:54', '2024-02-22 13:10:54'),
(170, 'المندق', 'Al-Mandaq', 9, '2024-02-22 13:11:40', '2024-02-22 13:11:40'),
(171, 'المخواة', 'Al-Makhawaa', 9, '2024-02-22 13:12:43', '2024-02-22 13:12:43'),
(172, 'قلوة', 'Qalwa', 9, '2024-02-22 13:22:06', '2024-02-22 13:22:06'),
(173, 'العقيق', 'Aleaqiq', 9, '2024-02-22 13:23:16', '2024-02-22 13:23:16'),
(174, 'القرى', 'Alquraa', 9, '2024-02-22 13:23:47', '2024-02-22 13:23:47'),
(175, 'غامد الزناد', 'Ghamid Alzinad', 9, '2024-02-22 13:24:49', '2024-02-22 13:24:49'),
(176, 'الحجرة', 'Alhujra', 9, '2024-02-22 13:25:20', '2024-02-22 13:25:20'),
(177, 'بني حسن', 'Bani Hassan', 9, '2024-02-22 13:25:55', '2024-02-22 13:25:55'),
(178, 'دومة الجندل', 'Douma Al-jandal', 9, '2024-02-22 13:27:58', '2024-02-22 13:27:58'),
(179, 'طبرجل', 'Tabarjal', 9, '2024-02-22 13:28:46', '2024-02-22 13:28:46');

-- --------------------------------------------------------

--
-- بنية الجدول `messages`
--

CREATE TABLE `messages` (
  `id` bigint UNSIGNED NOT NULL,
  `sender_id` bigint UNSIGNED DEFAULT NULL,
  `receiver_id` bigint UNSIGNED DEFAULT NULL,
  `message` text CHARACTER SET utf8mb4 COLLATE utf8mb4_unicode_ci,
  `chat_id` bigint UNSIGNED DEFAULT NULL,
  `created_at` timestamp NULL DEFAULT NULL,
  `updated_at` timestamp NULL DEFAULT NULL
) ENGINE=InnoDB DEFAULT CHARSET=utf8mb4 COLLATE=utf8mb4_unicode_ci;

--
-- إرجاع أو استيراد بيانات الجدول `messages`
--

INSERT INTO `messages` (`id`, `sender_id`, `receiver_id`, `message`, `chat_id`, `created_at`, `updated_at`) VALUES
(382, 105, 106, 'Hello 🤗', 44, '2024-04-01 10:10:53', '2024-04-01 10:10:53'),
(383, 105, 106, 'صباح الخير، أين أنت الآن؟ 😅', 44, '2024-04-01 11:00:39', '2024-04-01 11:00:39'),
(384, 105, 106, 'I have booked your house cleaning service for December 23 at 10 AM 😁', 44, '2024-04-01 11:12:54', '2024-04-01 11:12:54'),
(385, 106, 105, 'صباح الخير، في الطريق إيك', 44, '2024-04-01 11:42:19', '2024-04-01 11:42:19'),
(386, 106, 105, 'Yes, I have received your order. I will come on that date 😃😃', 44, '2024-04-01 11:46:41', '2024-04-01 11:46:41'),
(387, 105, 106, 'hiii', 44, '2024-04-01 11:49:21', '2024-04-01 11:49:21'),
(388, 105, 106, 'hh', 44, '2024-04-08 10:16:21', '2024-04-08 10:16:21'),
(389, 108, 105, 'hi', 45, '2024-04-08 13:08:57', '2024-04-08 13:08:57'),
(390, 108, 105, 'please reply to test notification', 45, '2024-04-08 13:09:07', '2024-04-08 13:09:07'),
(391, 105, 108, 'hi', 45, '2024-04-08 13:17:34', '2024-04-08 13:17:34'),
(392, 105, 108, 'جالك نوتيفيكشن؟', 45, '2024-04-08 13:17:48', '2024-04-08 13:17:48'),
(393, 105, 108, 'هااا؟', 45, '2024-04-08 13:18:30', '2024-04-08 13:18:30'),
(394, 105, 108, 'همممم 🤔', 45, '2024-04-08 13:19:02', '2024-04-08 13:19:02'),
(395, 105, 108, 'طيب وصلك كدة؟', 45, '2024-04-08 13:35:29', '2024-04-08 13:35:29'),
(396, 108, 105, 'yes', 45, '2024-04-08 13:35:46', '2024-04-08 13:35:46'),
(397, 105, 108, 'بس ايه رأيك ف شكل الشات؟', 45, '2024-04-08 13:36:06', '2024-04-08 13:36:06'),
(398, 108, 105, 'مش بطال', 45, '2024-04-08 13:36:28', '2024-04-08 13:36:28'),
(399, 105, 108, 'أحلى من واتساب نسبياً 🤏', 45, '2024-04-08 13:36:29', '2024-04-08 13:36:29'),
(400, 108, 105, 'بس التيكست كبير اوي و انا بكتبه', 45, '2024-04-08 13:37:10', '2024-04-08 13:37:10'),
(401, 105, 108, 'عشان تشوفي بتكتبي ايه', 45, '2024-04-08 13:37:32', '2024-04-08 13:37:32'),
(402, 108, 105, 'لا منا مش عامية 🤣🤣', 45, '2024-04-08 13:38:01', '2024-04-08 13:38:01'),
(403, 105, 108, 'أنا نظري ضعيف 😂', 45, '2024-04-08 13:38:21', '2024-04-08 13:38:21'),
(404, 108, 105, 'مانت شايف اللي فوق برده اول مرة يبقا كبير كدة', 45, '2024-04-08 13:38:59', '2024-04-08 13:38:59'),
(405, 105, 108, 'عادي بسيطة', 45, '2024-04-08 13:39:20', '2024-04-08 13:39:20'),
(406, 108, 105, 'ال time format', 45, '2024-04-08 13:40:01', '2024-04-08 13:40:01'),
(407, 108, 105, 'بالمرة', 45, '2024-04-08 13:40:04', '2024-04-08 13:40:04'),
(408, 105, 108, 'ماله بقى؟', 45, '2024-04-08 13:40:18', '2024-04-08 13:40:18'),
(409, 105, 108, 'yes', 45, '2024-05-12 08:47:46', '2024-05-12 08:47:46'),
(410, 105, 108, 'tyshjejdjdjdjdj ehejeh', 45, '2024-05-12 08:48:01', '2024-05-12 08:48:01'),
(411, 105, 108, 'اااااااااا', 45, '2024-05-12 08:48:35', '2024-05-12 08:48:35'),
(412, 105, 108, 'tamam', 45, '2024-05-12 09:05:07', '2024-05-12 09:05:07'),
(413, 108, 105, '.hey', 45, '2024-10-23 13:23:51', '2024-10-23 13:23:51'),
(414, 122, 121, 'n', 46, '2025-03-21 01:45:46', '2025-03-21 01:45:46'),
(415, 129, 121, 'اهلا', 47, '2025-05-06 09:15:43', '2025-05-06 09:15:43'),
(416, 130, 121, 'helllo', 48, '2025-05-06 11:12:27', '2025-05-06 11:12:27'),
(417, 130, 108, 'hello', 49, '2025-05-06 11:13:04', '2025-05-06 11:13:04'),
(418, 114, 130, 'hello', 50, '2025-05-06 11:30:22', '2025-05-06 11:30:22'),
(419, 114, 130, 'hi', 50, '2025-05-06 11:30:24', '2025-05-06 11:30:24'),
(420, 114, 130, 'hi', 50, '2025-05-06 11:30:24', '2025-05-06 11:30:24'),
(421, 130, 114, 'hello', 50, '2025-05-06 11:31:31', '2025-05-06 11:31:31');

-- --------------------------------------------------------

--
-- بنية الجدول `migrations`
--

CREATE TABLE `migrations` (
  `id` int UNSIGNED NOT NULL,
  `migration` varchar(255) CHARACTER SET utf8mb4 COLLATE utf8mb4_unicode_ci NOT NULL,
  `batch` int NOT NULL
) ENGINE=InnoDB DEFAULT CHARSET=utf8mb4 COLLATE=utf8mb4_unicode_ci;

--
-- إرجاع أو استيراد بيانات الجدول `migrations`
--

INSERT INTO `migrations` (`id`, `migration`, `batch`) VALUES
(1, '2013_08_16_205159_create_countries_table', 1),
(2, '2013_08_18_064549_create_governorates_table', 1),
(3, '2014_10_12_000000_create_users_table', 1),
(4, '2014_10_12_100000_create_password_resets_table', 1),
(5, '2019_08_19_000000_create_failed_jobs_table', 1),
(6, '2021_08_16_205309_create_categories_table', 1),
(7, '2021_08_16_205310_create_subcategories_table', 1),
(8, '2021_08_16_205346_create_attributes_table', 1),
(9, '2021_08_16_205417_create_subattributes_table', 1),
(10, '2021_08_16_212807_create_admins_table', 1),
(11, '2021_08_16_213216_create_contact_us_table', 1),
(12, '2021_08_16_213245_create_about_us_table', 1),
(13, '2021_08_16_213312_create_terms_table', 1),
(14, '2021_08_17_082803_create_notifications_table', 1),
(16, '2021_08_17_082905_create_firebase_tokens_table', 1),
(17, '2021_08_17_093441_laratrust_setup_tables', 1),
(18, '2021_09_23_085347_create_advertisement_types', 1),
(19, '2021_09_23_085348_create_advertisements_table', 1),
(20, '2021_09_23_085529_create_advertisement_images_table', 1),
(21, '2021_09_23_085600_create_advertisement_attributes_table', 1),
(22, '2021_09_23_085652_create_subscriptions_table', 1),
(23, '2021_09_23_085710_create_users_subscriptions_table', 1),
(25, '2021_10_18_102524_create_sliders_table', 1),
(26, '2021_10_19_205709_create_wishlists_table', 1),
(27, '2021_09_30_081812_create_advertisement_fees', 2),
(28, '2021_09_30_084628_create_advertisement_expirations', 3),
(29, '2021_09_23_085728_create_chats_table', 4),
(30, '2021_09_23_085729_create_messages_table', 4),
(31, '2013_06_12_162657_create_bank_accounts_table', 5),
(32, '2014_10_15_132034_create_funds_table', 6),
(33, '2014_10_14_130915_create_user_follows_table', 7),
(34, '2014_10_14_131135_create_user_rates_table', 7),
(35, '2021_08_16_205310_create_special_advertisements_table', 8),
(36, '2014_07_12_110000_create_reasons_table', 9),
(37, '2015_08_02_185420_create_form_contact_us_table', 10),
(38, '2021_09_24_082836_create_sent_notifications_table', 2);

-- --------------------------------------------------------

--
-- بنية الجدول `notifications`
--

CREATE TABLE `notifications` (
  `id` bigint UNSIGNED NOT NULL,
  `title` varchar(255) CHARACTER SET utf8mb4 COLLATE utf8mb4_unicode_ci DEFAULT NULL,
  `body` text CHARACTER SET utf8mb4 COLLATE utf8mb4_unicode_ci,
  `sentTo` tinyint UNSIGNED DEFAULT NULL,
  `created_at` timestamp NULL DEFAULT NULL,
  `updated_at` timestamp NULL DEFAULT NULL
) ENGINE=InnoDB DEFAULT CHARSET=utf8mb4 COLLATE=utf8mb4_unicode_ci;

--
-- إرجاع أو استيراد بيانات الجدول `notifications`
--

INSERT INTO `notifications` (`id`, `title`, `body`, `sentTo`, `created_at`, `updated_at`) VALUES
(38, 'trades test', 'trades new app', NULL, '2024-04-15 13:02:29', '2024-04-15 13:02:29');

-- --------------------------------------------------------

--
-- بنية الجدول `password_resets`
--

CREATE TABLE `password_resets` (
  `email` varchar(255) CHARACTER SET utf8mb4 COLLATE utf8mb4_unicode_ci NOT NULL,
  `token` varchar(255) CHARACTER SET utf8mb4 COLLATE utf8mb4_unicode_ci NOT NULL,
  `created_at` timestamp NULL DEFAULT NULL
) ENGINE=InnoDB DEFAULT CHARSET=utf8mb4 COLLATE=utf8mb4_unicode_ci;

-- --------------------------------------------------------

--
-- بنية الجدول `permissions`
--

CREATE TABLE `permissions` (
  `id` bigint UNSIGNED NOT NULL,
  `name` varchar(255) CHARACTER SET utf8mb4 COLLATE utf8mb4_unicode_ci NOT NULL,
  `display_name` varchar(255) CHARACTER SET utf8mb4 COLLATE utf8mb4_unicode_ci DEFAULT NULL,
  `description` varchar(255) CHARACTER SET utf8mb4 COLLATE utf8mb4_unicode_ci DEFAULT NULL,
  `created_at` timestamp NULL DEFAULT NULL,
  `updated_at` timestamp NULL DEFAULT NULL
) ENGINE=InnoDB DEFAULT CHARSET=utf8mb4 COLLATE=utf8mb4_unicode_ci;

--
-- إرجاع أو استيراد بيانات الجدول `permissions`
--

INSERT INTO `permissions` (`id`, `name`, `display_name`, `description`, `created_at`, `updated_at`) VALUES
(1, 'main_read', 'Read Main', 'Read Main', '2021-09-29 06:23:31', '2021-09-29 06:23:31'),
(2, 'users_create', 'Create Users', 'Create Users', '2021-09-29 06:23:31', '2021-09-29 06:23:31'),
(3, 'users_read', 'Read Users', 'Read Users', '2021-09-29 06:23:31', '2021-09-29 06:23:31'),
(4, 'users_update', 'Update Users', 'Update Users', '2021-09-29 06:23:31', '2021-09-29 06:23:31'),
(5, 'users_delete', 'Delete Users', 'Delete Users', '2021-09-29 06:23:31', '2021-09-29 06:23:31'),
(6, 'cats_create', 'Create Cats', 'Create Cats', '2021-09-29 06:23:31', '2021-09-29 06:23:31'),
(7, 'cats_read', 'Read Cats', 'Read Cats', '2021-09-29 06:23:31', '2021-09-29 06:23:31'),
(8, 'cats_update', 'Update Cats', 'Update Cats', '2021-09-29 06:23:31', '2021-09-29 06:23:31'),
(9, 'cats_delete', 'Delete Cats', 'Delete Cats', '2021-09-29 06:23:31', '2021-09-29 06:23:31'),
(10, 'subcats_create', 'Create Subcats', 'Create Subcats', '2021-09-29 06:23:32', '2021-09-29 06:23:32'),
(11, 'subcats_read', 'Read Subcats', 'Read Subcats', '2021-09-29 06:23:32', '2021-09-29 06:23:32'),
(12, 'subcats_update', 'Update Subcats', 'Update Subcats', '2021-09-29 06:23:32', '2021-09-29 06:23:32'),
(13, 'subcats_delete', 'Delete Subcats', 'Delete Subcats', '2021-09-29 06:23:32', '2021-09-29 06:23:32'),
(14, 'advertisement_create', 'Create Advertisement', 'Create Advertisement', '2021-09-29 06:23:32', '2021-09-29 06:23:32'),
(15, 'advertisement_read', 'Read Advertisement', 'Read Advertisement', '2021-09-29 06:23:32', '2021-09-29 06:23:32'),
(16, 'advertisement_update', 'Update Advertisement', 'Update Advertisement', '2021-09-29 06:23:32', '2021-09-29 06:23:32'),
(17, 'advertisement_delete', 'Delete Advertisement', 'Delete Advertisement', '2021-09-29 06:23:32', '2021-09-29 06:23:32'),
(18, 'country_create', 'Create Country', 'Create Country', '2021-09-29 06:23:32', '2021-09-29 06:23:32'),
(19, 'country_read', 'Read Country', 'Read Country', '2021-09-29 06:23:32', '2021-09-29 06:23:32'),
(20, 'country_update', 'Update Country', 'Update Country', '2021-09-29 06:23:32', '2021-09-29 06:23:32'),
(21, 'country_delete', 'Delete Country', 'Delete Country', '2021-09-29 06:23:33', '2021-09-29 06:23:33'),
(22, 'subscription_create', 'Create Subscription', 'Create Subscription', '2021-09-29 06:23:33', '2021-09-29 06:23:33'),
(23, 'subscription_read', 'Read Subscription', 'Read Subscription', '2021-09-29 06:23:33', '2021-09-29 06:23:33'),
(24, 'subscription_update', 'Update Subscription', 'Update Subscription', '2021-09-29 06:23:33', '2021-09-29 06:23:33'),
(25, 'subscription_delete', 'Delete Subscription', 'Delete Subscription', '2021-09-29 06:23:33', '2021-09-29 06:23:33'),
(26, 'attribute_create', 'Create Attribute', 'Create Attribute', '2021-09-29 06:23:33', '2021-09-29 06:23:33'),
(27, 'attribute_read', 'Read Attribute', 'Read Attribute', '2021-09-29 06:23:33', '2021-09-29 06:23:33'),
(28, 'attribute_update', 'Update Attribute', 'Update Attribute', '2021-09-29 06:23:33', '2021-09-29 06:23:33'),
(29, 'attribute_delete', 'Delete Attribute', 'Delete Attribute', '2021-09-29 06:23:34', '2021-09-29 06:23:34'),
(30, 'subattribute_create', 'Create Subattribute', 'Create Subattribute', '2021-09-29 06:23:34', '2021-09-29 06:23:34'),
(31, 'subattribute_read', 'Read Subattribute', 'Read Subattribute', '2021-09-29 06:23:34', '2021-09-29 06:23:34'),
(32, 'subattribute_update', 'Update Subattribute', 'Update Subattribute', '2021-09-29 06:23:34', '2021-09-29 06:23:34'),
(33, 'subattribute_delete', 'Delete Subattribute', 'Delete Subattribute', '2021-09-29 06:23:34', '2021-09-29 06:23:34'),
(34, 'notification_create', 'Create Notification', 'Create Notification', '2021-09-29 06:23:34', '2021-09-29 06:23:34'),
(35, 'notification_read', 'Read Notification', 'Read Notification', '2021-09-29 06:23:34', '2021-09-29 06:23:34'),
(36, 'notification_update', 'Update Notification', 'Update Notification', '2021-09-29 06:23:35', '2021-09-29 06:23:35'),
(37, 'notification_delete', 'Delete Notification', 'Delete Notification', '2021-09-29 06:23:35', '2021-09-29 06:23:35'),
(38, 'customers_read', 'Read Customers', 'Read Customers', '2021-09-29 06:23:35', '2021-09-29 06:23:35'),
(39, 'customers_delete', 'Delete Customers', 'Delete Customers', '2021-09-29 06:23:35', '2021-09-29 06:23:35'),
(40, 'setting_read', 'Read Setting', 'Read Setting', '2021-09-29 06:23:35', '2021-09-29 06:23:35'),
(41, 'sliders_create', 'Create Sliders', 'Create Sliders', '2021-09-29 06:23:35', '2021-09-29 06:23:35'),
(42, 'sliders_read', 'Read Sliders', 'Read Sliders', '2021-09-29 06:23:35', '2021-09-29 06:23:35'),
(43, 'sliders_update', 'Update Sliders', 'Update Sliders', '2021-09-29 06:23:35', '2021-09-29 06:23:35'),
(44, 'sliders_delete', 'Delete Sliders', 'Delete Sliders', '2021-09-29 06:23:35', '2021-09-29 06:23:35'),
(45, 'terms_create', 'Create Terms', 'Create Terms', '2021-09-29 06:23:35', '2021-09-29 06:23:35'),
(46, 'terms_read', 'Read Terms', 'Read Terms', '2021-09-29 06:23:35', '2021-09-29 06:23:35'),
(47, 'terms_update', 'Update Terms', 'Update Terms', '2021-09-29 06:23:36', '2021-09-29 06:23:36'),
(48, 'terms_delete', 'Delete Terms', 'Delete Terms', '2021-09-29 06:23:36', '2021-09-29 06:23:36'),
(49, 'rate_read', 'Read Rate', 'Read Rate', '2021-09-29 06:23:36', '2021-09-29 06:23:36'),
(50, 'rate_delete', 'Delete Rate', 'Delete Rate', '2021-09-29 06:23:36', '2021-09-29 06:23:36'),
(51, 'about_read', 'Read About', 'Read About', '2021-09-29 06:23:36', '2021-09-29 06:23:36'),
(52, 'about_update', 'Update About', 'Update About', '2021-09-29 06:23:36', '2021-09-29 06:23:36');

-- --------------------------------------------------------

--
-- بنية الجدول `permission_role`
--

CREATE TABLE `permission_role` (
  `permission_id` bigint UNSIGNED NOT NULL,
  `role_id` bigint UNSIGNED NOT NULL
) ENGINE=InnoDB DEFAULT CHARSET=utf8mb4 COLLATE=utf8mb4_unicode_ci;

--
-- إرجاع أو استيراد بيانات الجدول `permission_role`
--

INSERT INTO `permission_role` (`permission_id`, `role_id`) VALUES
(1, 1),
(2, 1),
(3, 1),
(4, 1),
(5, 1),
(6, 1),
(7, 1),
(8, 1),
(9, 1),
(10, 1),
(11, 1),
(12, 1),
(13, 1),
(14, 1),
(15, 1),
(16, 1),
(17, 1),
(18, 1),
(19, 1),
(20, 1),
(21, 1),
(22, 1),
(23, 1),
(24, 1),
(25, 1),
(26, 1),
(27, 1),
(28, 1),
(29, 1),
(30, 1),
(31, 1),
(32, 1),
(33, 1),
(34, 1),
(35, 1),
(36, 1),
(37, 1),
(38, 1),
(39, 1),
(40, 1),
(41, 1),
(42, 1),
(43, 1),
(44, 1),
(45, 1),
(46, 1),
(47, 1),
(48, 1),
(49, 1),
(50, 1),
(51, 1),
(52, 1);

-- --------------------------------------------------------

--
-- بنية الجدول `permission_user`
--

CREATE TABLE `permission_user` (
  `permission_id` bigint UNSIGNED NOT NULL,
  `user_id` bigint UNSIGNED NOT NULL,
  `user_type` varchar(255) CHARACTER SET utf8mb4 COLLATE utf8mb4_unicode_ci NOT NULL
) ENGINE=InnoDB DEFAULT CHARSET=utf8mb4 COLLATE=utf8mb4_unicode_ci;

-- --------------------------------------------------------

--
-- بنية الجدول `reasons`
--

CREATE TABLE `reasons` (
  `id` bigint UNSIGNED NOT NULL,
  `name_ar` varchar(255) CHARACTER SET utf8mb4 COLLATE utf8mb4_unicode_ci DEFAULT NULL,
  `name_en` varchar(255) CHARACTER SET utf8mb4 COLLATE utf8mb4_unicode_ci DEFAULT NULL,
  `created_at` timestamp NULL DEFAULT NULL,
  `updated_at` timestamp NULL DEFAULT NULL
) ENGINE=MyISAM DEFAULT CHARSET=utf8mb4 COLLATE=utf8mb4_unicode_ci;

--
-- إرجاع أو استيراد بيانات الجدول `reasons`
--

INSERT INTO `reasons` (`id`, `name_ar`, `name_en`, `created_at`, `updated_at`) VALUES
(1, 'غير موجود ', 'unavailable\r\n', NULL, NULL),
(2, 'تم البيع خارج التطبيق ', 'Sold out of the app\r\n', NULL, NULL);

-- --------------------------------------------------------

--
-- بنية الجدول `roles`
--

CREATE TABLE `roles` (
  `id` bigint UNSIGNED NOT NULL,
  `name` varchar(255) CHARACTER SET utf8mb4 COLLATE utf8mb4_unicode_ci NOT NULL,
  `display_name` varchar(255) CHARACTER SET utf8mb4 COLLATE utf8mb4_unicode_ci DEFAULT NULL,
  `description` varchar(255) CHARACTER SET utf8mb4 COLLATE utf8mb4_unicode_ci DEFAULT NULL,
  `created_at` timestamp NULL DEFAULT NULL,
  `updated_at` timestamp NULL DEFAULT NULL
) ENGINE=InnoDB DEFAULT CHARSET=utf8mb4 COLLATE=utf8mb4_unicode_ci;

--
-- إرجاع أو استيراد بيانات الجدول `roles`
--

INSERT INTO `roles` (`id`, `name`, `display_name`, `description`, `created_at`, `updated_at`) VALUES
(1, 'super_admin', 'Super Admin', 'Super Admin', '2021-09-29 06:23:31', '2021-09-29 06:23:31'),
(2, 'admin', 'Admin', 'Admin', '2021-09-29 06:23:40', '2021-09-29 06:23:40');

-- --------------------------------------------------------

--
-- بنية الجدول `role_user`
--

CREATE TABLE `role_user` (
  `role_id` bigint UNSIGNED NOT NULL,
  `user_id` bigint UNSIGNED NOT NULL,
  `user_type` varchar(255) CHARACTER SET utf8mb4 COLLATE utf8mb4_unicode_ci NOT NULL
) ENGINE=InnoDB DEFAULT CHARSET=utf8mb4 COLLATE=utf8mb4_unicode_ci;

--
-- إرجاع أو استيراد بيانات الجدول `role_user`
--

INSERT INTO `role_user` (`role_id`, `user_id`, `user_type`) VALUES
(1, 1, 'App\\Models\\Admin');

-- --------------------------------------------------------

--
-- بنية الجدول `sent_notifications`
--

CREATE TABLE `sent_notifications` (
  `id` bigint UNSIGNED NOT NULL,
  `not_id` bigint UNSIGNED DEFAULT NULL,
  `user_id` bigint UNSIGNED DEFAULT NULL,
  `title` varchar(255) CHARACTER SET utf8mb4 COLLATE utf8mb4_unicode_ci DEFAULT NULL,
  `body` text CHARACTER SET utf8mb4 COLLATE utf8mb4_unicode_ci,
  `ad_id` bigint UNSIGNED DEFAULT NULL,
  `created_at` timestamp NULL DEFAULT NULL,
  `updated_at` timestamp NULL DEFAULT NULL
) ENGINE=InnoDB DEFAULT CHARSET=utf8mb4 COLLATE=utf8mb4_unicode_ci;

--
-- إرجاع أو استيراد بيانات الجدول `sent_notifications`
--

INSERT INTO `sent_notifications` (`id`, `not_id`, `user_id`, `title`, `body`, `ad_id`, `created_at`, `updated_at`) VALUES
(832, NULL, 1, 'dccccccc', 'cddddddddd', 155, '2024-03-04 12:44:38', NULL),
(833, 38, 105, 'trades test', 'trades new app', NULL, '2024-04-15 13:02:29', '2024-04-15 13:02:29'),
(834, 38, 107, 'trades test', 'trades new app', NULL, '2024-04-15 13:02:29', '2024-04-15 13:02:29');

-- --------------------------------------------------------

--
-- بنية الجدول `sliders`
--

CREATE TABLE `sliders` (
  `id` bigint UNSIGNED NOT NULL,
  `cat_id` bigint UNSIGNED DEFAULT NULL,
  `subcat_id` bigint UNSIGNED DEFAULT NULL,
  `ad_id` bigint UNSIGNED DEFAULT NULL,
  `image_ar` varchar(255) CHARACTER SET utf8mb4 COLLATE utf8mb4_unicode_ci DEFAULT 'default.png',
  `image_en` varchar(255) CHARACTER SET utf8mb4 COLLATE utf8mb4_unicode_ci DEFAULT 'default.png',
  `desc_en` varchar(255) CHARACTER SET utf8mb4 COLLATE utf8mb4_unicode_ci DEFAULT NULL,
  `desc_ar` varchar(255) CHARACTER SET utf8mb4 COLLATE utf8mb4_unicode_ci DEFAULT NULL,
  `link` varchar(255) CHARACTER SET utf8mb4 COLLATE utf8mb4_unicode_ci DEFAULT NULL,
  `created_at` timestamp NULL DEFAULT NULL,
  `updated_at` timestamp NULL DEFAULT NULL
) ENGINE=InnoDB DEFAULT CHARSET=utf8mb4 COLLATE=utf8mb4_unicode_ci;

--
-- إرجاع أو استيراد بيانات الجدول `sliders`
--

INSERT INTO `sliders` (`id`, `cat_id`, `subcat_id`, `ad_id`, `image_ar`, `image_en`, `desc_en`, `desc_ar`, `link`, `created_at`, `updated_at`) VALUES
(7, NULL, NULL, NULL, '17145152102317261png', '17145152118619096png', NULL, NULL, NULL, '2024-04-30 22:13:31', '2024-04-30 22:13:31');

-- --------------------------------------------------------

--
-- بنية الجدول `special_advertisements`
--

CREATE TABLE `special_advertisements` (
  `id` bigint UNSIGNED NOT NULL,
  `expiration` bigint UNSIGNED DEFAULT NULL,
  `price` double(8,2) UNSIGNED DEFAULT NULL,
  `cat_id` bigint UNSIGNED NOT NULL,
  `created_at` timestamp NULL DEFAULT NULL,
  `updated_at` timestamp NULL DEFAULT NULL
) ENGINE=InnoDB DEFAULT CHARSET=utf8mb4 COLLATE=utf8mb4_unicode_ci;

--
-- إرجاع أو استيراد بيانات الجدول `special_advertisements`
--

INSERT INTO `special_advertisements` (`id`, `expiration`, `price`, `cat_id`, `created_at`, `updated_at`) VALUES
(9, 90, 40.00, 1, '2023-12-31 10:25:12', '2024-05-19 11:28:49'),
(10, 80, 30.00, 2, '2024-01-10 10:24:31', '2024-05-19 11:29:00'),
(11, 15, 5.00, 7, '2024-03-31 09:37:50', '2024-05-19 11:29:14'),
(12, 30, 7.50, 9, '2024-03-31 09:38:43', '2024-05-19 11:29:19');

-- --------------------------------------------------------

--
-- بنية الجدول `subattributes`
--

CREATE TABLE `subattributes` (
  `id` bigint UNSIGNED NOT NULL,
  `name_en` varchar(255) CHARACTER SET utf8mb4 COLLATE utf8mb4_unicode_ci DEFAULT NULL,
  `name_ar` varchar(255) CHARACTER SET utf8mb4 COLLATE utf8mb4_unicode_ci DEFAULT NULL,
  `value` double(8,2) UNSIGNED DEFAULT NULL,
  `attr_id` bigint UNSIGNED DEFAULT NULL,
  `created_at` timestamp NULL DEFAULT NULL,
  `updated_at` timestamp NULL DEFAULT NULL
) ENGINE=InnoDB DEFAULT CHARSET=utf8mb4 COLLATE=utf8mb4_unicode_ci;

--
-- إرجاع أو استيراد بيانات الجدول `subattributes`
--

INSERT INTO `subattributes` (`id`, `name_en`, `name_ar`, `value`, `attr_id`, `created_at`, `updated_at`) VALUES
(3, 'Plain', 'عادى', NULL, 5, '2021-10-18 10:45:00', '2021-10-18 10:45:00'),
(4, 'Super Lux', 'سوبر لوكس', NULL, 5, '2021-10-18 10:45:14', '2021-10-18 10:45:14'),
(6, '2', '2', NULL, 2, '2021-10-20 14:27:20', '2021-10-20 14:27:20'),
(7, '3', '3', NULL, 2, '2021-10-20 14:27:23', '2021-10-20 14:27:23'),
(8, '4', '4', NULL, 2, '2021-10-20 14:27:28', '2021-10-20 14:27:28'),
(9, '5', '5', NULL, 2, '2021-10-20 14:27:32', '2021-10-20 14:27:32'),
(10, '6', '6', NULL, 2, '2021-10-20 14:27:37', '2021-10-20 14:27:37'),
(51, 'Unfinished', 'غير مشطب', NULL, 5, '2021-11-22 10:20:21', '2021-11-22 10:20:21'),
(68, 'New', 'جديدة', NULL, 40, '2021-12-09 08:10:11', '2021-12-09 08:10:11'),
(69, 'Used', 'مستعملة', NULL, 40, '2021-12-09 08:10:27', '2021-12-09 08:10:27'),
(72, 'C-HR', 'C-HR', NULL, 8, '2021-12-09 08:21:58', '2021-12-09 08:21:58'),
(73, 'XA', 'XA', NULL, 8, '2021-12-09 08:22:09', '2021-12-09 08:22:09'),
(74, 'FJ Cruiser', 'اف جي', NULL, 8, '2021-12-09 08:22:24', '2021-12-09 08:22:24'),
(75, 'Avalon', 'افالون', NULL, 8, '2021-12-09 08:22:37', '2021-12-09 08:22:37'),
(76, 'Avanza', 'افانزا', NULL, 8, '2021-12-09 08:22:52', '2021-12-09 08:22:52'),
(77, 'Innova', 'انوفا', NULL, 8, '2021-12-09 08:23:12', '2021-12-09 08:23:12'),
(78, 'Aurion', 'اوريون', NULL, 8, '2021-12-09 08:23:29', '2021-12-09 08:23:29'),
(79, 'Eco', 'ايكو', NULL, 8, '2021-12-09 08:23:49', '2021-12-09 08:23:49'),
(80, 'Hice', 'هايس', NULL, 8, '2021-12-09 08:26:23', '2021-12-09 08:26:23'),
(81, 'Land Cruiser Prado', 'برادو', NULL, 8, '2021-12-09 08:26:42', '2021-12-09 08:26:42'),
(82, 'Previa', 'بريفيا', NULL, 8, '2021-12-09 08:27:06', '2021-12-09 08:27:06'),
(83, 'Prius', 'بريوس', NULL, 8, '2021-12-09 08:27:30', '2021-12-09 08:27:30'),
(84, 'Land Cruiser 70 Series Pick up', 'تاتشر', NULL, 8, '2021-12-09 08:27:44', '2021-12-09 08:27:44'),
(85, 'Tundra', 'تندرا', NULL, 8, '2021-12-09 08:27:59', '2021-12-09 08:27:59'),
(86, 'Granvia', 'جرانفيا', NULL, 8, '2021-12-09 08:28:23', '2021-12-09 08:28:23'),
(87, 'Rush', 'راش', NULL, 8, '2021-12-09 08:28:38', '2021-12-09 08:28:38'),
(88, 'RAV4', 'راف فور', NULL, 8, '2021-12-09 08:28:51', '2021-12-09 08:28:51'),
(89, 'Land Cruiser 70 Series', 'ربع', NULL, 8, '2021-12-09 08:29:06', '2021-12-09 08:29:06'),
(90, 'Supra', 'سوبرا', NULL, 8, '2021-12-09 08:29:22', '2021-12-09 08:29:22'),
(91, 'Sequoia', 'سيكويا', NULL, 8, '2021-12-09 08:29:38', '2021-12-09 08:29:38'),
(92, 'Fortuner', 'فورتشنر', NULL, 8, '2021-12-09 08:29:54', '2021-12-09 08:29:54'),
(93, 'Camry', 'كامري', NULL, 8, '2021-12-09 08:30:09', '2021-12-09 08:30:09'),
(94, 'Cressida', 'كرسيدا', NULL, 8, '2021-12-09 08:30:24', '2021-12-09 08:30:24'),
(97, 'Land Cruiser', 'لاندكروزر', NULL, 8, '2021-12-09 08:31:07', '2021-12-09 08:31:07'),
(98, 'Highlander', 'هايلاندر', NULL, 8, '2021-12-09 08:31:21', '2021-12-09 08:31:21'),
(99, 'Hilux', 'هايلوكس', NULL, 8, '2021-12-09 08:31:34', '2021-12-09 08:31:34'),
(100, 'Yaris', 'يارس', NULL, 8, '2021-12-09 08:31:49', '2021-12-09 08:31:49'),
(102, 'New', 'جديدة', NULL, 46, '2021-12-09 08:39:40', '2021-12-09 08:39:40'),
(103, 'Used', 'مستعملة', NULL, 46, '2021-12-09 08:39:53', '2021-12-09 08:39:53'),
(104, 'Automatic', 'اوتوماتك', NULL, 47, '2021-12-09 08:40:38', '2021-12-09 08:40:38'),
(105, 'Manually', 'عادي', NULL, 47, '2021-12-09 08:40:56', '2021-12-09 08:40:56'),
(106, 'i10', 'i10', NULL, 11, '2021-12-09 08:44:16', '2021-12-09 08:44:16'),
(107, 'i30', 'i30', NULL, 11, '2021-12-09 08:44:28', '2021-12-09 08:44:28'),
(108, 'i40', 'i40', NULL, 11, '2021-12-09 08:44:38', '2021-12-09 08:44:38'),
(109, 'Atoz', 'اتوز', NULL, 11, '2021-12-09 08:44:54', '2021-12-09 08:44:54'),
(110, 'Azera', 'ازيرا', NULL, 11, '2021-12-09 08:45:12', '2021-12-09 08:45:12'),
(111, 'Accent', 'اكسنت', NULL, 11, '2021-12-09 08:45:27', '2021-12-09 08:45:27'),
(112, 'Elantra', 'النترا', NULL, 11, '2021-12-09 08:45:41', '2021-12-09 08:45:41'),
(113, 'Palisade', 'باليسيد', NULL, 11, '2021-12-09 08:46:01', '2021-12-09 08:46:01'),
(114, 'Trajet', 'تراجيت', NULL, 11, '2021-12-09 08:46:16', '2021-12-09 08:46:16'),
(115, 'Tucson', 'توسان', NULL, 11, '2021-12-09 08:46:29', '2021-12-09 08:46:29'),
(116, 'Terracan', 'تيريكان', NULL, 11, '2021-12-09 08:46:43', '2021-12-09 08:46:43'),
(117, 'Galloper', 'جالوير', NULL, 11, '2021-12-09 08:46:58', '2021-12-09 08:46:58'),
(118, 'Grand Santa Fe', 'جراند سنتافي', NULL, 11, '2021-12-09 08:47:13', '2021-12-09 08:47:13'),
(119, 'Grace', 'جريس', NULL, 11, '2021-12-09 08:47:28', '2021-12-09 08:47:28'),
(120, 'Sentavi', 'سنتافي', NULL, 11, '2021-12-09 08:47:44', '2021-12-09 08:47:44'),
(121, 'Centennial', 'سنتنيال', NULL, 11, '2021-12-09 08:47:59', '2021-12-09 08:47:59'),
(122, 'Sonata', 'سوناتا', NULL, 11, '2021-12-09 08:48:12', '2021-12-09 08:48:12'),
(123, 'Veracruz', 'فيراكروز', NULL, 11, '2021-12-09 08:48:28', '2021-12-09 08:48:28'),
(124, 'Veloster', 'فيلوستر', NULL, 11, '2021-12-09 08:48:46', '2021-12-09 08:48:46'),
(125, 'Creta', 'كريتا', NULL, 11, '2021-12-09 08:48:59', '2021-12-09 08:48:59'),
(126, 'Coupe', 'كوبية', NULL, 11, '2021-12-09 08:49:15', '2021-12-09 08:49:15'),
(127, 'Kona', 'كونا', NULL, 11, '2021-12-09 08:49:34', '2021-12-09 08:49:34'),
(128, 'Matrix', 'ماتريكس', NULL, 11, '2021-12-09 08:49:48', '2021-12-09 08:49:48'),
(129, 'H1', 'H1', NULL, 11, '2021-12-09 08:50:15', '2021-12-09 08:50:15'),
(131, 'New', 'جديدة', NULL, 52, '2021-12-09 08:57:52', '2021-12-09 08:57:52'),
(132, 'Used', 'مستعملة', NULL, 52, '2021-12-09 08:58:04', '2021-12-09 08:58:04'),
(133, 'Automatic', 'اوتوماتك', NULL, 53, '2021-12-09 08:58:49', '2021-12-09 08:58:49'),
(134, 'Manually', 'عادي', NULL, 53, '2021-12-09 08:59:01', '2021-12-09 08:59:01'),
(135, 'AMG', 'AMG', NULL, 50, '2021-12-09 09:00:12', '2021-12-09 09:00:12'),
(136, 'B', 'B', NULL, 50, '2021-12-09 09:00:22', '2021-12-09 09:00:22'),
(137, 'C', 'C', NULL, 50, '2021-12-09 09:00:31', '2021-12-09 09:00:31'),
(138, 'CL', 'CL', NULL, 50, '2021-12-09 09:00:40', '2021-12-09 09:00:40'),
(139, 'CLA', 'CLA', NULL, 50, '2021-12-09 09:00:55', '2021-12-09 09:00:55'),
(140, 'CLK', 'CLK', NULL, 50, '2021-12-09 09:01:04', '2021-12-09 09:01:04'),
(141, 'CLS', 'CLS', NULL, 50, '2021-12-09 09:01:16', '2021-12-09 09:01:16'),
(142, 'E', 'E', NULL, 50, '2021-12-09 09:01:27', '2021-12-09 09:01:27'),
(143, 'GL', 'GL', NULL, 50, '2021-12-09 09:01:36', '2021-12-09 09:01:36'),
(144, 'GLA', 'GLA', NULL, 50, '2021-12-09 09:01:46', '2021-12-09 09:01:46'),
(145, 'GLB', 'GLB', NULL, 50, '2021-12-09 09:01:55', '2021-12-09 09:01:55'),
(146, 'GLC', 'GLC', NULL, 50, '2021-12-09 09:02:04', '2021-12-09 09:02:04'),
(147, 'GLE', 'GLE', NULL, 50, '2021-12-09 09:02:15', '2021-12-09 09:02:15'),
(148, 'GLK', 'GLK', NULL, 50, '2021-12-09 09:02:27', '2021-12-09 09:02:27'),
(149, 'GLS', 'GLS', NULL, 50, '2021-12-09 09:02:36', '2021-12-09 09:02:36'),
(150, 'GT', 'GT', NULL, 50, '2021-12-09 09:02:47', '2021-12-09 09:02:47'),
(151, 'GTS', 'GTS', NULL, 50, '2021-12-09 09:02:59', '2021-12-09 09:02:59'),
(152, 'ML', 'ML', NULL, 50, '2021-12-09 09:03:10', '2021-12-09 09:03:10'),
(153, 'R', 'R', NULL, 50, '2021-12-09 09:03:19', '2021-12-09 09:03:19'),
(154, 'S', 'S', NULL, 50, '2021-12-09 09:03:28', '2021-12-09 09:03:28'),
(155, 'SE', 'SE', NULL, 50, '2021-12-09 09:03:37', '2021-12-09 09:03:37'),
(156, 'SEC', 'SEC', NULL, 50, '2021-12-09 09:03:46', '2021-12-09 09:03:46'),
(157, 'SEL', 'SEL', NULL, 50, '2021-12-09 09:03:55', '2021-12-09 09:03:55'),
(158, 'SL', 'SL', NULL, 50, '2021-12-09 09:04:05', '2021-12-09 09:04:05'),
(159, 'SLC', 'SLC', NULL, 50, '2021-12-09 09:04:20', '2021-12-09 09:04:20'),
(160, 'SLK', 'SLK', NULL, 50, '2021-12-09 09:04:30', '2021-12-09 09:04:30'),
(161, 'A-Class', 'الفئة A', NULL, 50, '2021-12-09 09:04:46', '2021-12-09 09:04:46'),
(162, 'V-Class', 'الفئة V', NULL, 50, '2021-12-09 09:04:59', '2021-12-09 09:04:59'),
(163, 'Van Sprinter', 'فان سبرنتر', NULL, 50, '2021-12-09 09:05:12', '2021-12-09 09:05:12'),
(164, 'Maybach', 'مايباخ', NULL, 50, '2021-12-09 09:05:29', '2021-12-09 09:05:29'),
(165, 'Mercedes-Benz G', 'مرسيدس بينز G', NULL, 50, '2021-12-09 09:05:56', '2021-12-09 09:05:56'),
(166, 'Other Model', 'موديل اخر', NULL, 50, '2021-12-09 09:06:12', '2021-12-09 09:06:12'),
(167, 'Corolla', 'كورلا', NULL, 8, '2021-12-09 09:13:32', '2021-12-09 09:13:32'),
(168, 'Corolla Cross', 'كورلا كروس', NULL, 8, '2021-12-09 09:14:07', '2021-12-09 09:14:07'),
(169, 'New', 'جديدة', NULL, 57, '2021-12-09 10:40:36', '2021-12-09 10:40:36'),
(170, 'Used', 'مستعملة', NULL, 57, '2021-12-09 10:40:52', '2021-12-09 10:40:52'),
(171, 'Automatic', 'اوتوماتك', NULL, 58, '2021-12-09 10:41:39', '2021-12-09 10:41:39'),
(172, 'Manually', 'عادي', NULL, 58, '2021-12-09 10:41:53', '2021-12-09 10:41:53'),
(185, '370Z', '370Z', NULL, 55, '2021-12-09 11:55:13', '2021-12-09 11:55:13'),
(186, 'GTR', 'GTR', NULL, 55, '2021-12-09 11:55:24', '2021-12-09 11:55:24'),
(187, 'Armada', 'ارمادا', NULL, 55, '2021-12-09 11:55:37', '2021-12-09 11:55:37'),
(188, 'X Trail', 'اكس تريل', NULL, 55, '2021-12-09 11:55:52', '2021-12-09 11:55:52'),
(189, 'Xterra', 'اكستيرا', NULL, 55, '2021-12-09 11:56:04', '2021-12-09 11:56:04'),
(190, 'Altima', 'التيما', NULL, 55, '2021-12-09 11:56:29', '2021-12-09 11:56:29'),
(191, 'Orphan', 'اورفان', NULL, 55, '2021-12-09 11:56:42', '2021-12-09 11:56:42'),
(192, 'Patrol', 'باترول', NULL, 55, '2021-12-09 11:57:01', '2021-12-09 11:57:01'),
(193, 'Patrol Safari', 'باترول سفاري', NULL, 55, '2021-12-09 11:57:15', '2021-12-09 11:57:15'),
(194, 'Pathfinder', 'باثفندر', NULL, 55, '2021-12-09 11:57:27', '2021-12-09 11:57:27'),
(195, 'Primera', 'بريميرا', NULL, 55, '2021-12-09 11:57:39', '2021-12-09 11:57:39'),
(196, 'Tiida', 'تيدا', NULL, 55, '2021-12-09 11:58:24', '2021-12-09 11:58:24'),
(197, 'Terrano', 'تيرانو', NULL, 55, '2021-12-09 11:58:37', '2021-12-09 11:58:37'),
(198, 'Gloria', 'جلوريا', NULL, 55, '2021-12-09 11:58:51', '2021-12-09 11:58:51'),
(199, 'Juke', 'جوك', NULL, 55, '2021-12-09 11:59:04', '2021-12-09 11:59:04'),
(200, 'DDSEN', 'ددسن', NULL, 55, '2021-12-09 11:59:16', '2021-12-09 11:59:16'),
(201, 'Skyline', 'سكاي لاين', NULL, 55, '2021-12-09 11:59:28', '2021-12-09 11:59:28'),
(202, 'Sentra', 'سنترا', NULL, 55, '2021-12-09 11:59:40', '2021-12-09 11:59:40'),
(203, 'Civilian', 'سيفيليان', NULL, 55, '2021-12-09 11:59:54', '2021-12-09 11:59:54'),
(204, 'Sunny', 'صني', NULL, 55, '2021-12-09 12:00:05', '2021-12-09 12:00:05'),
(205, 'Class Z', 'فئة Z', NULL, 55, '2021-12-09 12:00:18', '2021-12-09 12:00:18'),
(206, 'Qashqai', 'قاشقاي', NULL, 55, '2021-12-09 12:00:29', '2021-12-09 12:00:29'),
(207, 'Kicks', 'كيكس', NULL, 55, '2021-12-09 12:00:41', '2021-12-09 12:00:41'),
(208, 'Maxima', 'مكسيما', NULL, 55, '2021-12-09 12:00:53', '2021-12-09 12:00:53'),
(209, 'Murano', 'مورانو', NULL, 55, '2021-12-09 12:01:06', '2021-12-09 12:01:06'),
(210, 'Navara', 'نافارا', NULL, 55, '2021-12-09 12:01:18', '2021-12-09 12:01:18'),
(211, 'Nissan PickUp', 'نيسان تاتشر', NULL, 55, '2021-12-09 12:02:04', '2021-12-09 12:02:04'),
(212, 'New', 'جديدة', NULL, 61, '2021-12-09 12:05:15', '2021-12-09 12:05:15'),
(213, 'Used', 'مستعملة', NULL, 61, '2021-12-09 12:05:27', '2021-12-09 12:05:27'),
(214, 'Automatic', 'اوتوماتك', NULL, 63, '2021-12-09 12:06:25', '2021-12-09 12:06:25'),
(215, 'Manually', 'عادي', NULL, 63, '2021-12-09 12:06:37', '2021-12-09 12:06:37'),
(216, 'CRV', 'CRV', NULL, 60, '2021-12-09 12:07:52', '2021-12-09 12:07:52'),
(217, 'HRV', 'HRV', NULL, 60, '2021-12-09 12:08:01', '2021-12-09 12:08:01'),
(218, 'Accord', 'اكورد', NULL, 60, '2021-12-09 12:08:12', '2021-12-09 12:08:12'),
(219, 'Integra', 'انتيجرا', NULL, 60, '2021-12-09 12:08:24', '2021-12-09 12:08:24'),
(220, 'Odyssey', 'اوديسي', NULL, 60, '2021-12-09 12:08:36', '2021-12-09 12:08:36'),
(221, 'Pilot', 'بايلوت', NULL, 60, '2021-12-09 12:09:34', '2021-12-09 12:09:34'),
(222, 'Brielle', 'بريليود', NULL, 60, '2021-12-09 12:09:47', '2021-12-09 12:09:47'),
(223, 'City', 'سيتي', NULL, 60, '2021-12-09 12:09:59', '2021-12-09 12:09:59'),
(224, 'Civic', 'سيفيك', NULL, 60, '2021-12-09 12:10:10', '2021-12-09 12:10:10'),
(225, 'Legend', 'ليجيند', NULL, 60, '2021-12-09 12:11:13', '2021-12-09 12:11:13'),
(226, 'New', 'جديدة', NULL, 67, '2021-12-09 12:12:55', '2021-12-09 12:12:55'),
(227, 'Used', 'مستعملة', NULL, 67, '2021-12-09 12:13:06', '2021-12-09 12:13:06'),
(228, 'Automatic', 'اوتوماتك', NULL, 69, '2021-12-09 12:14:02', '2021-12-09 12:14:02'),
(229, 'Manually', 'عادي', NULL, 69, '2021-12-09 12:14:16', '2021-12-09 12:14:16'),
(230, 'Other Model', 'موديل اخر', NULL, 55, '2021-12-09 12:17:24', '2021-12-09 12:17:24'),
(231, 'Other Model', 'موديل اخر', NULL, 60, '2021-12-09 12:18:05', '2021-12-09 12:18:05'),
(232, 'ASX', 'ASX', NULL, 66, '2021-12-09 12:18:34', '2021-12-09 12:18:34'),
(233, 'L200', 'L200', NULL, 66, '2021-12-09 12:18:41', '2021-12-09 12:18:41'),
(234, 'Attrage', 'اتراج', NULL, 66, '2021-12-09 12:18:51', '2021-12-09 12:18:51'),
(235, 'Xpander', 'اكسباندر', NULL, 66, '2021-12-09 12:19:01', '2021-12-09 12:19:01'),
(236, 'Eclipse Cross', 'اكليبس كروس', NULL, 66, '2021-12-09 12:19:12', '2021-12-09 12:19:12'),
(237, 'Outlander', 'اوتلاندر', NULL, 66, '2021-12-09 12:19:24', '2021-12-09 12:19:24'),
(238, 'Pajero', 'باجيرو', NULL, 66, '2021-12-09 12:19:36', '2021-12-09 12:19:36'),
(239, 'Galant', 'جالنت', NULL, 66, '2021-12-09 12:19:47', '2021-12-09 12:19:47'),
(240, 'Grandis', 'جرانديز', NULL, 66, '2021-12-09 12:20:01', '2021-12-09 12:20:01'),
(241, 'Space Star', 'سبيس ستار', NULL, 66, '2021-12-09 12:20:14', '2021-12-09 12:20:14'),
(242, 'Sigma', 'سيجما', NULL, 66, '2021-12-09 12:20:24', '2021-12-09 12:20:24'),
(243, 'Colt', 'كولت', NULL, 66, '2021-12-09 12:20:37', '2021-12-09 12:20:37'),
(244, 'Lancer', 'لانسر', NULL, 66, '2021-12-09 12:20:48', '2021-12-09 12:20:48'),
(245, 'Magna', 'ماجنا', NULL, 66, '2021-12-09 12:20:58', '2021-12-09 12:20:58'),
(246, 'Montero', 'مونتيرو', NULL, 66, '2021-12-09 12:21:10', '2021-12-09 12:21:10'),
(247, 'Nativa', 'ناتيفا', NULL, 66, '2021-12-09 12:21:20', '2021-12-09 12:21:20'),
(248, 'Other Model', 'موديل اخر', NULL, 66, '2021-12-09 12:21:33', '2021-12-09 12:21:33'),
(249, 'Other Model', 'موديل اخر', NULL, 8, '2021-12-12 06:19:45', '2021-12-12 06:19:45'),
(250, 'New', 'جديدة', NULL, 73, '2021-12-12 06:23:39', '2021-12-12 06:23:39'),
(251, 'Used', 'مستعملة', NULL, 73, '2021-12-12 06:23:51', '2021-12-12 06:23:51'),
(252, 'Automatic', 'اوتوماتك', NULL, 75, '2021-12-12 06:25:01', '2021-12-12 06:25:01'),
(253, 'Manually', 'عادي', NULL, 75, '2021-12-12 06:25:14', '2021-12-12 06:25:14'),
(254, 'Series i', 'الفئة i', NULL, 72, '2021-12-12 06:27:26', '2021-12-12 06:27:26'),
(255, 'Series M', 'الفئة M', NULL, 72, '2021-12-12 06:27:37', '2021-12-12 06:27:37'),
(256, 'Series X', 'الفئة X', NULL, 72, '2021-12-12 06:27:49', '2021-12-12 06:27:49'),
(257, 'Series Z', 'الفئة Z', NULL, 72, '2021-12-12 06:28:03', '2021-12-12 06:28:03'),
(258, 'Series 1st', 'الفئة الأولى', NULL, 72, '2021-12-12 06:28:24', '2021-12-12 06:28:24'),
(261, 'Series 2', 'الفئة الثانية', NULL, 72, '2021-12-12 06:31:10', '2021-12-12 06:31:10'),
(262, 'Series III', 'الفئة الثالثة', NULL, 72, '2021-12-12 06:31:25', '2021-12-12 06:31:25'),
(263, 'Series 4', 'الفئة الرابعة', NULL, 72, '2021-12-12 06:31:41', '2021-12-12 06:31:41'),
(264, '5 Series', 'الفئة الخامسة', NULL, 72, '2021-12-12 06:32:06', '2021-12-12 06:32:06'),
(266, 'Series 6', 'الفئة السادسة', NULL, 72, '2021-12-12 06:33:01', '2021-12-12 06:33:01'),
(267, 'Series 7', 'الفئة السابعة', NULL, 72, '2021-12-12 06:33:18', '2021-12-12 06:33:18'),
(268, 'Series 8', 'الفئة الثامنة', NULL, 72, '2021-12-12 06:33:32', '2021-12-12 06:33:32'),
(269, 'Mini Cooper', 'ميني كوبر', NULL, 72, '2021-12-12 06:33:50', '2021-12-12 06:33:50'),
(270, 'Other Model', 'موديل اخر', NULL, 72, '2021-12-12 06:34:18', '2021-12-12 06:34:18'),
(271, 'New', 'جديدة', NULL, 79, '2021-12-12 06:38:14', '2021-12-12 06:38:14'),
(272, 'Used', 'مستعملة', NULL, 79, '2021-12-12 06:38:26', '2021-12-12 06:38:26'),
(273, 'Automatic', 'اوتوماتك', NULL, 81, '2021-12-12 06:39:24', '2021-12-12 06:39:24'),
(274, 'Manually', 'عادي', NULL, 81, '2021-12-12 06:39:38', '2021-12-12 06:39:38'),
(275, 'Passat', 'باسات', NULL, 78, '2021-12-12 06:40:52', '2021-12-12 06:40:52'),
(276, 'Polo', 'بولو', NULL, 78, '2021-12-12 06:41:05', '2021-12-12 06:41:05'),
(277, 'Beetle', 'بيتل', NULL, 78, '2021-12-12 06:41:18', '2021-12-12 06:41:18'),
(278, 'Tiguan', 'تيجوان', NULL, 78, '2021-12-12 06:41:31', '2021-12-12 06:41:31'),
(279, 'Teramont', 'تيرامونت', NULL, 78, '2021-12-12 06:41:43', '2021-12-12 06:41:43'),
(280, 'Golf', 'جولف', NULL, 78, '2021-12-12 06:41:56', '2021-12-12 06:41:56'),
(281, 'Jetta', 'جيتا', NULL, 78, '2021-12-12 06:42:08', '2021-12-12 06:42:08'),
(282, 'Scirocco', 'شيروكو', NULL, 78, '2021-12-12 06:42:21', '2021-12-12 06:42:21'),
(283, 'Touareg', 'طوارق', NULL, 78, '2021-12-12 06:42:32', '2021-12-12 06:42:32'),
(284, 'Other Model', 'موديل اخر', NULL, 78, '2021-12-12 06:42:46', '2021-12-12 06:42:46'),
(285, 'New', 'جديدة', NULL, 85, '2021-12-12 08:00:39', '2021-12-12 08:00:39'),
(286, 'Used', 'مستعملة', NULL, 85, '2021-12-12 08:00:50', '2021-12-12 08:00:50'),
(287, 'Automatic', 'اوتوماتك', NULL, 87, '2021-12-12 08:02:03', '2021-12-12 08:02:03'),
(288, 'Manually', 'عادي', NULL, 87, '2021-12-12 08:02:14', '2021-12-12 08:02:14'),
(289, 'G70', 'G70', NULL, 84, '2021-12-12 08:03:23', '2021-12-12 08:03:23'),
(290, 'G80', 'G80', NULL, 84, '2021-12-12 08:03:33', '2021-12-12 08:03:33'),
(291, 'G90', 'G90', NULL, 84, '2021-12-12 08:03:43', '2021-12-12 08:03:43'),
(292, 'GV80', 'GV80', NULL, 84, '2021-12-12 08:03:53', '2021-12-12 08:03:53'),
(293, 'GV70', 'GV70', NULL, 84, '2021-12-12 08:04:04', '2021-12-12 08:04:04'),
(294, 'Other Model', 'موديل اخر', NULL, 84, '2021-12-12 08:04:19', '2021-12-12 08:04:19'),
(295, 'New', 'جديدة', NULL, 91, '2021-12-12 08:10:56', '2021-12-12 08:10:56'),
(296, 'Used', 'مستعملة', NULL, 91, '2021-12-12 08:11:09', '2021-12-12 08:11:09'),
(297, 'Automatic', 'اوتوماتك', NULL, 93, '2021-12-12 08:12:20', '2021-12-12 08:12:20'),
(298, 'Manually', 'عادي', NULL, 93, '2021-12-12 08:12:30', '2021-12-12 08:12:30'),
(299, 'APV Pickup', 'APV بيك اب', NULL, 90, '2021-12-12 08:15:07', '2021-12-12 08:15:07'),
(300, 'APV van', 'APV فان', NULL, 90, '2021-12-12 08:15:21', '2021-12-12 08:15:21'),
(301, 'SX4', 'SX4', NULL, 90, '2021-12-12 08:15:30', '2021-12-12 08:15:30'),
(302, 'Ertiga', 'ارتيجا', NULL, 90, '2021-12-12 08:15:44', '2021-12-12 08:15:44'),
(303, 'Baleno', 'بالينو', NULL, 90, '2021-12-12 08:15:56', '2021-12-12 08:15:56'),
(304, 'Grand Vitara', 'جراند فيتارا', NULL, 90, '2021-12-12 08:16:08', '2021-12-12 08:16:08'),
(305, 'Jimny', 'جمني', NULL, 90, '2021-12-12 08:16:21', '2021-12-12 08:16:21'),
(306, 'Dzire', 'ديزاير', NULL, 90, '2021-12-12 08:17:36', '2021-12-12 08:17:36'),
(307, 'Samurai', 'ساموراي', NULL, 90, '2021-12-12 08:17:50', '2021-12-12 08:17:50'),
(308, 'Swift', 'سويفت', NULL, 90, '2021-12-12 08:18:05', '2021-12-12 08:18:05'),
(309, 'Ciaz', 'سياز', NULL, 90, '2021-12-12 08:18:18', '2021-12-12 08:18:18'),
(310, 'Celerio', 'سيليريو', NULL, 90, '2021-12-12 08:18:31', '2021-12-12 08:18:31'),
(311, 'Vitara', 'فيتارا', NULL, 90, '2021-12-12 08:18:43', '2021-12-12 08:18:43'),
(312, 'Kizashi', 'كيزاشي', NULL, 90, '2021-12-12 08:18:55', '2021-12-12 08:18:55'),
(313, 'Liana', 'ليانا', NULL, 90, '2021-12-12 08:19:07', '2021-12-12 08:19:07'),
(314, 'Other Model', 'موديل اخر', NULL, 90, '2021-12-12 08:19:20', '2021-12-12 08:19:20'),
(315, 'New', 'جديدة', NULL, 97, '2021-12-12 08:21:35', '2021-12-12 08:21:35'),
(316, 'Used', 'مستعملة', NULL, 97, '2021-12-12 08:21:48', '2021-12-12 08:21:48'),
(317, 'Automatic', 'اوتوماتك', NULL, 99, '2021-12-12 08:23:22', '2021-12-12 08:23:22'),
(318, 'Manually', 'عادي', NULL, 99, '2021-12-12 08:23:34', '2021-12-12 08:23:34'),
(319, 'Taurus', 'تيريوس', NULL, 96, '2021-12-12 08:24:53', '2021-12-12 08:24:53'),
(320, 'Sirion', 'سيريون', NULL, 96, '2021-12-12 08:25:06', '2021-12-12 08:25:06'),
(321, 'Materia', 'ماتيريا', NULL, 96, '2021-12-12 08:25:18', '2021-12-12 08:25:18'),
(322, 'Other Model', 'موديل اخر', NULL, 96, '2021-12-12 08:26:20', '2021-12-12 08:26:20'),
(323, 'New', 'جديدة', NULL, 103, '2021-12-12 08:27:42', '2021-12-12 08:27:42'),
(324, 'Used', 'مستعملة', NULL, 103, '2021-12-12 08:27:53', '2021-12-12 08:27:53'),
(325, 'Automatic', 'اوتوماتك', NULL, 105, '2021-12-12 08:28:50', '2021-12-12 08:28:50'),
(326, 'Manually', 'عادي', NULL, 105, '2021-12-12 08:29:05', '2021-12-12 08:29:05'),
(327, '206', '206', NULL, 102, '2021-12-12 08:30:06', '2021-12-12 08:30:06'),
(328, '301', '301', NULL, 102, '2021-12-12 08:30:15', '2021-12-12 08:30:15'),
(329, '307', '307', NULL, 102, '2021-12-12 08:30:23', '2021-12-12 08:30:23'),
(330, '404', '404', NULL, 102, '2021-12-12 08:30:33', '2021-12-12 08:30:33'),
(331, '406', '406', NULL, 102, '2021-12-12 08:30:41', '2021-12-12 08:30:41'),
(332, '407', '407', NULL, 102, '2021-12-12 08:30:50', '2021-12-12 08:30:50'),
(333, '508', '508', NULL, 102, '2021-12-12 08:31:00', '2021-12-12 08:31:00'),
(334, '607', '607', NULL, 102, '2021-12-12 08:31:13', '2021-12-12 08:31:13'),
(335, '3008', '3008', NULL, 102, '2021-12-12 08:31:23', '2021-12-12 08:31:23'),
(336, '5008', '5008', NULL, 102, '2021-12-12 08:31:31', '2021-12-12 08:31:31'),
(337, 'Expert', 'اكسبيرت', NULL, 102, '2021-12-12 08:31:43', '2021-12-12 08:31:43'),
(338, 'Partner', 'بارتنر', NULL, 102, '2021-12-12 08:31:58', '2021-12-12 08:31:58'),
(339, 'Boxer', 'بوكسر', NULL, 102, '2021-12-12 08:32:09', '2021-12-12 08:32:09'),
(340, 'Other Model', 'موديل اخر', NULL, 102, '2021-12-12 08:32:22', '2021-12-12 08:32:22'),
(341, 'New', 'جديدة', NULL, 109, '2021-12-12 08:36:32', '2021-12-12 08:36:32'),
(342, 'Used', 'مستعملة', NULL, 109, '2021-12-12 08:36:45', '2021-12-12 08:36:45'),
(343, 'Automatic', 'اوتوماتك', NULL, 111, '2021-12-12 08:37:43', '2021-12-12 08:37:43'),
(344, 'Manually', 'عادي', NULL, 111, '2021-12-12 08:37:56', '2021-12-12 08:37:56'),
(345, '5', '5', NULL, 108, '2021-12-12 08:38:57', '2021-12-12 08:38:57'),
(346, '6', '6', NULL, 108, '2021-12-12 08:39:05', '2021-12-12 08:39:05'),
(347, 'HS', 'HS', NULL, 108, '2021-12-12 08:39:14', '2021-12-12 08:39:14'),
(348, 'MG RX8', 'MG RX8', NULL, 108, '2021-12-12 08:39:23', '2021-12-12 08:39:23'),
(349, 'RX5', 'RX5', NULL, 108, '2021-12-12 08:39:31', '2021-12-12 08:39:31'),
(350, 'T60', 'T60', NULL, 108, '2021-12-12 08:39:42', '2021-12-12 08:39:42'),
(351, 'ZS', 'ZS', NULL, 108, '2021-12-12 08:39:52', '2021-12-12 08:39:52'),
(352, 'Other Model', 'موديل اخر', NULL, 108, '2021-12-12 08:40:03', '2021-12-12 08:40:03'),
(353, 'New', 'جديدة', NULL, 115, '2021-12-12 10:34:37', '2021-12-12 10:34:37'),
(354, 'Used', 'مستعملة', NULL, 115, '2021-12-12 10:34:48', '2021-12-12 10:34:48'),
(355, 'Automatic', 'اوتوماتك', NULL, 117, '2021-12-12 10:35:43', '2021-12-12 10:35:43'),
(356, 'Manually', 'عادي', NULL, 117, '2021-12-12 10:35:55', '2021-12-12 10:35:55'),
(357, 'EC7', 'EC7', NULL, 114, '2021-12-12 10:36:49', '2021-12-12 10:36:49'),
(358, 'EC8', 'EC8', NULL, 114, '2021-12-12 10:36:58', '2021-12-12 10:36:58'),
(359, 'Azkarra', 'ازكارا', NULL, 114, '2021-12-12 10:37:10', '2021-12-12 10:37:10'),
(360, 'Emgrand 7', 'امجراند 7', NULL, 114, '2021-12-12 10:37:24', '2021-12-12 10:37:24'),
(361, 'Emgrand GS', 'امجراند GS', NULL, 114, '2021-12-12 10:37:36', '2021-12-12 10:37:36'),
(362, 'Emgrand X7', 'امجراند X7', NULL, 114, '2021-12-12 10:37:48', '2021-12-12 10:37:48'),
(363, 'LC Panda', 'باندا', NULL, 114, '2021-12-12 10:37:59', '2021-12-12 10:37:59'),
(364, 'Binray', 'بينراي', NULL, 114, '2021-12-12 10:38:14', '2021-12-12 10:38:14'),
(365, 'Tugella', 'توجيلا', NULL, 114, '2021-12-12 10:38:25', '2021-12-12 10:38:25'),
(366, 'Coolray', 'كولراي', NULL, 114, '2021-12-12 10:38:36', '2021-12-12 10:38:36'),
(367, 'Other Model', 'موديل اخر', NULL, 114, '2021-12-12 10:38:48', '2021-12-12 10:38:48'),
(368, 'New', 'جديدة', NULL, 121, '2021-12-12 10:42:19', '2021-12-12 10:42:19'),
(369, 'Used', 'مستعملة', NULL, 121, '2021-12-12 10:42:31', '2021-12-12 10:42:31'),
(370, 'Automatic', 'اوتوماتك', NULL, 123, '2021-12-12 10:43:24', '2021-12-12 10:43:24'),
(371, 'Manually', 'عادي', NULL, 123, '2021-12-12 10:43:36', '2021-12-12 10:43:36'),
(372, 'Octavia', 'أوكتافيا', NULL, 120, '2021-12-12 10:44:47', '2021-12-12 10:44:47'),
(373, 'Rapid', 'رابيد', NULL, 120, '2021-12-12 10:44:57', '2021-12-12 10:44:57'),
(374, 'Superb', 'سوبيرب', NULL, 120, '2021-12-12 10:45:08', '2021-12-12 10:45:08'),
(375, 'Fabia', 'فابيا', NULL, 120, '2021-12-12 10:45:19', '2021-12-12 10:45:19'),
(376, 'Karoq', 'كاروك', NULL, 120, '2021-12-12 10:45:30', '2021-12-12 10:45:30'),
(377, 'Kodiaq', 'كودياك', NULL, 120, '2021-12-12 10:45:41', '2021-12-12 10:45:41'),
(378, 'Other Model', 'موديل اخر', NULL, 120, '2021-12-12 10:45:54', '2021-12-12 10:45:54'),
(379, 'New', 'جديدة', NULL, 127, '2021-12-12 10:48:09', '2021-12-12 10:48:09'),
(380, 'Used', 'مستعملة', NULL, 127, '2021-12-12 10:48:19', '2021-12-12 10:48:19'),
(381, 'Automatic', 'اوتوماتك', NULL, 129, '2021-12-12 10:49:19', '2021-12-12 10:49:19'),
(382, 'Manually', 'عادي', NULL, 129, '2021-12-12 10:49:27', '2021-12-12 10:49:27'),
(383, 'K5', 'K5', NULL, 126, '2021-12-12 10:50:31', '2021-12-12 10:50:31'),
(384, 'K8', 'K8', NULL, 126, '2021-12-12 10:50:38', '2021-12-12 10:50:38'),
(385, 'K900', 'K900', NULL, 126, '2021-12-12 10:50:46', '2021-12-12 10:50:46'),
(386, 'Optima', 'اوبتيما', NULL, 126, '2021-12-12 10:50:58', '2021-12-12 10:50:58'),
(387, 'Opirus', 'اوبيروس', NULL, 126, '2021-12-12 10:51:08', '2021-12-12 10:51:08'),
(388, 'Pegas', 'بيجاس', NULL, 126, '2021-12-12 10:51:17', '2021-12-12 10:51:17'),
(389, 'Picanto', 'بيكانتو', NULL, 126, '2021-12-12 10:51:27', '2021-12-12 10:51:27'),
(390, 'Telluride', 'تيلورايد', NULL, 126, '2021-12-12 10:51:37', '2021-12-12 10:51:37'),
(391, 'Rio', 'ريو', NULL, 126, '2021-12-12 10:51:47', '2021-12-12 10:51:47'),
(392, 'Sportage', 'سبورتاج', NULL, 126, '2021-12-12 10:51:57', '2021-12-12 10:51:57'),
(393, 'Stinger', 'ستينجر', NULL, 126, '2021-12-12 10:52:08', '2021-12-12 10:52:08'),
(394, 'Sorento', 'سورنتو', NULL, 126, '2021-12-12 10:52:18', '2021-12-12 10:52:18'),
(395, 'Soul', 'سول', NULL, 126, '2021-12-12 10:52:30', '2021-12-12 10:52:30'),
(396, 'Sonet', 'سونيت', NULL, 126, '2021-12-12 10:52:40', '2021-12-12 10:52:40'),
(397, 'Cerato', 'سيراتو', NULL, 126, '2021-12-12 10:52:51', '2021-12-12 10:52:51'),
(398, 'Sephia', 'سيفيا', NULL, 126, '2021-12-12 10:53:02', '2021-12-12 10:53:02'),
(399, 'Seltos', 'سيلتوس', NULL, 126, '2021-12-12 10:53:14', '2021-12-12 10:53:14'),
(400, 'Cadenza', 'كادينزا', NULL, 126, '2021-12-12 10:53:25', '2021-12-12 10:53:25'),
(401, 'Carnival', 'كارنيفال', NULL, 126, '2021-12-12 10:53:36', '2021-12-12 10:53:36'),
(402, 'Cairns', 'كارينز', NULL, 126, '2021-12-12 10:53:48', '2021-12-12 10:53:48'),
(403, 'Corres', 'كوريس', NULL, 126, '2021-12-12 10:53:58', '2021-12-12 10:53:58'),
(404, 'Morning', 'مورنينق', NULL, 126, '2021-12-12 10:54:08', '2021-12-12 10:54:08'),
(405, 'Mohave', 'موهافي', NULL, 126, '2021-12-12 10:54:21', '2021-12-12 10:54:21'),
(406, 'Niro', 'نيرو', NULL, 126, '2021-12-12 10:54:32', '2021-12-12 10:54:32'),
(407, 'Other Model', 'موديل اخر', NULL, 126, '2021-12-12 10:54:46', '2021-12-12 10:54:46'),
(408, 'Seat', 'سيات', NULL, 132, '2021-12-12 11:11:13', '2021-12-12 11:11:13'),
(409, 'New', 'جديدة', NULL, 133, '2021-12-12 11:11:53', '2021-12-12 11:11:53'),
(410, 'Used', 'مستعملة', NULL, 133, '2021-12-12 11:12:04', '2021-12-12 11:12:04'),
(411, 'Automatic', 'اوتوماتك', NULL, 135, '2021-12-12 11:12:57', '2021-12-12 11:12:57'),
(412, 'Manually', 'عادي', NULL, 135, '2021-12-12 11:13:07', '2021-12-12 11:13:07'),
(413, 'Other Model', 'موديل اخر', NULL, 132, '2021-12-12 11:14:17', '2021-12-12 11:14:17'),
(414, 'New', 'جديدة', NULL, 139, '2021-12-12 11:32:29', '2021-12-12 11:32:29'),
(415, 'Used', 'مستعملة', NULL, 139, '2021-12-12 11:32:39', '2021-12-12 11:32:39'),
(416, 'Automatic', 'اوتوماتك', NULL, 141, '2021-12-12 11:33:46', '2021-12-12 11:33:46'),
(417, 'Manually', 'عادي', NULL, 141, '2021-12-12 11:33:57', '2021-12-12 11:33:57'),
(418, 'Lanos', 'لانوس', NULL, 138, '2021-12-12 11:35:30', '2021-12-12 11:35:30'),
(419, 'Leganza', 'ليجانزا', NULL, 138, '2021-12-12 11:35:44', '2021-12-12 11:35:44'),
(420, 'Mats', 'ماتز', NULL, 138, '2021-12-12 11:35:58', '2021-12-12 11:35:58'),
(421, 'Nubira', 'نوبيرا', NULL, 138, '2021-12-12 11:36:12', '2021-12-12 11:36:12'),
(422, 'Other Model', 'موديل اخر', NULL, 138, '2021-12-12 11:38:44', '2021-12-12 11:38:44'),
(423, 'New', 'جديدة', NULL, 145, '2021-12-12 11:42:30', '2021-12-12 11:42:30'),
(424, 'Used', 'مستعملة', NULL, 145, '2021-12-12 11:42:40', '2021-12-12 11:42:40'),
(425, 'Automatic', 'اوتوماتك', NULL, 147, '2021-12-12 11:48:11', '2021-12-12 11:48:11'),
(426, 'Manually', 'عادي', NULL, 147, '2021-12-12 11:48:21', '2021-12-12 11:48:21'),
(427, 'QQ', 'QQ', NULL, 144, '2021-12-12 11:49:17', '2021-12-12 11:49:17'),
(428, 'Arezzo 3', 'اريزو 3', NULL, 144, '2021-12-12 11:49:33', '2021-12-12 11:49:33'),
(429, 'Arezzo 6', 'اريزو 6', NULL, 144, '2021-12-12 11:49:44', '2021-12-12 11:49:44'),
(430, 'EASTAR', 'ايستار', NULL, 144, '2021-12-12 11:49:55', '2021-12-12 11:49:55'),
(431, 'Tiggo 2', 'تيجو 2', NULL, 144, '2021-12-12 11:50:08', '2021-12-12 11:50:08'),
(432, 'Tiggo 7', 'تيجو 7', NULL, 144, '2021-12-12 11:50:21', '2021-12-12 11:50:21'),
(433, 'Tiggo 8', 'تيجو 8', NULL, 144, '2021-12-12 11:50:34', '2021-12-12 11:50:34'),
(434, 'Chery A1', 'شيري A1', NULL, 144, '2021-12-12 11:50:48', '2021-12-12 11:50:48'),
(435, 'Chery A3', 'شيري A3', NULL, 144, '2021-12-12 11:51:03', '2021-12-12 11:51:03'),
(436, 'Chery A5', 'شيري A5', NULL, 144, '2021-12-12 11:51:13', '2021-12-12 11:51:13'),
(437, 'Quinn', 'كوين', NULL, 144, '2021-12-12 11:51:22', '2021-12-12 11:51:22'),
(438, 'Other Model', 'موديل اخر', NULL, 144, '2021-12-12 11:51:44', '2021-12-12 11:51:44'),
(439, 'New', 'جديدة', NULL, 151, '2021-12-12 11:54:16', '2021-12-12 11:54:16'),
(440, 'Used', 'مستعملة', NULL, 151, '2021-12-12 11:54:26', '2021-12-12 11:54:26'),
(441, 'Automatic', 'اوتوماتك', NULL, 153, '2021-12-12 11:55:19', '2021-12-12 11:55:19'),
(442, 'Manually', 'عادي', NULL, 153, '2021-12-12 11:55:29', '2021-12-12 11:55:29'),
(443, 'F3', 'F3', NULL, 150, '2021-12-12 11:56:33', '2021-12-12 11:56:33'),
(444, 'F5', 'F5', NULL, 150, '2021-12-12 11:56:49', '2021-12-12 11:56:49'),
(445, 'F7', 'F7', NULL, 150, '2021-12-12 11:57:10', '2021-12-12 11:57:10'),
(446, 'S6', 'S6', NULL, 150, '2021-12-12 11:57:45', '2021-12-12 11:57:45'),
(447, 'S7', 'S7', NULL, 150, '2021-12-12 11:57:53', '2021-12-12 11:57:53'),
(448, 'Other Model', 'موديل اخر', NULL, 150, '2021-12-12 11:58:07', '2021-12-12 11:58:07'),
(449, 'New', 'جديدة', NULL, 157, '2021-12-12 11:59:45', '2021-12-12 11:59:45'),
(450, 'Used', 'مستعملة', NULL, 157, '2021-12-12 11:59:57', '2021-12-12 11:59:57'),
(451, 'Automatic', 'اوتوماتك', NULL, 159, '2021-12-12 12:00:51', '2021-12-12 12:00:51'),
(452, 'Manually', 'عادي', NULL, 159, '2021-12-12 12:01:00', '2021-12-12 12:01:00'),
(453, '323', '323', NULL, 156, '2021-12-12 12:02:08', '2021-12-12 12:02:08'),
(454, '626', '626', NULL, 156, '2021-12-12 12:02:18', '2021-12-12 12:02:18'),
(455, 'BT50', 'BT50', NULL, 156, '2021-12-12 12:02:30', '2021-12-12 12:02:30'),
(456, 'CX2', 'CX2', NULL, 156, '2021-12-12 12:02:39', '2021-12-12 12:02:39'),
(457, 'CX3', 'CX3', NULL, 156, '2021-12-12 12:02:50', '2021-12-12 12:02:50'),
(458, 'CX30', 'CX30', NULL, 156, '2021-12-12 12:02:58', '2021-12-12 12:02:58'),
(459, 'CX5', 'CX5', NULL, 156, '2021-12-12 12:03:08', '2021-12-12 12:03:08'),
(460, 'CX7', 'CX7', NULL, 156, '2021-12-12 12:03:23', '2021-12-12 12:03:23'),
(461, 'CX9', 'CX9', NULL, 156, '2021-12-12 12:03:34', '2021-12-12 12:03:34'),
(462, 'MPV', 'MPV', NULL, 156, '2021-12-12 12:03:45', '2021-12-12 12:03:45'),
(463, 'MX-5', 'MX-5', NULL, 156, '2021-12-12 12:03:54', '2021-12-12 12:03:54'),
(464, 'RX8', 'RX8', NULL, 156, '2021-12-12 12:04:02', '2021-12-12 12:04:02'),
(465, 'Mazda 2', 'مازدا 2', NULL, 156, '2021-12-12 12:04:15', '2021-12-12 12:04:15'),
(466, 'Mazda 3', 'مازدا 3', NULL, 156, '2021-12-12 12:04:27', '2021-12-12 12:04:27'),
(467, 'Mazda 5', 'مازدا 5', NULL, 156, '2021-12-12 12:04:43', '2021-12-12 12:04:43'),
(468, 'Mazda 6', 'مازدا 6', NULL, 156, '2021-12-12 12:04:56', '2021-12-12 12:04:56'),
(469, 'Other Model', 'موديل اخر', NULL, 156, '2021-12-12 12:05:10', '2021-12-12 12:05:10'),
(470, 'New', 'جديدة', NULL, 163, '2021-12-13 06:00:19', '2021-12-13 06:00:19'),
(471, 'Used', 'مستعملة', NULL, 163, '2021-12-13 06:00:30', '2021-12-13 06:00:30'),
(472, 'Automatic', 'اوتوماتك', NULL, 166, '2021-12-13 06:02:17', '2021-12-13 06:02:17'),
(473, 'Manually', 'عادي', NULL, 166, '2021-12-13 06:02:25', '2021-12-13 06:02:25'),
(474, 'LR2', 'LR2', NULL, 162, '2021-12-13 06:03:28', '2021-12-13 06:03:28'),
(475, 'LR3', 'LR3', NULL, 162, '2021-12-13 06:03:36', '2021-12-13 06:03:36'),
(476, 'LR4', 'LR4', NULL, 162, '2021-12-13 06:03:45', '2021-12-13 06:03:45'),
(477, 'Evoque', 'ايفوك', NULL, 162, '2021-12-13 06:03:56', '2021-12-13 06:03:56'),
(478, 'Discovery', 'ديسكفري', NULL, 162, '2021-12-13 06:04:08', '2021-12-13 06:04:08'),
(479, 'Discovery Sport', 'ديسكفري سبورت', NULL, 162, '2021-12-13 06:04:22', '2021-12-13 06:04:22'),
(480, 'Defender', 'ديفندر', NULL, 162, '2021-12-13 06:04:36', '2021-12-13 06:04:36'),
(481, 'Range Rover', 'رنج روفر', NULL, 162, '2021-12-13 06:04:47', '2021-12-13 06:04:47'),
(482, 'Range Rover Sport', 'رينج روفر سبورت', NULL, 162, '2021-12-13 06:05:01', '2021-12-13 06:05:01'),
(483, 'Freelander', 'فريلاندر', NULL, 162, '2021-12-13 06:05:13', '2021-12-13 06:05:13'),
(484, 'Velar', 'فيلار', NULL, 162, '2021-12-13 06:06:48', '2021-12-13 06:06:48'),
(485, 'Other Model', 'موديل اخر', NULL, 162, '2021-12-13 06:07:07', '2021-12-13 06:07:07'),
(486, 'New', 'جديدة', NULL, 170, '2021-12-13 06:08:44', '2021-12-13 06:08:44'),
(487, 'Used', 'مستعملة', NULL, 170, '2021-12-13 06:08:53', '2021-12-13 06:08:53'),
(488, 'Automatic', 'اوتوماتك', NULL, 172, '2021-12-13 06:09:44', '2021-12-13 06:09:44'),
(489, 'Manually', 'عادي', NULL, 172, '2021-12-13 06:09:54', '2021-12-13 06:09:54'),
(490, 'Ascender', 'اسندر', NULL, 169, '2021-12-13 06:15:51', '2021-12-13 06:15:51'),
(491, 'D\'Max', 'ديماكس', NULL, 169, '2021-12-13 06:16:01', '2021-12-13 06:16:01'),
(492, 'MUX', 'MUX', NULL, 169, '2021-12-13 06:16:16', '2021-12-13 06:16:16'),
(493, 'Other Model', 'موديل اخر', NULL, 169, '2021-12-13 06:16:29', '2021-12-13 06:16:29'),
(494, 'New', 'جديدة', NULL, 176, '2021-12-13 06:18:10', '2021-12-13 06:18:10'),
(495, 'Used', 'مستعملة', NULL, 176, '2021-12-13 06:18:18', '2021-12-13 06:18:18'),
(496, 'Automatic', 'اوتوماتك', NULL, 178, '2021-12-13 06:19:10', '2021-12-13 06:19:10'),
(497, 'Manually', 'عادي', NULL, 178, '2021-12-13 06:19:19', '2021-12-13 06:19:19'),
(498, 'S 80', 'S 80', NULL, 175, '2021-12-13 06:20:26', '2021-12-13 06:20:26'),
(499, '850', '850', NULL, 175, '2021-12-13 06:20:33', '2021-12-13 06:20:33'),
(500, '960', '960', NULL, 175, '2021-12-13 06:20:43', '2021-12-13 06:20:43'),
(501, 'C 70', 'C 70', NULL, 175, '2021-12-13 06:20:51', '2021-12-13 06:20:51'),
(502, 'S 40', 'S 40', NULL, 175, '2021-12-13 06:20:58', '2021-12-13 06:20:58'),
(503, 'S 60R', 'S 60R', NULL, 175, '2021-12-13 06:21:06', '2021-12-13 06:21:06'),
(504, 'S 70', 'S 70', NULL, 175, '2021-12-13 06:21:15', '2021-12-13 06:21:15'),
(505, 'S60', 'S60', NULL, 175, '2021-12-13 06:21:24', '2021-12-13 06:21:24'),
(506, 'S90', 'S90', NULL, 175, '2021-12-13 06:21:32', '2021-12-13 06:21:32'),
(507, 'V 70XC', 'V 70XC', NULL, 175, '2021-12-13 06:21:41', '2021-12-13 06:21:41'),
(508, 'XC40', 'XC40', NULL, 175, '2021-12-13 06:21:48', '2021-12-13 06:21:48'),
(509, 'XC60', 'XC60', NULL, 175, '2021-12-13 06:21:55', '2021-12-13 06:21:55'),
(510, 'XC90', 'XC90', NULL, 175, '2021-12-13 06:22:03', '2021-12-13 06:22:03'),
(511, 'Other Model', 'موديل اخر', NULL, 175, '2021-12-13 06:22:15', '2021-12-13 06:22:15'),
(512, 'New', 'جديدة', NULL, 182, '2021-12-13 06:24:21', '2021-12-13 06:24:21'),
(513, 'Used', 'مستعملة', NULL, 182, '2021-12-13 06:24:29', '2021-12-13 06:24:29'),
(514, 'Automatic', 'اوتوماتك', NULL, 184, '2021-12-13 06:25:18', '2021-12-13 06:25:18'),
(515, 'Manually', 'عادي', NULL, 184, '2021-12-13 06:25:35', '2021-12-13 06:25:35'),
(516, 'Talisman', 'تاليسمان', NULL, 181, '2021-12-13 06:26:25', '2021-12-13 06:26:25'),
(517, 'Duster', 'داستر', NULL, 181, '2021-12-13 06:26:35', '2021-12-13 06:26:35'),
(518, 'Dokker Van', 'دوكر فان', NULL, 181, '2021-12-13 06:29:38', '2021-12-13 06:29:38'),
(519, 'Safrane', 'سافران', NULL, 181, '2021-12-13 06:29:47', '2021-12-13 06:29:47'),
(520, 'Symbol', 'سيمبول', NULL, 181, '2021-12-13 06:29:57', '2021-12-13 06:29:57'),
(521, 'Fluence', 'فلوانس', NULL, 181, '2021-12-13 06:30:09', '2021-12-13 06:30:09'),
(522, 'Capture', 'كابتشر', NULL, 181, '2021-12-13 06:30:24', '2021-12-13 06:30:24'),
(523, 'Clio', 'كليو', NULL, 181, '2021-12-13 06:30:34', '2021-12-13 06:30:34'),
(524, 'Koleos', 'كوليوس', NULL, 181, '2021-12-13 06:30:44', '2021-12-13 06:30:44'),
(525, 'Laguna', 'لاغونا', NULL, 181, '2021-12-13 06:30:54', '2021-12-13 06:30:54'),
(526, 'Master', 'ماستر', NULL, 181, '2021-12-13 06:31:06', '2021-12-13 06:31:06'),
(527, 'Megane GT', 'ميجان GT', NULL, 181, '2021-12-13 06:31:15', '2021-12-13 06:31:15'),
(528, 'Megane RS', 'ميجان RS', NULL, 181, '2021-12-13 06:31:26', '2021-12-13 06:31:26'),
(529, 'Megane', 'ميغان', NULL, 181, '2021-12-13 06:31:37', '2021-12-13 06:31:37'),
(530, 'Other Model', 'موديل اخر', NULL, 181, '2021-12-13 06:31:50', '2021-12-13 06:31:50'),
(531, 'New', 'جديدة', NULL, 188, '2021-12-13 06:36:08', '2021-12-13 06:36:08'),
(532, 'Used', 'مستعملة', NULL, 188, '2021-12-13 06:36:16', '2021-12-13 06:36:16'),
(533, 'Automatic', 'اوتوماتك', NULL, 190, '2021-12-13 06:36:49', '2021-12-13 06:36:49'),
(534, 'Manually', 'عادي', NULL, 190, '2021-12-13 06:36:58', '2021-12-13 06:36:58'),
(535, 'A3', 'A3', NULL, 187, '2021-12-13 06:37:58', '2021-12-13 06:37:58'),
(536, 'A4', 'A4', NULL, 187, '2021-12-13 06:38:07', '2021-12-13 06:38:07'),
(537, 'A5', 'A5', NULL, 187, '2021-12-13 06:38:14', '2021-12-13 06:38:14'),
(538, 'A6', 'A6', NULL, 187, '2021-12-13 06:38:21', '2021-12-13 06:38:21'),
(539, 'A7', 'A7', NULL, 187, '2021-12-13 06:38:26', '2021-12-13 06:38:26'),
(540, 'A8', 'A8', NULL, 187, '2021-12-13 06:38:35', '2021-12-13 06:38:35'),
(541, 'Q3', 'Q3', NULL, 187, '2021-12-13 06:38:41', '2021-12-13 06:38:41'),
(542, 'Q5', 'Q5', NULL, 187, '2021-12-13 06:38:47', '2021-12-13 06:38:47'),
(543, 'Q7', 'Q7', NULL, 187, '2021-12-13 06:38:53', '2021-12-13 06:38:53'),
(544, 'Q8', 'Q8', NULL, 187, '2021-12-13 06:38:59', '2021-12-13 06:38:59'),
(545, 'R8', 'R8', NULL, 187, '2021-12-13 06:39:06', '2021-12-13 06:39:06'),
(546, 'RS', 'RS', NULL, 187, '2021-12-13 06:39:11', '2021-12-13 06:39:11'),
(547, 'S3', 'S3', NULL, 187, '2021-12-13 06:39:17', '2021-12-13 06:39:17'),
(548, 'S8', 'S8', NULL, 187, '2021-12-13 06:39:26', '2021-12-13 06:39:26'),
(549, 'TT', 'TT', NULL, 187, '2021-12-13 06:39:32', '2021-12-13 06:39:32'),
(550, 'Other Model', 'موديل اخر', NULL, 187, '2021-12-13 06:39:42', '2021-12-13 06:39:42'),
(551, 'New', 'جديدة', NULL, 194, '2021-12-13 06:42:51', '2021-12-13 06:42:51'),
(552, 'Used', 'مستعملة', NULL, 194, '2021-12-13 06:42:58', '2021-12-13 06:42:58'),
(553, 'Automatic', 'اوتوماتك', NULL, 196, '2021-12-13 06:43:46', '2021-12-13 06:43:46'),
(554, 'Manually', 'عادي', NULL, 196, '2021-12-13 06:43:55', '2021-12-13 06:43:55'),
(555, 'WRX', 'WRX', NULL, 193, '2021-12-13 06:44:51', '2021-12-13 06:44:51'),
(556, 'WRX STI', 'WRX STI', NULL, 193, '2021-12-13 06:44:57', '2021-12-13 06:44:57'),
(557, 'XV', 'XV', NULL, 193, '2021-12-13 06:45:04', '2021-12-13 06:45:04'),
(558, 'Impreza', 'امبريزا', NULL, 193, '2021-12-13 06:45:13', '2021-12-13 06:45:13'),
(559, 'Outback', 'اوت باك', NULL, 193, '2021-12-13 06:45:22', '2021-12-13 06:45:22'),
(560, 'Forrester', 'فورستر', NULL, 193, '2021-12-13 06:45:31', '2021-12-13 06:45:31'),
(561, 'Legacy', 'ليجاسي', NULL, 193, '2021-12-13 06:45:41', '2021-12-13 06:45:41'),
(562, 'Other Model', 'موديل اخر', NULL, 193, '2021-12-13 06:45:52', '2021-12-13 06:45:52'),
(563, 'New', 'جديدة', NULL, 200, '2021-12-13 06:47:25', '2021-12-13 06:47:25'),
(564, 'Used', 'مستعملة', NULL, 200, '2021-12-13 06:47:32', '2021-12-13 06:47:32'),
(565, 'Automatic', 'اوتوماتك', NULL, 202, '2021-12-13 06:48:23', '2021-12-13 06:48:23'),
(566, 'Manually', 'عادي', NULL, 202, '2021-12-13 06:48:31', '2021-12-13 06:48:31'),
(567, 'FX', 'FX', NULL, 199, '2021-12-13 06:49:21', '2021-12-13 06:49:21'),
(568, 'M', 'M', NULL, 199, '2021-12-13 06:49:30', '2021-12-13 06:49:30'),
(569, 'Q', 'Q', NULL, 199, '2021-12-13 06:49:38', '2021-12-13 06:49:38'),
(570, 'Q30', 'Q30', NULL, 199, '2021-12-13 06:49:46', '2021-12-13 06:49:46'),
(571, 'Q50', 'Q50', NULL, 199, '2021-12-13 06:49:51', '2021-12-13 06:49:51'),
(572, 'Q60', 'Q60', NULL, 199, '2021-12-13 06:49:57', '2021-12-13 06:49:57'),
(573, 'Q70', 'Q70', NULL, 199, '2021-12-13 06:50:03', '2021-12-13 06:50:03'),
(574, 'QX', 'QX', NULL, 199, '2021-12-13 06:50:09', '2021-12-13 06:50:09'),
(575, 'QX50', 'QX50', NULL, 199, '2021-12-13 06:50:14', '2021-12-13 06:50:14'),
(576, 'QX60', 'QX60', NULL, 199, '2021-12-13 06:50:20', '2021-12-13 06:50:20'),
(577, 'QX70', 'QX70', NULL, 199, '2021-12-13 06:50:26', '2021-12-13 06:50:26'),
(578, 'QX80', 'QX80', NULL, 199, '2021-12-13 06:50:32', '2021-12-13 06:50:32'),
(579, 'G', 'G', NULL, 199, '2021-12-13 06:50:40', '2021-12-13 06:50:40'),
(580, 'Other Model', 'موديل اخر', NULL, 199, '2021-12-13 06:50:50', '2021-12-13 06:50:50'),
(581, 'New', 'جديدة', NULL, 206, '2021-12-13 06:54:05', '2021-12-13 06:54:05'),
(582, 'Used', 'مستعملة', NULL, 206, '2021-12-13 06:54:15', '2021-12-13 06:54:15'),
(583, 'Automatic', 'اوتوماتك', NULL, 208, '2021-12-13 06:55:05', '2021-12-13 06:55:05'),
(584, 'Manually', 'عادي', NULL, 208, '2021-12-13 06:55:15', '2021-12-13 06:55:15'),
(585, 'Uplander', 'ابلاندر', NULL, 205, '2021-12-13 06:56:07', '2021-12-13 06:56:07'),
(586, 'Epica', 'ابيكا', NULL, 205, '2021-12-13 06:56:17', '2021-12-13 06:56:17'),
(587, 'Astro Van', 'استروفان', NULL, 205, '2021-12-13 06:56:35', '2021-12-13 06:56:35'),
(588, 'Avalanche', 'افلانش', NULL, 205, '2021-12-13 06:56:51', '2021-12-13 06:56:51'),
(589, 'Aveo', 'افيو', NULL, 205, '2021-12-13 06:57:01', '2021-12-13 06:57:01'),
(590, 'Express Van', 'اكسبرس فان', NULL, 205, '2021-12-13 06:57:12', '2021-12-13 06:57:12'),
(591, 'Equinox', 'اكوينوكس', NULL, 205, '2021-12-13 06:57:22', '2021-12-13 06:57:22'),
(592, 'Impala', 'امبالا', NULL, 205, '2021-12-13 06:57:32', '2021-12-13 06:57:32'),
(593, 'Optra', 'اوبترا', NULL, 205, '2021-12-13 06:57:41', '2021-12-13 06:57:41'),
(594, 'Blazer', 'بليزر', NULL, 205, '2021-12-13 06:57:51', '2021-12-13 06:57:51'),
(595, 'Bolt', 'بولت', NULL, 205, '2021-12-13 06:57:59', '2021-12-13 06:57:59'),
(596, 'Tahoe', 'تاهو', NULL, 205, '2021-12-13 06:58:08', '2021-12-13 06:58:08'),
(597, 'Traverse', 'ترافيرس', NULL, 205, '2021-12-13 06:58:19', '2021-12-13 06:58:19'),
(598, 'Trail Blazer', 'تريل بليزر', NULL, 205, '2021-12-13 06:58:27', '2021-12-13 06:58:27'),
(599, 'G Van', 'جي فان', NULL, 205, '2021-12-13 06:59:54', '2021-12-13 06:59:54'),
(600, 'Spark', 'سبارك', NULL, 205, '2021-12-13 07:00:50', '2021-12-13 07:00:50'),
(601, 'Salvador', 'سلفرادو', NULL, 205, '2021-12-13 07:01:05', '2021-12-13 07:01:05'),
(602, 'Suburban', 'سوبربان', NULL, 205, '2021-12-13 07:01:16', '2021-12-13 07:01:16'),
(603, 'Sonic', 'سونيك', NULL, 205, '2021-12-13 07:01:27', '2021-12-13 07:01:27'),
(604, 'Van', 'فان', NULL, 205, '2021-12-13 07:01:40', '2021-12-13 07:01:40'),
(605, 'Venture', 'فنشر', NULL, 205, '2021-12-13 07:01:51', '2021-12-13 07:01:51'),
(606, 'Captiva', 'كابتيفا', NULL, 205, '2021-12-13 07:02:00', '2021-12-13 07:02:00'),
(607, 'Caprice', 'كابريس', NULL, 205, '2021-12-13 07:02:10', '2021-12-13 07:02:10'),
(608, 'Cavalier', 'كافالير', NULL, 205, '2021-12-13 07:02:21', '2021-12-13 07:02:21'),
(609, 'Caravan', 'كرفان', NULL, 205, '2021-12-13 07:02:31', '2021-12-13 07:02:31'),
(610, 'Cruze', 'كروز', NULL, 205, '2021-12-13 07:02:40', '2021-12-13 07:02:40'),
(611, 'Camaro', 'كمارو', NULL, 205, '2021-12-13 07:02:49', '2021-12-13 07:02:49'),
(612, 'Corvette', 'كورفيت', NULL, 205, '2021-12-13 07:02:58', '2021-12-13 07:02:58'),
(613, 'Colorado', 'كولورادو', NULL, 205, '2021-12-13 07:03:08', '2021-12-13 07:03:08'),
(614, 'Lumina', 'لومينا', NULL, 205, '2021-12-13 07:03:17', '2021-12-13 07:03:17'),
(615, 'Malibu', 'ماليبو', NULL, 205, '2021-12-13 07:03:26', '2021-12-13 07:03:26'),
(616, 'Other Model', 'موديل اخر', NULL, 205, '2021-12-13 07:03:40', '2021-12-13 07:03:40'),
(617, 'New', 'جديدة', NULL, 212, '2021-12-13 07:06:17', '2021-12-13 07:06:17'),
(618, 'Used', 'مستعملة', NULL, 212, '2021-12-13 07:06:26', '2021-12-13 07:06:26'),
(619, 'Automatic', 'اوتوماتك', NULL, 214, '2021-12-13 07:07:12', '2021-12-13 07:07:12'),
(620, 'Manually', 'عادي', NULL, 214, '2021-12-13 07:07:20', '2021-12-13 07:07:20'),
(621, 'f150', 'f150', NULL, 211, '2021-12-13 07:09:04', '2021-12-13 07:09:04'),
(622, 'f250', 'f250', NULL, 211, '2021-12-13 07:09:14', '2021-12-13 07:09:14'),
(623, 'f350', 'f350', NULL, 211, '2021-12-13 07:09:25', '2021-12-13 07:09:25'),
(624, 'F450', 'F450', NULL, 211, '2021-12-13 07:09:32', '2021-12-13 07:09:32'),
(625, 'F550', 'F550', NULL, 211, '2021-12-13 07:09:38', '2021-12-13 07:09:38'),
(626, 'Escape', 'اسكيب', NULL, 211, '2021-12-13 07:09:48', '2021-12-13 07:09:48'),
(627, 'X Corgan', 'اكس كورجن', NULL, 211, '2021-12-13 07:09:59', '2021-12-13 07:09:59'),
(628, 'Explorer', 'اكسبلورر', NULL, 211, '2021-12-13 07:10:09', '2021-12-13 07:10:09'),
(629, 'Expedition', 'اكسبيدشن', NULL, 211, '2021-12-13 07:10:23', '2021-12-13 07:10:23'),
(630, 'Edge', 'ايدج', NULL, 211, '2021-12-13 07:10:32', '2021-12-13 07:10:32'),
(631, 'Escort', 'إسكورت', NULL, 211, '2021-12-13 07:10:41', '2021-12-13 07:10:41'),
(632, 'Ecosport', 'إيكوسبورت', NULL, 211, '2021-12-13 07:10:49', '2021-12-13 07:10:49'),
(633, 'Bronco', 'برونكو', NULL, 211, '2021-12-13 07:10:58', '2021-12-13 07:10:58'),
(634, 'Pick up', 'بيك اب', NULL, 211, '2021-12-13 07:11:06', '2021-12-13 07:11:06'),
(635, 'Taurus', 'توروس', NULL, 211, '2021-12-13 07:11:15', '2021-12-13 07:11:15'),
(636, 'Thunderbird', 'ثندريبرد', NULL, 211, '2021-12-13 07:11:24', '2021-12-13 07:11:24'),
(637, 'Grand Marquis', 'جراند ماركيز', NULL, 211, '2021-12-13 07:11:33', '2021-12-13 07:11:33'),
(638, 'Ranger', 'رينجر', NULL, 211, '2021-12-13 07:11:41', '2021-12-13 07:11:41'),
(639, 'Splash', 'سبلاش', NULL, 211, '2021-12-13 07:11:49', '2021-12-13 07:11:49'),
(640, 'vans ford', 'فان فورد', NULL, 211, '2021-12-13 07:11:59', '2021-12-13 07:11:59'),
(641, 'Flex', 'فلكس', NULL, 211, '2021-12-13 07:12:09', '2021-12-13 07:12:09'),
(642, 'Fox', 'فوكس', NULL, 211, '2021-12-13 07:12:17', '2021-12-13 07:12:17'),
(643, 'Figo', 'فيجو', NULL, 211, '2021-12-13 07:12:25', '2021-12-13 07:12:25'),
(644, 'Fusion', 'فيوجن', NULL, 211, '2021-12-13 07:12:50', '2021-12-13 07:12:50'),
(645, 'Crown Victoria', 'كراون فكتوريا', NULL, 211, '2021-12-13 07:13:02', '2021-12-13 07:13:02'),
(646, 'Cougar', 'كوجر', NULL, 211, '2021-12-13 07:15:13', '2021-12-13 07:15:13'),
(647, 'Mustang', 'موستنج', NULL, 211, '2021-12-13 07:15:25', '2021-12-13 07:15:25'),
(648, 'Mondeo', 'مونديو', NULL, 211, '2021-12-13 07:15:36', '2021-12-13 07:15:36'),
(649, 'Windstar', 'وندستار', NULL, 211, '2021-12-13 07:15:47', '2021-12-13 07:15:47'),
(650, 'Other Model', 'موديل اخر', NULL, 211, '2021-12-13 07:16:04', '2021-12-13 07:16:04'),
(651, 'New', 'جديدة', NULL, 218, '2021-12-13 07:57:01', '2021-12-13 07:57:01'),
(652, 'Used', 'مستعملة', NULL, 218, '2021-12-13 07:57:10', '2021-12-13 07:57:10'),
(653, 'Automatic', 'اوتوماتك', NULL, 220, '2021-12-13 07:58:01', '2021-12-13 07:58:01'),
(654, 'Manually', 'عادي', NULL, 220, '2021-12-13 07:58:08', '2021-12-13 07:58:08'),
(655, 'Astra', 'استرا', NULL, 217, '2021-12-13 07:59:04', '2021-12-13 07:59:04'),
(656, 'Rekord', 'ريكورد', NULL, 217, '2021-12-13 07:59:13', '2021-12-13 07:59:13'),
(657, 'Other Model', 'موديل اخر', NULL, 217, '2021-12-13 07:59:31', '2021-12-13 07:59:31'),
(658, 'New', 'جديدة', NULL, 224, '2021-12-13 08:00:59', '2021-12-13 08:00:59'),
(659, 'Used', 'مستعملة', NULL, 224, '2021-12-13 08:01:07', '2021-12-13 08:01:07'),
(660, 'Automatic', 'اوتوماتك', NULL, 226, '2021-12-13 08:01:52', '2021-12-13 08:01:52'),
(661, 'Manually', 'عادي', NULL, 226, '2021-12-13 08:02:00', '2021-12-13 08:02:00'),
(662, 'Jolion', 'جوليان', NULL, 223, '2021-12-13 08:03:21', '2021-12-13 08:03:21'),
(663, 'Haval H2', 'هافال H2', NULL, 223, '2021-12-13 08:03:32', '2021-12-13 08:03:32'),
(664, 'Haval H6', 'هافال H6', NULL, 223, '2021-12-13 08:03:41', '2021-12-13 08:03:41'),
(665, 'Haval H9', 'هافال H9', NULL, 223, '2021-12-13 08:03:48', '2021-12-13 08:03:48'),
(666, 'Other Model', 'موديل اخر', NULL, 223, '2021-12-13 08:04:00', '2021-12-13 08:04:00'),
(667, 'New', 'جديدة', NULL, 230, '2021-12-13 08:05:26', '2021-12-13 08:05:26'),
(668, 'Used', 'مستعملة', NULL, 230, '2021-12-13 08:05:34', '2021-12-13 08:05:34'),
(669, 'Automatic', 'اوتوماتك', NULL, 232, '2021-12-13 08:06:29', '2021-12-13 08:06:29'),
(670, 'Manually', 'عادي', NULL, 232, '2021-12-13 08:06:38', '2021-12-13 08:06:38'),
(671, 'Mountaineer', 'مونتنير', NULL, 229, '2021-12-13 08:10:15', '2021-12-13 08:10:15'),
(672, 'Other Model', 'موديل اخر', NULL, 229, '2021-12-13 08:10:30', '2021-12-13 08:10:30'),
(673, 'New', 'جديدة', NULL, 236, '2021-12-13 08:14:04', '2021-12-13 08:14:04'),
(674, 'Used', 'مستعملة', NULL, 236, '2021-12-13 08:14:12', '2021-12-13 08:14:12'),
(675, 'Automatic', 'اوتوماتك', NULL, 238, '2021-12-13 08:15:02', '2021-12-13 08:15:02'),
(676, 'Manually', 'عادي', NULL, 238, '2021-12-13 08:15:10', '2021-12-13 08:15:10'),
(677, 'Power', 'باور', NULL, 235, '2021-12-13 08:16:05', '2021-12-13 08:16:05'),
(678, 'Wingle 5', 'ونجل5', NULL, 235, '2021-12-13 08:16:17', '2021-12-13 08:16:17'),
(679, 'Wingle 6', 'ونجل6', NULL, 235, '2021-12-13 08:16:27', '2021-12-13 08:16:27'),
(680, 'Wingle 7', 'ونجل7', NULL, 235, '2021-12-13 08:16:36', '2021-12-13 08:16:36'),
(681, 'Other Model', 'موديل اخر', NULL, 235, '2021-12-13 08:16:50', '2021-12-13 08:16:50'),
(682, 'New', 'جديدة', NULL, 242, '2021-12-13 08:18:11', '2021-12-13 08:18:11'),
(683, 'Used', 'مستعملة', NULL, 242, '2021-12-13 08:18:25', '2021-12-13 08:18:25'),
(684, 'Automatic', 'اوتوماتك', NULL, 244, '2021-12-13 08:19:13', '2021-12-13 08:19:13'),
(685, 'Manually', 'عادي', NULL, 244, '2021-12-13 08:19:22', '2021-12-13 08:19:22'),
(686, 'Acadia', 'اكاديا', NULL, 241, '2021-12-13 08:20:53', '2021-12-13 08:20:53'),
(687, 'Envoy', 'انفوي', NULL, 241, '2021-12-13 08:21:03', '2021-12-13 08:21:03'),
(688, 'Pick up', 'بيك أب', NULL, 241, '2021-12-13 08:21:12', '2021-12-13 08:21:12'),
(689, 'Terrain', 'تيرين', NULL, 241, '2021-12-13 08:21:21', '2021-12-13 08:21:21'),
(690, 'Jimmy', 'جيمي', NULL, 241, '2021-12-13 08:21:31', '2021-12-13 08:21:31'),
(691, 'Savana', 'سافانا', NULL, 241, '2021-12-13 08:21:40', '2021-12-13 08:21:40'),
(692, 'Safari', 'سفاري', NULL, 241, '2021-12-13 08:21:49', '2021-12-13 08:21:49'),
(693, 'Superban', 'سوبربان', NULL, 241, '2021-12-13 08:21:58', '2021-12-13 08:21:58'),
(694, 'Sierra', 'سييرا', NULL, 241, '2021-12-13 08:22:10', '2021-12-13 08:22:10');
INSERT INTO `subattributes` (`id`, `name_en`, `name_ar`, `value`, `attr_id`, `created_at`, `updated_at`) VALUES
(695, 'Van', 'فان', NULL, 241, '2021-12-13 08:22:18', '2021-12-13 08:22:18'),
(696, 'Yukon', 'يوكن', NULL, 241, '2021-12-13 08:22:26', '2021-12-13 08:22:26'),
(697, 'Other Model', 'موديل اخر', NULL, 241, '2021-12-13 08:22:35', '2021-12-13 08:22:35'),
(698, 'New', 'جديدة', NULL, 248, '2021-12-13 08:31:09', '2021-12-13 08:31:09'),
(699, 'Used', 'مستعملة', NULL, 248, '2021-12-13 08:31:16', '2021-12-13 08:31:16'),
(700, 'Automatic', 'اوتوماتك', NULL, 250, '2021-12-13 08:31:59', '2021-12-13 08:31:59'),
(701, 'Manually', 'عادي', NULL, 250, '2021-12-13 08:32:08', '2021-12-13 08:32:08'),
(702, 'Continental Flying Spur', 'كونتيننتال فلاينج سبير', NULL, 247, '2021-12-13 08:33:06', '2021-12-13 08:33:06'),
(703, 'Continental GT', 'كونتيننتال GT', NULL, 247, '2021-12-13 08:33:17', '2021-12-13 08:33:17'),
(704, 'Arnage', 'ارنيج', NULL, 247, '2021-12-13 08:33:28', '2021-12-13 08:33:28'),
(705, 'Azure', 'ازيور', NULL, 247, '2021-12-13 08:33:37', '2021-12-13 08:33:37'),
(706, 'Continental GTC', 'كونتيننتالGTC', NULL, 247, '2021-12-13 08:33:46', '2021-12-13 08:33:46'),
(707, 'Brooklands Coupe', 'بروكلاندز كوبية', NULL, 247, '2021-12-13 08:33:59', '2021-12-13 08:33:59'),
(708, 'Bentayga', 'بنتياقا', NULL, 247, '2021-12-13 08:34:09', '2021-12-13 08:34:09'),
(709, 'Mulsanne', 'مولسان', NULL, 247, '2021-12-13 08:34:18', '2021-12-13 08:34:18'),
(710, 'Other Model', 'موديل اخر', NULL, 247, '2021-12-13 08:34:30', '2021-12-13 08:34:30'),
(711, 'New', 'جديدة', NULL, 254, '2021-12-13 08:35:47', '2021-12-13 08:35:47'),
(712, 'Used', 'مستعملة', NULL, 254, '2021-12-13 08:35:56', '2021-12-13 08:35:56'),
(713, 'Automatic', 'اوتوماتك', NULL, 256, '2021-12-13 08:36:48', '2021-12-13 08:36:48'),
(714, 'Manually', 'عادي', NULL, 256, '2021-12-13 08:36:58', '2021-12-13 08:36:58'),
(715, 'XJ', 'XJ', NULL, 253, '2021-12-13 08:38:13', '2021-12-13 08:38:13'),
(716, 'E pace', 'E pace', NULL, 253, '2021-12-13 08:38:23', '2021-12-13 08:38:23'),
(717, 'F pace', 'F pace', NULL, 253, '2021-12-13 08:38:31', '2021-12-13 08:38:31'),
(718, 'F type', 'F type', NULL, 253, '2021-12-13 08:38:41', '2021-12-13 08:38:41'),
(719, 'I pace', 'I pace', NULL, 253, '2021-12-13 08:38:52', '2021-12-13 08:38:52'),
(720, 'S type', 'S type', NULL, 253, '2021-12-13 08:39:08', '2021-12-13 08:39:08'),
(721, 'X type', 'X type', NULL, 253, '2021-12-13 08:39:17', '2021-12-13 08:39:17'),
(722, 'XE', 'XE', NULL, 253, '2021-12-13 08:39:31', '2021-12-13 08:39:31'),
(723, 'XF', 'XF', NULL, 253, '2021-12-13 08:39:39', '2021-12-13 08:39:39'),
(724, 'Daimler', 'ديملر', NULL, 253, '2021-12-13 08:39:50', '2021-12-13 08:39:50'),
(725, 'Suv Virgen', 'سوفيرجن', NULL, 253, '2021-12-13 08:40:00', '2021-12-13 08:40:00'),
(726, 'Other Model', 'موديل اخر', NULL, 253, '2021-12-13 08:40:11', '2021-12-13 08:40:11'),
(727, 'New', 'جديدة', NULL, 260, '2021-12-13 10:17:58', '2021-12-13 10:17:58'),
(728, 'Used', 'مستعملة', NULL, 260, '2021-12-13 10:18:08', '2021-12-13 10:18:08'),
(729, 'Automatic', 'اوتوماتك', NULL, 262, '2021-12-13 10:19:08', '2021-12-13 10:19:08'),
(730, 'Manually', 'عادي', NULL, 262, '2021-12-13 10:19:20', '2021-12-13 10:19:20'),
(731, 'T77', 'T77', NULL, 259, '2021-12-13 10:20:59', '2021-12-13 10:20:59'),
(732, 'T80', 'T80', NULL, 259, '2021-12-13 10:21:07', '2021-12-13 10:21:07'),
(733, 'V80', 'V80', NULL, 259, '2021-12-13 10:21:16', '2021-12-13 10:21:16'),
(734, 'X40', 'X40', NULL, 259, '2021-12-13 10:21:29', '2021-12-13 10:21:29'),
(735, 'Oley', 'أولي', NULL, 259, '2021-12-13 10:21:43', '2021-12-13 10:21:43'),
(736, 'Besturn B50', 'بسترن B50', NULL, 259, '2021-12-13 10:22:30', '2021-12-13 10:22:30'),
(737, 'Besturn B70', 'بسترن B70', NULL, 259, '2021-12-13 10:22:39', '2021-12-13 10:22:39'),
(738, 'Besturn X80', 'بسترن X80', NULL, 259, '2021-12-13 10:22:50', '2021-12-13 10:22:50'),
(739, 'Other Model', 'موديل اخر', NULL, 259, '2021-12-13 10:23:02', '2021-12-13 10:23:02'),
(740, 'New', 'جديدة', NULL, 266, '2021-12-13 10:24:41', '2021-12-13 10:24:41'),
(741, 'Used', 'مستعملة', NULL, 266, '2021-12-13 10:24:50', '2021-12-13 10:24:50'),
(742, 'Automatic', 'اوتوماتك', NULL, 268, '2021-12-13 10:25:46', '2021-12-13 10:25:46'),
(743, 'Manually', 'عادي', NULL, 268, '2021-12-13 10:25:56', '2021-12-13 10:25:56'),
(744, 'Grand Cherokee', 'جراند شيروكي', NULL, 265, '2021-12-13 10:30:16', '2021-12-13 10:30:16'),
(745, 'Geladiator', 'جلاديتور', NULL, 265, '2021-12-13 10:30:28', '2021-12-13 10:30:28'),
(746, 'Wrangler', 'رانجلر', NULL, 265, '2021-12-13 10:30:37', '2021-12-13 10:30:37'),
(747, 'Renegade', 'رينيجيد', NULL, 265, '2021-12-13 10:30:53', '2021-12-13 10:30:53'),
(748, 'Cherokee', 'شيروكي', NULL, 265, '2021-12-13 10:31:04', '2021-12-13 10:31:04'),
(749, 'Compass', 'كومباس', NULL, 265, '2021-12-13 10:31:16', '2021-12-13 10:31:16'),
(750, 'Liberty', 'ليبرتي', NULL, 265, '2021-12-13 10:31:29', '2021-12-13 10:31:29'),
(751, 'Other Model', 'موديل اخر', NULL, 265, '2021-12-13 10:31:41', '2021-12-13 10:31:41'),
(752, 'New', 'جديدة', NULL, 272, '2021-12-13 10:34:08', '2021-12-13 10:34:08'),
(753, 'Used', 'مستعملة', NULL, 272, '2021-12-13 10:34:16', '2021-12-13 10:34:16'),
(754, 'Automatic', 'اوتوماتك', NULL, 274, '2021-12-13 10:34:59', '2021-12-13 10:34:59'),
(755, 'Manually', 'عادي', NULL, 274, '2021-12-13 10:35:08', '2021-12-13 10:35:08'),
(756, 'Admiral', 'ادميرال', NULL, 271, '2021-12-13 10:36:08', '2021-12-13 10:36:08'),
(757, 'Grand Tiger', 'جراند تايجر', NULL, 271, '2021-12-13 10:36:19', '2021-12-13 10:36:19'),
(758, 'Other Model', 'موديل اخر', NULL, 271, '2021-12-13 10:36:28', '2021-12-13 10:36:28'),
(759, 'New', 'جديدة', NULL, 278, '2021-12-13 10:40:48', '2021-12-13 10:40:48'),
(760, 'Used', 'مستعملة', NULL, 278, '2021-12-13 10:40:57', '2021-12-13 10:40:57'),
(761, 'Automatic', 'اوتوماتك', NULL, 280, '2021-12-13 10:41:56', '2021-12-13 10:41:56'),
(762, 'Manually', 'عادي', NULL, 280, '2021-12-13 10:42:03', '2021-12-13 10:42:03'),
(763, 'CS35', 'CS35', NULL, 277, '2021-12-13 10:43:14', '2021-12-13 10:43:14'),
(764, 'CS35 بلس', 'CS35 بلس', NULL, 277, '2021-12-13 10:43:21', '2021-12-13 10:43:21'),
(765, 'CS75', 'CS75', NULL, 277, '2021-12-13 10:43:29', '2021-12-13 10:43:29'),
(766, 'CS75 Plus', 'CS75 بلس', NULL, 277, '2021-12-13 10:43:38', '2021-12-13 10:43:38'),
(767, 'CS85', 'CS85', NULL, 277, '2021-12-13 10:43:45', '2021-12-13 10:43:45'),
(768, 'CS95', 'CS95', NULL, 277, '2021-12-13 10:43:51', '2021-12-13 10:43:51'),
(769, 'Alsvin', 'السفن', NULL, 277, '2021-12-13 10:44:01', '2021-12-13 10:44:01'),
(770, 'Eado', 'ايدو', NULL, 277, '2021-12-13 10:44:10', '2021-12-13 10:44:10'),
(771, 'Changan V7', 'شانجان V7', NULL, 277, '2021-12-13 10:44:25', '2021-12-13 10:44:25'),
(772, 'Hunter', 'هنتر', NULL, 277, '2021-12-13 10:44:33', '2021-12-13 10:44:33'),
(773, 'Other Model', 'موديل اخر', NULL, 277, '2021-12-13 10:44:42', '2021-12-13 10:44:42'),
(774, 'New', 'جديدة', NULL, 285, '2021-12-13 10:47:23', '2021-12-13 10:47:23'),
(775, 'Used', 'مستعملة', NULL, 285, '2021-12-13 10:47:31', '2021-12-13 10:47:31'),
(776, 'Automatic', 'اوتوماتك', NULL, 287, '2021-12-13 10:48:26', '2021-12-13 10:48:26'),
(777, 'Manually', 'عادي', NULL, 287, '2021-12-13 10:48:36', '2021-12-13 10:48:36'),
(778, 'Interpid', 'انتربيد', NULL, 284, '2021-12-13 10:49:35', '2021-12-13 10:49:35'),
(779, 'Charger', 'تشارجر', NULL, 284, '2021-12-13 10:49:43', '2021-12-13 10:49:43'),
(780, 'Gallinger', 'تشالنجر', NULL, 284, '2021-12-13 10:49:52', '2021-12-13 10:49:52'),
(781, 'Dodge Pickup', 'دودج بيك أب', NULL, 284, '2021-12-13 10:50:00', '2021-12-13 10:50:00'),
(782, 'Durango', 'دورانجو', NULL, 284, '2021-12-13 10:50:08', '2021-12-13 10:50:08'),
(783, 'Archer', 'رام', NULL, 284, '2021-12-13 10:50:20', '2021-12-13 10:50:20'),
(784, 'Fiber', 'فايبر', NULL, 284, '2021-12-13 10:50:30', '2021-12-13 10:50:30'),
(785, 'Caravan', 'كارافان', NULL, 284, '2021-12-13 10:50:38', '2021-12-13 10:50:38'),
(786, 'Voyager', 'كارافان', NULL, 284, '2021-12-13 10:50:47', '2021-12-13 10:50:47'),
(787, 'Caliber', 'كاليبر', NULL, 284, '2021-12-13 10:50:55', '2021-12-13 10:50:55'),
(788, 'Nitro', 'نيترو', NULL, 284, '2021-12-13 10:51:05', '2021-12-13 10:51:05'),
(789, 'Neon', 'نيون', NULL, 284, '2021-12-13 10:51:13', '2021-12-13 10:51:13'),
(790, 'Other Model', 'موديل اخر', NULL, 284, '2021-12-13 10:51:24', '2021-12-13 10:51:24'),
(791, 'New', 'جديدة', NULL, 291, '2021-12-13 10:53:03', '2021-12-13 10:53:03'),
(792, 'Used', 'مستعملة', NULL, 291, '2021-12-13 10:53:10', '2021-12-13 10:53:10'),
(793, 'Automatic', 'اوتوماتك', NULL, 293, '2021-12-13 10:53:52', '2021-12-13 10:53:52'),
(794, 'Manually', 'عادي', NULL, 293, '2021-12-13 10:53:59', '2021-12-13 10:53:59'),
(795, 'Buick', 'بويك', NULL, 290, '2021-12-13 10:54:45', '2021-12-13 10:54:45'),
(796, 'Other Model', 'موديل اخر', NULL, 290, '2021-12-13 10:54:54', '2021-12-13 10:54:54'),
(797, 'New', 'جديدة', NULL, 297, '2021-12-13 10:57:11', '2021-12-13 10:57:11'),
(798, 'Used', 'مستعملة', NULL, 297, '2021-12-13 10:57:19', '2021-12-13 10:57:19'),
(799, 'Automatic', 'اوتوماتك', NULL, 299, '2021-12-13 10:57:57', '2021-12-13 10:57:57'),
(800, 'Manually', 'عادي', NULL, 299, '2021-12-13 10:58:03', '2021-12-13 10:58:03'),
(801, 'GranTurismo', 'جران توريزمو', NULL, 296, '2021-12-13 10:58:56', '2021-12-13 10:58:56'),
(802, 'Ghibli', 'جيبلي', NULL, 296, '2021-12-13 10:59:03', '2021-12-13 10:59:03'),
(803, 'Quattroporte', 'كواتربورتي', NULL, 296, '2021-12-13 10:59:11', '2021-12-13 10:59:11'),
(804, 'Levante', 'ليفانتي', NULL, 296, '2021-12-13 10:59:19', '2021-12-13 10:59:19'),
(805, 'Mazzarini', 'مازيراني', NULL, 296, '2021-12-13 10:59:29', '2021-12-13 10:59:29'),
(806, 'Other Model', 'موديل اخر', NULL, 296, '2021-12-13 10:59:39', '2021-12-13 10:59:39'),
(807, 'New', 'جديدة', NULL, 303, '2021-12-13 11:01:08', '2021-12-13 11:01:08'),
(808, 'Used', 'مستعملة', NULL, 303, '2021-12-13 11:01:15', '2021-12-13 11:01:15'),
(809, 'Automatic', 'اوتوماتك', NULL, 305, '2021-12-13 11:02:01', '2021-12-13 11:02:01'),
(810, 'Manually', 'عادي', NULL, 305, '2021-12-13 11:02:08', '2021-12-13 11:02:08'),
(811, 'Dawn', 'داون', NULL, 302, '2021-12-13 11:03:05', '2021-12-13 11:03:05'),
(812, 'Wraith', 'ريث', NULL, 302, '2021-12-13 11:03:20', '2021-12-13 11:03:20'),
(813, 'Phantom', 'فانتوم', NULL, 302, '2021-12-13 11:03:29', '2021-12-13 11:03:29'),
(814, 'Quest', 'قوست', NULL, 302, '2021-12-13 11:03:41', '2021-12-13 11:03:41'),
(815, 'Cullinan', 'كولينان', NULL, 302, '2021-12-13 11:03:49', '2021-12-13 11:03:49'),
(816, 'Other Model', 'موديل اخر', NULL, 302, '2021-12-13 11:04:01', '2021-12-13 11:04:01'),
(817, 'New', 'جديدة', NULL, 309, '2021-12-13 11:10:22', '2021-12-13 11:10:22'),
(818, 'Used', 'مستعملة', NULL, 309, '2021-12-13 11:10:30', '2021-12-13 11:10:30'),
(819, 'Automatic', 'اوتوماتك', NULL, 311, '2021-12-13 11:11:12', '2021-12-13 11:11:12'),
(820, 'Manually', 'عادي', NULL, 311, '2021-12-13 11:11:18', '2021-12-13 11:11:18'),
(821, 'Aventador', 'افنتادور', NULL, 308, '2021-12-13 11:12:17', '2021-12-13 11:12:17'),
(822, 'Huracan', 'هوراكان', NULL, 308, '2021-12-13 11:12:26', '2021-12-13 11:12:26'),
(823, 'Urus', 'اوروس', NULL, 308, '2021-12-13 11:12:35', '2021-12-13 11:12:35'),
(824, 'Other Model', 'موديل اخر', NULL, 308, '2021-12-13 11:12:45', '2021-12-13 11:12:45'),
(825, 'New', 'جديدة', NULL, 315, '2021-12-13 11:14:15', '2021-12-13 11:14:15'),
(826, 'Used', 'مستعملة', NULL, 315, '2021-12-13 11:14:22', '2021-12-13 11:14:22'),
(827, 'Automatic', 'اوتوماتك', NULL, 317, '2021-12-13 11:15:06', '2021-12-13 11:15:06'),
(828, 'Manually', 'عادي', NULL, 317, '2021-12-13 11:15:15', '2021-12-13 11:15:15'),
(829, '488 PISTA', '488 PISTA', NULL, 314, '2021-12-13 11:16:11', '2021-12-13 11:16:11'),
(830, '812', '812', NULL, 314, '2021-12-13 11:16:28', '2021-12-13 11:16:28'),
(831, 'F8', 'F8', NULL, 314, '2021-12-13 11:16:41', '2021-12-13 11:16:41'),
(832, 'GTC4', 'GTC4', NULL, 314, '2021-12-13 11:16:49', '2021-12-13 11:16:49'),
(833, 'MONZA', 'مونزا', NULL, 314, '2021-12-13 11:17:03', '2021-12-13 11:17:03'),
(834, 'Roma', 'روما', NULL, 314, '2021-12-13 11:17:21', '2021-12-13 11:17:21'),
(835, 'SF90', 'SF90', NULL, 314, '2021-12-13 11:17:29', '2021-12-13 11:17:29'),
(836, 'Other Model', 'موديل اخر', NULL, 314, '2021-12-13 11:17:39', '2021-12-13 11:17:39'),
(838, 'New', 'جديدة', NULL, 321, '2021-12-13 11:21:51', '2021-12-13 11:21:51'),
(839, 'Used', 'مستعملة', NULL, 321, '2021-12-13 11:21:59', '2021-12-13 11:21:59'),
(840, 'Automatic', 'اوتوماتك', NULL, 323, '2021-12-13 11:22:51', '2021-12-13 11:22:51'),
(841, 'Manually', 'عادي', NULL, 323, '2021-12-13 11:23:00', '2021-12-13 11:23:00'),
(842, 'C1', 'C1', NULL, 320, '2021-12-13 11:24:14', '2021-12-13 11:24:14'),
(843, 'C2', 'C2', NULL, 320, '2021-12-13 11:24:23', '2021-12-13 11:24:23'),
(844, 'C3', 'C3', NULL, 320, '2021-12-13 11:24:29', '2021-12-13 11:24:29'),
(845, 'C4', 'C4', NULL, 320, '2021-12-13 11:24:36', '2021-12-13 11:24:36'),
(846, 'C6', 'C6', NULL, 320, '2021-12-13 11:24:42', '2021-12-13 11:24:42'),
(847, 'Xara', 'اكسارا', NULL, 320, '2021-12-13 11:24:50', '2021-12-13 11:24:50'),
(848, 'Berlingo', 'برلنجو', NULL, 320, '2021-12-13 11:24:58', '2021-12-13 11:24:58'),
(849, 'Regency', 'ربجنسي', NULL, 320, '2021-12-13 11:25:05', '2021-12-13 11:25:05'),
(850, 'Other Model', 'موديل اخر', NULL, 320, '2021-12-13 11:25:18', '2021-12-13 11:25:18'),
(851, 'New', 'جديدة', NULL, 327, '2021-12-13 11:27:29', '2021-12-13 11:27:29'),
(852, 'Used', 'مستعملة', NULL, 327, '2021-12-13 11:27:37', '2021-12-13 11:27:37'),
(853, 'Automatic', 'اوتوماتك', NULL, 329, '2021-12-13 11:28:17', '2021-12-13 11:28:17'),
(854, 'Manually', 'عادي', NULL, 329, '2021-12-13 11:28:24', '2021-12-13 11:28:24'),
(855, 'GA3', 'GA3', NULL, 326, '2021-12-13 11:29:21', '2021-12-13 11:29:21'),
(856, 'GA4', 'GA4', NULL, 326, '2021-12-13 11:29:29', '2021-12-13 11:29:29'),
(857, 'GA8', 'GA8', NULL, 326, '2021-12-13 11:29:37', '2021-12-13 11:29:37'),
(858, 'GN6', 'GN6', NULL, 326, '2021-12-13 11:29:42', '2021-12-13 11:29:42'),
(859, 'GN8', 'GN8', NULL, 326, '2021-12-13 11:29:48', '2021-12-13 11:29:48'),
(860, 'GS3', 'GS3', NULL, 326, '2021-12-13 11:29:53', '2021-12-13 11:29:53'),
(861, 'GS4', 'GS4', NULL, 326, '2021-12-13 11:29:59', '2021-12-13 11:29:59'),
(862, 'GS5', 'GS5', NULL, 326, '2021-12-13 11:30:05', '2021-12-13 11:30:05'),
(863, 'GS8', 'GS8', NULL, 326, '2021-12-13 11:30:11', '2021-12-13 11:30:11'),
(864, 'Other Model', 'موديل اخر', NULL, 326, '2021-12-13 11:30:21', '2021-12-13 11:30:21'),
(865, 'New', 'جديدة', NULL, 333, '2021-12-13 11:31:40', '2021-12-13 11:31:40'),
(866, 'Used', 'مستعملة', NULL, 333, '2021-12-13 11:31:46', '2021-12-13 11:31:46'),
(867, 'Automatic', 'اوتوماتك', NULL, 335, '2021-12-13 11:32:25', '2021-12-13 11:32:25'),
(868, 'Manually', 'عادي', NULL, 335, '2021-12-13 11:32:34', '2021-12-13 11:32:34'),
(869, 'XENON', 'زينون', NULL, 332, '2021-12-13 11:33:19', '2021-12-13 11:33:19'),
(870, 'Other Model', 'موديل اخر', NULL, 332, '2021-12-13 11:33:29', '2021-12-13 11:33:29'),
(871, 'New', 'جديدة', NULL, 339, '2021-12-13 11:36:23', '2021-12-13 11:36:23'),
(872, 'Used', 'مستعملة', NULL, 339, '2021-12-13 11:36:32', '2021-12-13 11:36:32'),
(873, 'Automatic', 'اوتوماتك', NULL, 341, '2021-12-13 11:37:26', '2021-12-13 11:37:26'),
(874, 'Manually', 'عادي', NULL, 341, '2021-12-13 11:37:33', '2021-12-13 11:37:33'),
(875, 'JMC', 'جى ام سي JMC', NULL, 338, '2021-12-13 11:38:22', '2021-12-13 11:38:22'),
(876, 'Other Model', 'موديل اخر', NULL, 338, '2021-12-13 11:38:32', '2021-12-13 11:38:32'),
(877, 'New', 'جديدة', NULL, 345, '2021-12-13 11:40:36', '2021-12-13 11:40:36'),
(878, 'Used', 'مستعملة', NULL, 345, '2021-12-13 11:40:43', '2021-12-13 11:40:43'),
(879, 'Automatic', 'اوتوماتك', NULL, 347, '2021-12-13 11:41:23', '2021-12-13 11:41:23'),
(880, 'Manually', 'عادي', NULL, 347, '2021-12-13 11:41:30', '2021-12-13 11:41:30'),
(881, 'ES', 'ES', NULL, 344, '2021-12-13 11:42:14', '2021-12-13 11:42:14'),
(882, 'GS', 'GS', NULL, 344, '2021-12-13 11:42:20', '2021-12-13 11:42:20'),
(883, 'GSF', 'GSF', NULL, 344, '2021-12-13 11:42:25', '2021-12-13 11:42:25'),
(884, 'GX', 'GX', NULL, 344, '2021-12-13 11:42:30', '2021-12-13 11:42:30'),
(885, 'IS', 'IS', NULL, 344, '2021-12-13 11:42:36', '2021-12-13 11:42:36'),
(886, 'LC', 'LC', NULL, 344, '2021-12-13 11:42:41', '2021-12-13 11:42:41'),
(887, 'LS', 'LS', NULL, 344, '2021-12-13 11:42:48', '2021-12-13 11:42:48'),
(888, 'LX', 'LX', NULL, 344, '2021-12-13 11:42:53', '2021-12-13 11:42:53'),
(889, 'NX', 'NX', NULL, 344, '2021-12-13 11:43:00', '2021-12-13 11:43:00'),
(890, 'RC', 'RC', NULL, 344, '2021-12-13 11:43:05', '2021-12-13 11:43:05'),
(891, 'RCF', 'RCF', NULL, 344, '2021-12-13 11:43:12', '2021-12-13 11:43:12'),
(892, 'RX', 'RX', NULL, 344, '2021-12-13 11:43:20', '2021-12-13 11:43:20'),
(893, 'SC', 'SC', NULL, 344, '2021-12-13 11:43:25', '2021-12-13 11:43:25'),
(894, 'UX', 'UX', NULL, 344, '2021-12-13 11:43:31', '2021-12-13 11:43:31'),
(895, 'Other Model', 'موديل اخر', NULL, 344, '2021-12-13 11:43:43', '2021-12-13 11:43:43'),
(896, 'New', 'جديدة', NULL, 351, '2021-12-13 11:49:11', '2021-12-13 11:49:11'),
(897, 'Used', 'مستعملة', NULL, 351, '2021-12-13 11:49:18', '2021-12-13 11:49:18'),
(898, 'Automatic', 'اوتوماتك', NULL, 353, '2021-12-13 11:50:03', '2021-12-13 11:50:03'),
(899, 'Manually', 'عادي', NULL, 353, '2021-12-13 11:50:10', '2021-12-13 11:50:10'),
(900, 'Dolce Vita', 'دولتشي فيتا', NULL, 350, '2021-12-13 11:51:06', '2021-12-13 11:51:06'),
(901, 'Fiat 500', 'فيات 500', NULL, 350, '2021-12-13 11:51:14', '2021-12-13 11:51:14'),
(902, 'Fiat 500X', 'فيات 500X', NULL, 350, '2021-12-13 11:51:21', '2021-12-13 11:51:21'),
(903, 'Fiorino', 'فيورينو', NULL, 350, '2021-12-13 11:51:30', '2021-12-13 11:51:30'),
(904, 'Linea', 'لينيا', NULL, 350, '2021-12-13 11:51:38', '2021-12-13 11:51:38'),
(905, 'Other Model', 'موديل اخر', NULL, 350, '2021-12-13 11:51:53', '2021-12-13 11:51:53'),
(906, 'New', 'جديدة', NULL, 357, '2021-12-13 11:53:26', '2021-12-13 11:53:26'),
(907, 'Used', 'مستعملة', NULL, 357, '2021-12-13 11:53:34', '2021-12-13 11:53:34'),
(908, 'Automatic', 'اوتوماتك', NULL, 359, '2021-12-13 11:54:12', '2021-12-13 11:54:12'),
(909, 'Manually', 'عادي', NULL, 359, '2021-12-13 11:54:19', '2021-12-13 11:54:19'),
(910, 'SABB', 'ساب', NULL, 356, '2021-12-13 11:55:06', '2021-12-13 11:55:06'),
(911, 'Other Model', 'موديل اخر', NULL, 356, '2021-12-13 11:55:15', '2021-12-13 11:55:15'),
(912, 'New', 'جديدة', NULL, 363, '2021-12-13 11:56:37', '2021-12-13 11:56:37'),
(913, 'Used', 'مستعملة', NULL, 363, '2021-12-13 11:56:44', '2021-12-13 11:56:44'),
(914, 'Automatic', 'اوتوماتك', NULL, 365, '2021-12-13 11:57:30', '2021-12-13 11:57:30'),
(915, 'Manually', 'عادي', NULL, 365, '2021-12-13 11:57:42', '2021-12-13 11:57:42'),
(916, 'Tesla', 'تسلا', NULL, 362, '2021-12-13 11:58:28', '2021-12-13 11:58:28'),
(917, 'Other Model', 'موديل اخر', NULL, 362, '2021-12-13 11:58:37', '2021-12-13 11:58:37'),
(918, 'New', 'جديدة', NULL, 369, '2021-12-13 12:00:13', '2021-12-13 12:00:13'),
(919, 'Used', 'مستعملة', NULL, 369, '2021-12-13 12:00:30', '2021-12-13 12:00:30'),
(920, 'Automatic', 'اوتوماتك', NULL, 371, '2021-12-13 12:01:17', '2021-12-13 12:01:17'),
(921, 'Manually', 'عادي', NULL, 371, '2021-12-13 12:01:25', '2021-12-13 12:01:25'),
(922, 'XLV', 'XLV', NULL, 368, '2021-12-13 12:02:08', '2021-12-13 12:02:08'),
(923, 'Actyon', 'اكتيون', NULL, 368, '2021-12-13 12:02:15', '2021-12-13 12:02:15'),
(924, 'Tivoli', 'تيفولي', NULL, 368, '2021-12-13 12:02:24', '2021-12-13 12:02:24'),
(925, 'Rexton', 'ريكستون', NULL, 368, '2021-12-13 12:02:31', '2021-12-13 12:02:31'),
(926, 'Korando', 'كوراندو', NULL, 368, '2021-12-13 12:02:43', '2021-12-13 12:02:43'),
(927, 'Musso', 'موسو', NULL, 368, '2021-12-13 12:02:51', '2021-12-13 12:02:51'),
(928, 'Other Model', 'موديل اخر', NULL, 368, '2021-12-13 12:03:13', '2021-12-13 12:03:13'),
(929, 'New', 'جديدة', NULL, 375, '2021-12-13 12:04:51', '2021-12-13 12:04:51'),
(930, 'Used', 'مستعملة', NULL, 375, '2021-12-13 12:05:00', '2021-12-13 12:05:00'),
(931, 'Automatic', 'اوتوماتك', NULL, 377, '2021-12-13 12:05:38', '2021-12-13 12:05:38'),
(932, 'Manually', 'عادي', NULL, 377, '2021-12-13 12:05:45', '2021-12-13 12:05:45'),
(933, 'DB11', 'DB11', NULL, 374, '2021-12-13 12:06:39', '2021-12-13 12:06:39'),
(934, 'DBS', 'DBS', NULL, 374, '2021-12-13 12:06:47', '2021-12-13 12:06:47'),
(935, 'Rapide S', 'رابيد اس', NULL, 374, '2021-12-13 12:06:54', '2021-12-13 12:06:54'),
(936, 'Vantage', 'فانتاج', NULL, 374, '2021-12-13 12:07:03', '2021-12-13 12:07:03'),
(937, 'Other Model', 'موديل اخر', NULL, 374, '2021-12-13 12:07:17', '2021-12-13 12:07:17'),
(938, 'New', 'جديدة', NULL, 381, '2021-12-14 05:48:23', '2021-12-14 05:48:23'),
(939, 'Used', 'مستعملة', NULL, 381, '2021-12-14 06:00:24', '2021-12-14 06:00:24'),
(940, 'Automatic', 'اوتوماتك', NULL, 383, '2021-12-14 06:01:18', '2021-12-14 06:01:18'),
(941, 'Manually', 'عادي', NULL, 383, '2021-12-14 06:01:29', '2021-12-14 06:01:29'),
(942, 'GEN2', 'جين 2', NULL, 380, '2021-12-14 06:02:23', '2021-12-14 06:02:23'),
(943, 'Persona', 'بيرسونا', NULL, 380, '2021-12-14 06:02:33', '2021-12-14 06:02:33'),
(944, 'Waja', 'واجا', NULL, 380, '2021-12-14 06:02:43', '2021-12-14 06:02:43'),
(945, 'Other Model', 'موديل اخر', NULL, 380, '2021-12-14 06:02:54', '2021-12-14 06:02:54'),
(946, 'New', 'جديدة', NULL, 387, '2021-12-14 06:05:35', '2021-12-14 06:05:35'),
(947, 'Used', 'مستعملة', NULL, 387, '2021-12-14 06:05:46', '2021-12-14 06:05:46'),
(948, 'Automatic', 'اوتوماتك', NULL, 389, '2021-12-14 06:06:33', '2021-12-14 06:06:33'),
(949, 'Manually', 'عادي', NULL, 389, '2021-12-14 06:06:41', '2021-12-14 06:06:41'),
(950, 'X70', 'X70', NULL, 386, '2021-12-14 06:07:33', '2021-12-14 06:07:33'),
(951, 'X70S', 'X70S', NULL, 386, '2021-12-14 06:07:45', '2021-12-14 06:07:45'),
(952, 'X90', 'X90', NULL, 386, '2021-12-14 06:07:55', '2021-12-14 06:07:55'),
(953, 'Other Model', 'موديل اخر', NULL, 386, '2021-12-14 06:08:13', '2021-12-14 06:08:13'),
(960, 'New', 'جديدة', NULL, 399, '2021-12-14 06:24:24', '2021-12-14 06:24:24'),
(961, 'Used', 'مستعملة', NULL, 399, '2021-12-14 06:24:31', '2021-12-14 06:24:31'),
(962, 'Automatic', 'اوتوماتك', NULL, 401, '2021-12-14 11:13:00', '2021-12-14 11:13:00'),
(963, 'Manually', 'عادي', NULL, 401, '2021-12-14 11:13:06', '2021-12-14 11:13:06'),
(964, 'Tunland', 'تونلاند', NULL, 398, '2021-12-14 11:14:06', '2021-12-14 11:14:06'),
(965, 'Other Model', 'موديل اخر', NULL, 398, '2021-12-14 11:14:18', '2021-12-14 11:14:18'),
(966, 'New', 'جديدة', NULL, 405, '2021-12-14 11:16:44', '2021-12-14 11:16:44'),
(967, 'Used', 'مستعملة', NULL, 405, '2021-12-14 11:16:53', '2021-12-14 11:16:53'),
(968, 'Automatic', 'اوتوماتك', NULL, 407, '2021-12-14 11:17:36', '2021-12-14 11:17:36'),
(969, 'Manually', 'عادي', NULL, 407, '2021-12-14 11:17:43', '2021-12-14 11:17:43'),
(970, 'VICTORY AUTO', 'فيكتوري اوتو', NULL, 404, '2021-12-14 11:18:46', '2021-12-14 11:18:46'),
(971, 'Other Model', 'موديل اخر', NULL, 404, '2021-12-14 11:19:16', '2021-12-14 11:19:16'),
(972, 'New', 'جديدة', NULL, 411, '2021-12-14 11:20:35', '2021-12-14 11:20:35'),
(973, 'Used', 'مستعملة', NULL, 411, '2021-12-14 11:20:44', '2021-12-14 11:20:44'),
(974, 'Automatic', 'اوتوماتك', NULL, 413, '2021-12-14 11:21:39', '2021-12-14 11:21:39'),
(975, 'Manually', 'عادي', NULL, 413, '2021-12-14 11:21:47', '2021-12-14 11:21:47'),
(976, 'Lifan', 'ليفان', NULL, 410, '2021-12-14 11:22:50', '2021-12-14 11:22:50'),
(977, 'Other Model', 'موديل اخر', NULL, 410, '2021-12-14 11:23:06', '2021-12-14 11:23:06'),
(978, 'New', 'جديدة', NULL, 417, '2021-12-14 11:26:47', '2021-12-14 11:26:47'),
(979, 'Used', 'مستعملة', NULL, 417, '2021-12-14 11:26:58', '2021-12-14 11:26:58'),
(980, 'Automatic', 'اوتوماتك', NULL, 419, '2021-12-14 11:28:11', '2021-12-14 11:28:11'),
(981, 'Manually', 'عادي', NULL, 419, '2021-12-14 11:28:19', '2021-12-14 11:28:19'),
(982, 'GIULIA', 'جوليا', NULL, 416, '2021-12-14 11:29:12', '2021-12-14 11:29:12'),
(983, 'GIULIETTA', 'جوليتا', NULL, 416, '2021-12-14 11:29:25', '2021-12-14 11:29:25'),
(984, 'STELVIO', 'ستلفيو', NULL, 416, '2021-12-14 11:29:50', '2021-12-14 11:29:50'),
(985, 'Other Model', 'موديل اخر', NULL, 416, '2021-12-14 11:30:08', '2021-12-14 11:30:08'),
(986, 'New', 'جديدة', NULL, 423, '2021-12-14 11:35:58', '2021-12-14 11:35:58'),
(987, 'Used', 'مستعملة', NULL, 423, '2021-12-14 11:36:07', '2021-12-14 11:36:07'),
(988, 'Automatic', 'اوتوماتك', NULL, 425, '2021-12-14 11:37:03', '2021-12-14 11:37:03'),
(989, 'Manually', 'عادي', NULL, 425, '2021-12-14 11:37:12', '2021-12-14 11:37:12'),
(990, 'C200', 'C200', NULL, 422, '2021-12-14 11:38:09', '2021-12-14 11:38:09'),
(991, 'C300', 'C300', NULL, 422, '2021-12-14 11:38:22', '2021-12-14 11:38:22'),
(992, 'M300', 'M300', NULL, 422, '2021-12-14 11:38:35', '2021-12-14 11:38:35'),
(993, 'Imperial', 'امبيريال', NULL, 422, '2021-12-14 11:38:45', '2021-12-14 11:38:45'),
(994, 'Pacifica', 'باسيفيكا', NULL, 422, '2021-12-14 11:39:01', '2021-12-14 11:39:01'),
(995, 'Plymouth', 'بلايموث', NULL, 422, '2021-12-14 11:39:16', '2021-12-14 11:39:16'),
(996, 'PT Cruiser', 'بي تي كروزر', NULL, 422, '2021-12-14 11:39:28', '2021-12-14 11:39:28'),
(997, 'Grand Voyager', 'جراند فوياجر', NULL, 422, '2021-12-14 11:39:54', '2021-12-14 11:39:54'),
(998, 'Crossfire', 'كروس فاير', NULL, 422, '2021-12-14 11:40:05', '2021-12-14 11:40:05'),
(999, 'Concorde', 'كونكورد', NULL, 422, '2021-12-14 11:40:12', '2021-12-14 11:40:12'),
(1000, 'Other Model', 'موديل اخر', NULL, 422, '2021-12-14 11:40:24', '2021-12-14 11:40:24'),
(1001, 'New', 'جديدة', NULL, 429, '2021-12-14 11:41:40', '2021-12-14 11:41:40'),
(1002, 'Used', 'مستعملة', NULL, 429, '2021-12-14 11:41:53', '2021-12-14 11:41:53'),
(1003, 'Automatic', 'اوتوماتك', NULL, 431, '2021-12-14 11:42:35', '2021-12-14 11:42:35'),
(1004, 'Manually', 'عادي', NULL, 431, '2021-12-14 11:42:41', '2021-12-14 11:42:41'),
(1005, 'H1', 'H1', NULL, 428, '2021-12-14 11:43:37', '2021-12-14 11:43:37'),
(1006, 'H2', 'H2', NULL, 428, '2021-12-14 11:43:43', '2021-12-14 11:43:43'),
(1007, 'H3', 'H3', NULL, 428, '2021-12-14 11:43:49', '2021-12-14 11:43:49'),
(1008, 'Other Model', 'موديل اخر', NULL, 428, '2021-12-14 11:44:00', '2021-12-14 11:44:00'),
(1009, 'New', 'جديدة', NULL, 435, '2021-12-14 11:45:24', '2021-12-14 11:45:24'),
(1010, 'Used', 'مستعملة', NULL, 435, '2021-12-14 11:45:32', '2021-12-14 11:45:32'),
(1011, 'Automatic', 'اوتوماتك', NULL, 437, '2021-12-14 11:46:16', '2021-12-14 11:46:16'),
(1012, 'Manually', 'عادي', NULL, 437, '2021-12-14 11:46:23', '2021-12-14 11:46:23'),
(1013, 'MKS', 'MKS', NULL, 434, '2021-12-14 11:47:04', '2021-12-14 11:47:04'),
(1014, 'LS', 'ال اس', NULL, 434, '2021-12-14 11:47:15', '2021-12-14 11:47:15'),
(1015, 'Town Car', 'تاون كار', NULL, 434, '2021-12-14 11:47:28', '2021-12-14 11:47:28'),
(1016, 'Continental', 'كونتيننتال', NULL, 434, '2021-12-14 11:47:36', '2021-12-14 11:47:36'),
(1017, 'Navigator', 'نافيجتور', NULL, 434, '2021-12-14 11:47:45', '2021-12-14 11:47:45'),
(1018, 'Nautilus', 'نوتيلوس', NULL, 434, '2021-12-14 11:47:56', '2021-12-14 11:47:56'),
(1019, 'Other Model', 'موديل اخر', NULL, 434, '2021-12-14 11:48:07', '2021-12-14 11:48:07'),
(1020, 'New', 'جديدة', NULL, 441, '2021-12-14 11:49:22', '2021-12-14 11:49:22'),
(1021, 'Used', 'مستعملة', NULL, 441, '2021-12-14 11:49:28', '2021-12-14 11:49:28'),
(1022, 'Automatic', 'اوتوماتك', NULL, 443, '2021-12-14 11:50:01', '2021-12-14 11:50:01'),
(1023, 'Manually', 'عادي', NULL, 443, '2021-12-14 11:50:07', '2021-12-14 11:50:07'),
(1024, 'ATS', 'ATS', NULL, 440, '2021-12-14 11:50:57', '2021-12-14 11:50:57'),
(1025, 'CT4', 'CT4', NULL, 440, '2021-12-14 11:51:04', '2021-12-14 11:51:04'),
(1026, 'CT5', 'CT5', NULL, 440, '2021-12-14 11:51:10', '2021-12-14 11:51:10'),
(1027, 'CT6', 'CT6', NULL, 440, '2021-12-14 11:51:17', '2021-12-14 11:51:17'),
(1028, 'CTS', 'CTS', NULL, 440, '2021-12-14 11:51:25', '2021-12-14 11:51:25'),
(1029, 'DTS', 'DTS', NULL, 440, '2021-12-14 11:51:31', '2021-12-14 11:51:31'),
(1030, 'SRX', 'SRX', NULL, 440, '2021-12-14 11:51:36', '2021-12-14 11:51:36'),
(1031, 'STS', 'STS', NULL, 440, '2021-12-14 11:51:42', '2021-12-14 11:51:42'),
(1032, 'XT4', 'XT4', NULL, 440, '2021-12-14 11:51:47', '2021-12-14 11:51:47'),
(1033, 'XT5', 'XT5', NULL, 440, '2021-12-14 11:51:55', '2021-12-14 11:51:55'),
(1034, 'XT6', 'XT6', NULL, 440, '2021-12-14 11:52:03', '2021-12-14 11:52:03'),
(1035, 'Escalade', 'اسكاليد', NULL, 440, '2021-12-14 11:52:11', '2021-12-14 11:52:11'),
(1036, 'Deville', 'ديفيل', NULL, 440, '2021-12-14 11:52:18', '2021-12-14 11:52:18'),
(1037, 'Fleetwood', 'فليتوود', NULL, 440, '2021-12-14 11:52:27', '2021-12-14 11:52:27'),
(1038, 'Concours', 'كونكورس', NULL, 440, '2021-12-14 11:52:36', '2021-12-14 11:52:36'),
(1039, 'Other Model', 'موديل اخر', NULL, 440, '2021-12-14 11:52:45', '2021-12-14 11:52:45'),
(1040, 'New', 'جديدة', NULL, 447, '2021-12-14 11:54:20', '2021-12-14 11:54:20'),
(1041, 'Used', 'مستعملة', NULL, 447, '2021-12-14 11:54:27', '2021-12-14 11:54:27'),
(1042, 'Automatic', 'اوتوماتك', NULL, 449, '2021-12-14 11:55:03', '2021-12-14 11:55:03'),
(1043, 'Manually', 'عادي', NULL, 449, '2021-12-14 11:55:10', '2021-12-14 11:55:10'),
(1044, '718', '718', NULL, 446, '2021-12-14 11:55:51', '2021-12-14 11:55:51'),
(1045, '911', '911', NULL, 446, '2021-12-14 11:55:56', '2021-12-14 11:55:56'),
(1046, 'GT', 'GT', NULL, 446, '2021-12-14 11:56:02', '2021-12-14 11:56:02'),
(1047, 'Panamera', 'باناميرا', NULL, 446, '2021-12-14 11:56:10', '2021-12-14 11:56:10'),
(1048, 'Boxster', 'بوكستر', NULL, 446, '2021-12-14 11:56:18', '2021-12-14 11:56:18'),
(1049, 'Turbo', 'توربو', NULL, 446, '2021-12-14 11:56:25', '2021-12-14 11:56:25'),
(1050, 'Carrera', 'كاريرا', NULL, 446, '2021-12-14 11:56:32', '2021-12-14 11:56:32'),
(1051, 'Cayman', 'كايمن', NULL, 446, '2021-12-14 11:56:41', '2021-12-14 11:56:41'),
(1052, 'Cayenne', 'كايين', NULL, 446, '2021-12-14 11:56:49', '2021-12-14 11:56:49'),
(1053, 'Macan', 'ماكان', NULL, 446, '2021-12-14 11:56:58', '2021-12-14 11:56:58'),
(1054, 'Other Model', 'موديل اخر', NULL, 446, '2021-12-14 11:57:11', '2021-12-14 11:57:11'),
(1055, 'New', 'جديدة', NULL, 453, '2021-12-14 11:58:17', '2021-12-14 11:58:17'),
(1056, 'Used', 'مستعملة', NULL, 453, '2021-12-14 11:58:24', '2021-12-14 11:58:24'),
(1057, 'Automatic', 'اوتوماتك', NULL, 455, '2021-12-14 11:59:03', '2021-12-14 11:59:03'),
(1058, 'Manually', 'عادي', NULL, 455, '2021-12-14 11:59:11', '2021-12-14 11:59:11'),
(1059, 'Mahindra', 'ماهيندرا', NULL, 452, '2021-12-14 11:59:54', '2021-12-14 11:59:54'),
(1060, 'Other Model', 'موديل اخر', NULL, 452, '2021-12-14 12:00:02', '2021-12-14 12:00:02'),
(1067, 'New', 'جديدة', NULL, 465, '2021-12-14 12:04:22', '2021-12-14 12:04:22'),
(1068, 'Used', 'مستعملة', NULL, 465, '2021-12-14 12:04:37', '2021-12-14 12:04:37'),
(1069, 'Automatic', 'اوتوماتك', NULL, 467, '2021-12-14 12:05:21', '2021-12-14 12:05:21'),
(1070, 'Manually', 'عادي', NULL, 467, '2021-12-14 12:05:29', '2021-12-14 12:05:29'),
(1071, 'Hongqi', 'هونشي', NULL, 464, '2021-12-14 12:06:22', '2021-12-14 12:06:22'),
(1072, 'Other Model', 'موديل اخر', NULL, 464, '2021-12-14 12:06:30', '2021-12-14 12:06:30'),
(1073, 'New', 'جديدة', NULL, 471, '2021-12-14 12:07:49', '2021-12-14 12:07:49'),
(1074, 'Used', 'مستعملة', NULL, 471, '2021-12-14 12:07:56', '2021-12-14 12:07:56'),
(1075, 'Automatic', 'اوتوماتك', NULL, 473, '2021-12-14 12:08:37', '2021-12-14 12:08:37'),
(1076, 'Manually', 'عادي', NULL, 473, '2021-12-14 12:08:47', '2021-12-14 12:08:47'),
(1077, 'MAXUS', 'ماكسيس', NULL, 470, '2021-12-14 12:09:30', '2021-12-14 12:09:30'),
(1078, 'Other Model', 'موديل اخر', NULL, 470, '2021-12-14 12:09:38', '2021-12-14 12:09:38'),
(1079, 'New', 'جديدة', NULL, 477, '2021-12-14 12:10:44', '2021-12-14 12:10:44'),
(1080, 'Used', 'مستعملة', NULL, 477, '2021-12-14 12:10:51', '2021-12-14 12:10:51'),
(1081, 'Automatic', 'اوتوماتك', NULL, 479, '2021-12-14 12:11:32', '2021-12-14 12:11:32'),
(1082, 'Manually', 'عادي', NULL, 479, '2021-12-14 12:11:38', '2021-12-14 12:11:38'),
(1083, 'McLaren', 'ماكلارين', NULL, 476, '2021-12-14 12:12:19', '2021-12-14 12:12:19'),
(1084, 'Other Model', 'موديل اخر', NULL, 476, '2021-12-14 12:12:27', '2021-12-14 12:12:27'),
(1085, 'New', 'جديدة', NULL, 483, '2021-12-14 12:13:36', '2021-12-14 12:13:36'),
(1086, 'Used', 'مستعملة', NULL, 483, '2021-12-14 12:13:42', '2021-12-14 12:13:42'),
(1087, 'Automatic', 'اوتوماتك', NULL, 485, '2021-12-14 12:14:35', '2021-12-14 12:14:35'),
(1088, 'Manually', 'عادي', NULL, 485, '2021-12-14 12:14:41', '2021-12-14 12:14:41'),
(1089, 'JAC', 'جاك JAC', NULL, 482, '2021-12-14 12:15:26', '2021-12-14 12:15:26'),
(1090, 'Other Model', 'موديل اخر', NULL, 482, '2021-12-14 12:15:36', '2021-12-14 12:15:36'),
(1091, 'New', 'جديدة', NULL, 489, '2021-12-15 06:09:58', '2021-12-15 06:09:58'),
(1092, 'Used', 'مستعملة', NULL, 489, '2021-12-15 06:10:06', '2021-12-15 06:10:06'),
(1093, 'Automatic', 'اوتوماتك', NULL, 491, '2021-12-15 06:10:50', '2021-12-15 06:10:50'),
(1094, 'Manually', 'عادي', NULL, 491, '2021-12-15 06:10:58', '2021-12-15 06:10:58'),
(1095, 'Baic', 'بايك', NULL, 488, '2021-12-15 06:14:20', '2021-12-15 06:14:20'),
(1096, 'Other Model', 'موديل اخر', NULL, 488, '2021-12-15 06:14:40', '2021-12-15 06:14:40'),
(1103, 'Furnitured', 'مفروشة', NULL, 503, '2021-12-16 07:40:23', '2021-12-16 07:40:23'),
(1104, 'Unfurnished', 'غير مفروشة', NULL, 503, '2021-12-16 07:41:11', '2021-12-16 07:41:11'),
(1106, 'Furnished', 'مفروش', NULL, 504, '2021-12-16 07:44:11', '2021-12-16 07:44:11'),
(1107, 'Unfurnished', 'غير مفروش', NULL, 504, '2021-12-16 07:44:42', '2021-12-16 07:44:42'),
(1108, '7', '7', NULL, 2, '2021-12-16 10:19:33', '2021-12-16 10:19:33'),
(1109, '8', '8', NULL, 2, '2021-12-16 10:19:36', '2021-12-16 10:19:36'),
(1110, '9', '9', NULL, 2, '2021-12-16 10:19:40', '2021-12-16 10:19:40'),
(1111, '10', '10', NULL, 2, '2021-12-16 10:19:43', '2021-12-16 10:19:43'),
(1112, '11', '11', NULL, 2, '2021-12-16 10:19:48', '2021-12-16 10:19:48'),
(1113, '12', '12', NULL, 2, '2021-12-16 10:19:54', '2021-12-16 10:19:54'),
(1114, '13', '13', NULL, 2, '2021-12-16 10:19:58', '2021-12-16 10:19:58'),
(1115, '14', '14', NULL, 2, '2021-12-16 10:20:03', '2021-12-16 10:20:03'),
(1116, '15', '15', NULL, 2, '2021-12-16 10:20:07', '2021-12-16 10:20:07'),
(1117, 'Avante', 'اڤانتي', NULL, 11, '2022-01-04 03:07:44', '2022-01-04 03:07:44'),
(1118, 'Other Model', 'موديل اخر', NULL, 11, '2022-01-04 03:08:41', '2022-01-04 03:08:41');

-- --------------------------------------------------------

--
-- بنية الجدول `subcategories`
--

CREATE TABLE `subcategories` (
  `id` bigint UNSIGNED NOT NULL,
  `cat_id` bigint UNSIGNED DEFAULT NULL,
  `name_ar` varchar(255) CHARACTER SET utf8mb4 COLLATE utf8mb4_unicode_ci DEFAULT NULL,
  `name_en` varchar(255) CHARACTER SET utf8mb4 COLLATE utf8mb4_unicode_ci DEFAULT NULL,
  `sorting` int DEFAULT NULL,
  `image` varchar(255) CHARACTER SET utf8mb4 COLLATE utf8mb4_unicode_ci DEFAULT NULL,
  `created_at` timestamp NULL DEFAULT NULL,
  `updated_at` timestamp NULL DEFAULT NULL
) ENGINE=InnoDB DEFAULT CHARSET=utf8mb4 COLLATE=utf8mb4_unicode_ci;

--
-- إرجاع أو استيراد بيانات الجدول `subcategories`
--

INSERT INTO `subcategories` (`id`, `cat_id`, `name_ar`, `name_en`, `sorting`, `image`, `created_at`, `updated_at`) VALUES
(1, 1, 'شقة', 'Apartment', 0, '1687870427flat@3x.png', '2021-09-29 06:23:41', '2023-06-27 10:53:47'),
(2, 1, 'عمارة', 'Building', 0, '1687870469company@3x.png', '2021-09-29 06:23:42', '2023-06-27 10:54:29'),
(6, 2, 'هيونداي', 'Hyundai', 0, '16968538937874469png', '2021-11-01 11:07:32', '2023-10-09 12:18:13'),
(10, 1, 'محل تجاري', 'Shops', 0, '1687870484building@3x.png', '2021-11-22 10:27:20', '2023-06-27 10:54:44'),
(14, 2, 'مرسيدس', 'Mercedes', 0, '16968539643318919jpg', '2021-12-09 08:54:48', '2023-10-09 12:19:24'),
(18, 2, 'بي ام دبليو', 'BMW', 0, '1692886887BMW.png', '2021-12-12 06:21:28', '2023-08-24 12:21:27'),
(23, 2, 'بيجو', 'Peugeot', 0, '16990861144308775png', '2021-12-12 08:26:49', '2023-11-04 08:21:54'),
(27, 2, 'كيا', 'Kia', 0, '16990861352965013jpg', '2021-12-12 10:47:18', '2023-11-04 08:22:15'),
(32, 2, 'مازدا', 'Mazda', 0, '16973589986848148png', '2021-12-12 11:58:54', '2023-10-15 08:36:38'),
(35, 2, 'فولفو', 'Volvo', 0, '16990862164143500png', '2021-12-13 06:17:17', '2023-11-04 08:23:36'),
(36, 2, 'رينو', 'Renault', 0, '16968548502089740png', '2021-12-13 06:23:28', '2023-10-09 12:34:10'),
(37, 2, 'اودي', 'Audi', 0, '16990862313993135png', '2021-12-13 06:32:36', '2023-11-04 08:23:51'),
(40, 2, 'شيفروليه', 'Chevrolet', 0, '16973561663663523png', '2021-12-13 06:53:15', '2023-10-15 07:49:26'),
(42, 2, 'اوبل', 'Opel', 0, '16973590304547160png', '2021-12-13 07:56:05', '2023-10-15 08:37:10'),
(50, 2, 'جيب', 'Jeep', 0, '16990863852265476png', '2021-12-13 10:23:35', '2023-11-04 08:26:25'),
(59, 2, 'سيتروين', 'Citroen', 0, '16990864867568401png', '2021-12-13 11:18:57', '2023-11-04 08:28:06'),
(64, 2, 'فيات', 'Fiat', 0, '16973591215910780png', '2021-12-13 11:45:09', '2023-10-15 08:38:41'),
(89, 1, 'فيلا', 'House', 0, '1687870510house-1@3x.png', '2021-12-16 07:11:55', '2023-12-16 10:31:06'),
(91, 1, 'دور', 'دور', 0, 'default.png', '2023-12-22 08:30:15', '2023-12-22 08:30:15'),
(92, 1, 'مكاتب', 'مكاتب', 0, 'default.png', '2023-12-22 08:31:27', '2023-12-22 08:31:27'),
(93, 1, 'غرفة', 'Room', 0, 'default.png', '2023-12-22 08:31:58', '2023-12-22 08:31:58'),
(94, 1, 'أرض', 'Land', 0, 'default.png', '2023-12-22 08:32:24', '2024-02-14 07:48:42'),
(95, 1, 'شاليهات', 'شاليهات', 0, 'default.png', '2023-12-22 08:32:55', '2023-12-22 08:32:55'),
(96, 1, 'مخيم', 'مخيم', 0, 'default.png', '2023-12-22 08:33:07', '2023-12-22 08:33:07'),
(99, 7, 'أثاث وديكور متعدد', 'Multiple furniture and decor', 1, 'default.png', '2024-02-12 08:45:51', '2024-02-20 08:58:00'),
(100, 7, 'حدائق وأماكن خارجية', 'Gardens and outdoor places', 0, 'default.png', '2024-02-12 08:48:08', '2024-02-12 13:48:47'),
(101, 7, 'المطبخ', 'The kitchen', 2, 'default.png', '2024-02-12 08:49:07', '2024-02-20 08:57:53'),
(102, 7, 'أخرى', 'Other', 3, 'default.png', '2024-02-12 08:49:36', '2024-02-20 08:57:17'),
(103, 8, 'مواد البناء', 'Building Materials', 0, 'default.png', '2024-02-12 08:58:47', '2024-02-12 08:58:47'),
(104, 8, 'شركات مقاولات', 'Contracting Companies', 0, 'default.png', '2024-02-12 09:00:35', '2024-02-12 14:36:13'),
(105, 9, 'مستحضرات تجميل وعناية شخصية نسائية', 'Cosmetics', 0, 'default.png', '2024-02-12 11:15:51', '2024-02-12 11:15:51'),
(106, 9, 'إكسسورات نسائية', 'Accessories', 0, 'default.png', '2024-02-12 11:17:00', '2024-02-12 11:17:00'),
(107, 9, 'صالونات نسائية', 'ًWomen\'s Salons', 0, 'default.png', '2024-02-12 11:18:56', '2024-02-12 14:47:54'),
(108, 11, 'الشحن والنقل', 'Shipping and Transportation', 0, 'default.png', '2024-02-12 11:22:42', '2024-02-12 11:22:42'),
(109, 12, 'ساعات نسائية', 'Women\'s Watches', 0, 'default.png', '2024-02-12 11:26:08', '2024-02-12 11:27:15'),
(110, 12, 'ساعات رجالية', 'Men\'s Watches', 0, 'default.png', '2024-02-12 11:26:55', '2024-02-12 11:26:55'),
(111, 12, 'مجوهرات', 'Jewelry', 0, 'default.png', '2024-02-12 11:28:04', '2024-02-12 14:33:18'),
(112, 13, 'أثاث وتحف منزلية قديمة', 'Old furniture and Antiques', 0, 'default.png', '2024-02-12 11:30:12', '2024-02-12 11:30:12'),
(113, 13, 'عملات معدنية', 'Old Metal coins', 0, 'default.png', '2024-02-12 11:31:35', '2024-02-12 14:38:37'),
(114, 13, 'مجوهرات وساعات أثرية', 'Antique jewelry and watches', 0, 'default.png', '2024-02-12 11:32:52', '2024-02-12 11:32:52'),
(115, 13, 'لوحات وأعمال فنية', 'Old paintings', 0, 'default.png', '2024-02-12 11:34:13', '2024-02-12 14:38:51'),
(116, 14, 'العطور النسائية', 'Women\'s perfumes', 0, 'default.png', '2024-02-12 11:35:54', '2024-02-12 11:35:54'),
(117, 14, 'العطور الرجالية', 'Men\'s perfumes', 0, 'default.png', '2024-02-12 11:36:35', '2024-02-12 11:36:35'),
(118, 14, 'البخور', 'Incense', 0, 'default.png', '2024-02-12 11:37:48', '2024-02-12 11:37:48'),
(119, 14, 'العود', 'Oud', 0, 'default.png', '2024-02-12 11:38:12', '2024-02-12 11:38:12'),
(120, 15, 'أجهزة منزلية', 'Appliances', 0, 'default.png', '2024-02-12 11:39:47', '2024-02-12 11:39:47'),
(121, 15, 'أجهزة ألعاب فيديو', 'Video games', 0, 'default.png', '2024-02-12 11:40:46', '2024-02-12 14:39:14'),
(122, 15, 'أجهزة الحاسب الألي', 'Computers', 0, 'default.png', '2024-02-12 11:41:51', '2024-02-12 11:41:51'),
(123, 15, 'كاميرات', 'Cameras', 0, 'default.png', '2024-02-12 11:42:50', '2024-02-12 11:42:50'),
(124, 16, 'الإستقدام', 'Recruitment', 0, 'default.png', '2024-02-12 11:44:03', '2024-02-12 11:44:03'),
(125, 16, 'الخدمات العامة', 'Public services', 0, 'default.png', '2024-02-12 11:44:59', '2024-02-12 11:44:59'),
(126, 17, 'تذاكر مهرجانات والإحتفالات الكبرى', 'Tickets for festivals', 0, 'default.png', '2024-02-12 11:47:08', '2024-02-13 08:07:41'),
(127, 17, 'تنظيم المعارض والحفلات', 'Organizing exhibitions and parties', 0, 'default.png', '2024-02-12 11:50:11', '2024-02-12 11:50:11'),
(128, 18, 'تنظيف وتعقيم المنازل', 'Home cleaning and sterilization companies', 0, 'default.png', '2024-02-12 11:52:10', '2024-02-12 14:35:03'),
(129, 18, 'رش وإبادة الحشرات', 'Insect spraying and extermination companies', 0, 'default.png', '2024-02-12 11:54:08', '2024-02-12 14:35:08'),
(130, 18, 'تنظيف السيارات', 'Car cleaning companies', 0, 'default.png', '2024-02-12 11:55:18', '2024-02-12 14:35:15'),
(131, 18, 'غسيل المكيفات', 'Air conditioner washing', 0, 'default.png', '2024-02-12 11:56:49', '2024-02-12 14:35:21'),
(132, 18, 'مواد التنظيف', 'Cleaning materials', 0, 'default.png', '2024-02-12 11:58:02', '2024-02-12 11:58:02'),
(133, 19, 'سيارات مصدومة', 'Crashed cars', 0, 'default.png', '2024-02-12 11:59:31', '2024-02-12 14:32:57'),
(134, 19, 'قطع الغيار', 'Spare parts', 0, 'default.png', '2024-02-12 12:00:10', '2024-02-12 12:00:10'),
(135, 20, 'الشاحنات', 'Trucks', 0, 'default.png', '2024-02-12 12:01:21', '2024-02-12 12:01:21'),
(136, 20, 'معدات البناء', 'Construction equipment', 0, 'default.png', '2024-02-12 12:02:54', '2024-02-12 12:02:54'),
(137, 21, 'ملابس نسائية', 'Women\'s clothing', 0, 'default.png', '2024-02-12 12:05:43', '2024-02-12 14:50:36'),
(138, 21, 'ملابس رجالية', 'Men\'s clothin', 0, 'default.png', '2024-02-12 12:06:19', '2024-02-12 14:50:43'),
(139, 21, 'ملابس أطفال', 'Children\'s clothing', 0, 'default.png', '2024-02-12 12:08:10', '2024-02-12 14:50:54'),
(140, 21, 'أحذية نسائية', 'Women\'s shoes', 0, 'default.png', '2024-02-12 12:09:24', '2024-02-12 12:09:24'),
(141, 21, 'أحذية رجالية', 'Men\'s shoes', 0, 'default.png', '2024-02-12 12:10:01', '2024-02-12 12:10:01'),
(142, 21, 'شنط نسائية', 'Women\'s bags', 0, 'default.png', '2024-02-12 12:10:44', '2024-02-12 12:10:44'),
(143, 21, 'شنط رجالية', 'Men\'s bags', 0, 'default.png', '2024-02-12 12:11:25', '2024-02-12 12:11:25'),
(144, 22, 'مشغولات وحرف يدوية', 'Handicrafts', 0, 'default.png', '2024-02-12 12:13:42', '2024-02-12 12:13:42'),
(145, 22, 'مأكولات وأطعمة', 'Foods', 0, 'default.png', '2024-02-12 12:14:23', '2024-02-12 12:14:23'),
(146, 27, 'جوالات جديدة', 'New mobile phones', 0, 'default.png', '2024-02-12 12:15:42', '2024-02-12 12:15:42'),
(147, 27, 'جوالات مستعملة', 'Used phones', 0, 'default.png', '2024-02-12 12:16:37', '2024-02-12 12:16:37'),
(148, 27, 'تابلت', 'Tablet', 0, 'default.png', '2024-02-12 12:17:21', '2024-02-12 12:17:21'),
(149, 27, 'ساعات ذكية', 'Smart watches', 0, 'default.png', '2024-02-12 12:18:04', '2024-02-12 14:46:29'),
(150, 27, 'سماعات', 'Headphones', 0, 'default.png', '2024-02-12 12:18:53', '2024-02-12 14:46:36'),
(151, 27, 'إكسسوارات جوالات وتابلت', 'Mobile and tablet accessories', 0, 'default.png', '2024-02-12 12:21:05', '2024-02-12 12:21:05');

-- --------------------------------------------------------

--
-- بنية الجدول `subscriptions`
--

CREATE TABLE `subscriptions` (
  `id` bigint UNSIGNED NOT NULL,
  `name_ar` varchar(255) CHARACTER SET utf8mb4 COLLATE utf8mb4_unicode_ci DEFAULT NULL,
  `name_en` varchar(255) CHARACTER SET utf8mb4 COLLATE utf8mb4_unicode_ci DEFAULT NULL,
  `user_type` tinyint DEFAULT '2' COMMENT '0=>person, 1=>company,2=>together',
  `period` int DEFAULT NULL,
  `image` varchar(255) CHARACTER SET utf8mb4 COLLATE utf8mb4_unicode_ci DEFAULT NULL,
  `ads_number` int DEFAULT NULL,
  `price` double(8,2) NOT NULL,
  `created_at` timestamp NULL DEFAULT NULL,
  `updated_at` timestamp NULL DEFAULT NULL
) ENGINE=InnoDB DEFAULT CHARSET=utf8mb4 COLLATE=utf8mb4_unicode_ci;

--
-- إرجاع أو استيراد بيانات الجدول `subscriptions`
--

INSERT INTO `subscriptions` (`id`, `name_ar`, `name_en`, `user_type`, `period`, `image`, `ads_number`, `price`, `created_at`, `updated_at`) VALUES
(3, 'اعلان واحد', 'One Ad', 2, 30, NULL, 1, 10.00, '2023-06-25 11:13:13', '2024-05-19 11:27:37'),
(6, 'الباقة الفضية', 'Silver Package', 2, 60, NULL, 5, 100.00, '2023-12-22 08:44:01', '2024-05-19 11:28:02'),
(7, 'الباقة الذهبية', 'Golden Package', 2, 90, NULL, 10, 180.00, '2023-12-22 08:46:49', '2024-05-19 11:28:21');

-- --------------------------------------------------------

--
-- بنية الجدول `terms`
--

CREATE TABLE `terms` (
  `id` bigint UNSIGNED NOT NULL,
  `term_ar` text CHARACTER SET utf8mb4 COLLATE utf8mb4_unicode_ci,
  `term_en` text CHARACTER SET utf8mb4 COLLATE utf8mb4_unicode_ci,
  `created_at` timestamp NULL DEFAULT NULL,
  `updated_at` timestamp NULL DEFAULT NULL
) ENGINE=InnoDB DEFAULT CHARSET=utf8mb4 COLLATE=utf8mb4_unicode_ci;

--
-- إرجاع أو استيراد بيانات الجدول `terms`
--

INSERT INTO `terms` (`id`, `term_ar`, `term_en`, `created_at`, `updated_at`) VALUES
(1, '<p style=\"text-align:center\">الشروط والاحكام&nbsp;<br />\r\nإتفاقية الخصوصية والإستخدام<br />\r\nمقدمة: -&nbsp;إن المعلومات التي نقدمها هي لأغراض التسويق الإلكتروني نيابة عن الغير. ويتم توفير جميع المعلومات على الموقع بحسن نية. ومع ذلك، فإننا لا نقدم أي تعهد أو ضمان من أي نوع، صريحًا أو ضمنيًا، فيما يتعلق بدقة، أو كفاية، أو صحة، أو موثوقية أو توفر أو إكتمال أي&nbsp;&nbsp;معلومات على الموقع بسبب إعلانات مظللة أوغير صحيحة إذا كنت مستخدم أو معلن او متسوق على تطبيق تريدز&nbsp;فأنك توافق على الإلتزام بكل ما يرد بهذه الإتفاقية بمجرد إستخدامك للتطبيق أو في حال الوصول إليها أو في حالة التسجيل في الخدمة. قد يتم تغيير هذه الإتفاقية من فترة إلى أخرى بما يراه الموقع مناسباً لأهدافه، لذا الرجاء مراجعتها والتقيّد بما فيها.<br />\r\n&nbsp;</p>', '<p>&nbsp;</p>\r\n\r\n<pre>\r\nTerms and Conditions\r\nPrivacy and Terms of Use Agreement\r\nIntroduction: -&nbsp;The information we provide is for electronic marketing purposes on behalf of others. All information on the website is provided in good faith. However, we make no representation or warranty of any kind, express or implied, as to the accuracy, adequacy, validity, reliability, availability or completeness of any information on the Site due to misleading or incorrect advertising if you are a user, advertiser or shopper. On the Tradez application, you agree to abide by everything contained in this agreement once you use the application, access it, or register for the service. This agreement may be changed from time to time as the site deems appropriate for its objectives, so please review it and adhere to what it contains.</pre>', '2021-09-29 06:23:43', '2024-04-15 12:48:17');

-- --------------------------------------------------------

--
-- بنية الجدول `users`
--

CREATE TABLE `users` (
  `id` bigint UNSIGNED NOT NULL,
  `name` varchar(255) CHARACTER SET utf8mb4 COLLATE utf8mb4_unicode_ci NOT NULL,
  `type` tinyint(1) DEFAULT '0' COMMENT '0=>person, 1=>company',
  `email` varchar(255) CHARACTER SET utf8mb4 COLLATE utf8mb4_unicode_ci NOT NULL,
  `phone` varchar(255) CHARACTER SET utf8mb4 COLLATE utf8mb4_unicode_ci DEFAULT NULL,
  `country_code` varchar(191) CHARACTER SET utf8mb4 COLLATE utf8mb4_unicode_ci DEFAULT '+966',
  `password` varchar(255) CHARACTER SET utf8mb4 COLLATE utf8mb4_unicode_ci NOT NULL,
  `image` varchar(255) CHARACTER SET utf8mb4 COLLATE utf8mb4_unicode_ci DEFAULT 'default.png',
  `address` varchar(255) CHARACTER SET utf8mb4 COLLATE utf8mb4_unicode_ci DEFAULT NULL,
  `governorate_id` bigint UNSIGNED DEFAULT NULL,
  `lat` varchar(255) CHARACTER SET utf8mb4 COLLATE utf8mb4_unicode_ci DEFAULT NULL,
  `lng` varchar(255) CHARACTER SET utf8mb4 COLLATE utf8mb4_unicode_ci DEFAULT NULL,
  `fcm_token` varchar(255) CHARACTER SET utf8mb4 COLLATE utf8mb4_unicode_ci DEFAULT NULL,
  `mobile_id` tinyint(1) DEFAULT NULL COMMENT '0 for android, 1 for ios',
  `active` tinyint(1) NOT NULL DEFAULT '0',
  `dependence` tinyint(1) NOT NULL DEFAULT '0',
  `view_rate` tinyint(1) NOT NULL DEFAULT '1' COMMENT '1 => view_rate 0=>hide rate',
  `avg_rate` double(8,2) DEFAULT '0.00',
  `count_rate` int DEFAULT '0',
  `count_followes` int DEFAULT '0',
  `number_identity` varchar(191) CHARACTER SET utf8mb4 COLLATE utf8mb4_unicode_ci DEFAULT NULL,
  `image_identity` varchar(191) CHARACTER SET utf8mb4 COLLATE utf8mb4_unicode_ci DEFAULT NULL,
  `commercial_registration_no` varchar(191) CHARACTER SET utf8mb4 COLLATE utf8mb4_unicode_ci DEFAULT NULL,
  `commercial_register` varchar(191) CHARACTER SET utf8mb4 COLLATE utf8mb4_unicode_ci DEFAULT NULL,
  `comments` varchar(255) CHARACTER SET utf8mb4 COLLATE utf8mb4_unicode_ci DEFAULT NULL,
  `email_verified_at` timestamp NULL DEFAULT NULL,
  `forgetcode` varchar(255) CHARACTER SET utf8mb4 COLLATE utf8mb4_unicode_ci DEFAULT NULL,
  `remember_token` varchar(100) CHARACTER SET utf8mb4 COLLATE utf8mb4_unicode_ci DEFAULT NULL,
  `created_at` timestamp NULL DEFAULT NULL,
  `updated_at` timestamp NULL DEFAULT NULL
) ENGINE=InnoDB DEFAULT CHARSET=utf8mb4 COLLATE=utf8mb4_unicode_ci;

--
-- إرجاع أو استيراد بيانات الجدول `users`
--

INSERT INTO `users` (`id`, `name`, `type`, `email`, `phone`, `country_code`, `password`, `image`, `address`, `governorate_id`, `lat`, `lng`, `fcm_token`, `mobile_id`, `active`, `dependence`, `view_rate`, `avg_rate`, `count_rate`, `count_followes`, `number_identity`, `image_identity`, `commercial_registration_no`, `commercial_register`, `comments`, `email_verified_at`, `forgetcode`, `remember_token`, `created_at`, `updated_at`) VALUES
(105, 'Shorbgyy', 0, 'abdelrahimelshorbgy@gmail.com', '1011606350', '+20', '$2y$10$dV3hWIjr1kwT94i17KfpUOXPsirCTWVjm6yIizfFcQfql46JnXoS6', '17150228576558090jpg', '857V+WQX، شبرا هارس، طوخ، محافظة القليوبية 13511، مصر', 32, '0.0', '0.0', 'et5OWVHyrUTZsVO5w4FDTN:APA91bEmhnio3amHDAcsy6lweCZgP0NWaJ59pM4EdcFtJnxAa4Xyq0GqBn3zKuXC4EtqmGNYrgn7KpzugRBcRSEZV7dR9gMjfhyei14Urc8SwZRTyZBdncs', 1, 1, 0, 1, 3.17, 3, 0, NULL, NULL, NULL, NULL, NULL, NULL, NULL, NULL, '2024-03-25 13:49:39', '2025-05-01 15:30:55'),
(108, 'Esraa', 0, 'israaelshafiey@gmail.com', '1007450244', '+20', '$2y$10$cH/99H7x5Ij3JmSxyUYFtOhHYoZW7ORtNxwAKBXH9D9VM6Kg9L1YW', 'default.png', 'X8F5+H6H، البساتين الشرقية، قسم البساتين، محافظة القاهرة‬ 4235223، مصر', 18, '29.973901698123', '31.30798984319', 'dLTkYomLSVapMlMXK3PWMF:APA91bE3rdCKTznIL3rbFaziWYfKqSaqz_dscgErd6NAoHy2Qwo5qTo3eGHS5As97UguLXlvoRigoTrpXHaz-lhTi8mTbUcB_2S_Oe0RYW8fGqranZ-WHRL3tog6gaQq5d0XeXSGbYME', 0, 1, 0, 1, 4.00, 4, 0, NULL, NULL, NULL, NULL, NULL, NULL, NULL, NULL, '2024-04-08 12:08:19', '2024-10-23 13:23:30'),
(109, 'Muhammad', 0, 'tst@bb.com', '1121998976', '+20', '$2y$10$Uxp6.sVzug.QqO9qSb4tDOhJ1XqEtqrs9uu8HbjqkuJl11YSi4cKO', 'default.png', 'R8XJ+CWP، محمد مصطفى المراغي، قسم حلوان، محافظة القاهرة‬ 4035210، مصر', 15, '0', '0', 'd0qgp02-nkKDudl7P21eMa:APA91bEt_wg-Ly8pF_SDaasRcOmoSjicFsv7pRvrlGzdbf5-XnmrB867_SY8Elojb8XuVKzQ01ps-FMgxNHhPMDV3r7lsMLQHG8QLlXo362IGUzvnu0qkAQ', 1, 1, 0, 1, 0.00, 0, 0, NULL, NULL, NULL, NULL, NULL, NULL, NULL, NULL, '2024-04-18 14:57:27', '2025-05-06 12:11:47'),
(112, 'Test', 0, 'abdelrahimelshorbgyz@gmail.com', '1011606351', '+20', '$2y$10$E0PFwLXjk2vZZxG//Tx0AOxf6VqL37lgGqwttaF5JxHEG685CKLvm', '17137048559898416jpg', '857V+WQX، شبرا هارس، طوخ، محافظة القليوبية 13511، مصر', 17, '30.314821603371353', '31.19454648345709', NULL, 0, 1, 0, 1, 0.00, 0, 0, NULL, NULL, NULL, NULL, NULL, NULL, NULL, NULL, '2024-04-21 09:05:49', '2024-04-21 12:07:35'),
(113, 'miiiii', -1, 'tst@vv.com', '1022553669', '+20', '$2y$10$1jNtpl8EEEjocI7hOtgz9O0NiPwRHnNQmBLUOfabw.6vRr9UnoKQ2', 'default.png', 'X8F5+H6H، البساتين الشرقية، قسم البساتين، محافظة القاهرة‬ 4235223، مصر', 15, '29.973828508734773', '31.308105513453484', 'fEZ3KFcuxUiXnD85M2dtgI:APA91bH7_84UTNPF57ivrBCawMUFYqrJ-0qgwpuU7mKRGDWdh4qdj5pWQiyEfI7Ssic8_O0R_6P8XvVw732oJ6C23fTZ5bpWuujsrN9hOW0g7xd3sAYsUy-Q4Nu1pgixNgiS7Cp-FYdZ', 1, 0, 0, 1, 0.00, 0, 0, NULL, NULL, NULL, NULL, NULL, NULL, NULL, NULL, '2024-06-22 22:07:00', '2024-06-22 22:07:08'),
(114, 'tsttt', -1, 'tstsg@vfn.com', '1007450245', '+20', '$2y$10$uAQmelKBRBClxmMdIPtC0Ok3Eshf3Zs9rjzoO1vfXoTam9SJzI0Hu', 'default.png', 'X8F5+H6H، البساتين الشرقية، قسم البساتين، محافظة القاهرة‬ 4235223، مصر', 15, '29.973828508734773', '31.308105513453484', NULL, 0, 0, 0, 1, 0.00, 0, 0, NULL, NULL, NULL, NULL, NULL, NULL, NULL, NULL, '2024-06-22 22:15:14', '2025-05-06 11:31:11'),
(115, 'سلطان', -1, 'sultan.ios.ksa@gmail.com', '538282131', '+966', '$2y$10$esuVvHeyxtdxyZTxV/q8A.Aa9QjWNe5kYTx.VoEAh0vdddixENPky', 'default.png', NULL, 16, '0.0', '0.0', 'fVhFAw4ZqUsLlHsCOjMI9k:APA91bEhz9bdrpmCekrJ4J_6Wtg3S-FlBwIMisyhG2qKemj7zznl8QztV6GsyuOSwplOjJx4GYTp0fm3wXz3NKRnISpm3aaxwDAY1Yslk3SNmrPXPnJlm5kaFDmGS80LtGSJA6Wfm9ap', 1, 0, 0, 1, 0.00, 0, 0, NULL, NULL, NULL, NULL, NULL, NULL, NULL, NULL, '2024-06-23 12:43:59', '2024-06-24 01:02:46'),
(116, 'Nada', 0, 'nada.moawaad@gmail.com', '01154894535', '+20', '$2y$10$qNOxR4/5GEae.j6HUlcsBOQGPO5qnhJZV5QCOB1XavWeKznLgp5tG', 'default.png', 'شريف، حلوان الشرقية، قسم حلوان،، R8XV+XM9، حلوان الشرقية، قسم حلوان، محافظة القاهرة‬ 4037001، مصر', 16, '29.84979858100316', '31.344227157533165', NULL, 0, 1, 0, 1, 0.00, 0, 0, NULL, NULL, NULL, NULL, NULL, NULL, NULL, NULL, '2024-06-26 10:04:41', '2024-06-26 10:04:41'),
(117, 'احمد', 0, 'xnye1990dv@gmail.com', '07721316301', '+964', '$2y$10$CgmxfI.eYa9.qoAG4zwSQeoDnP6.O85sTziMMSX7QpTKHrSTw3QfW', 'default.png', '68V5+RRX، بغداد، بغداد محافظة، العراق', 66, '33.24445395746583', '44.309256076812744', 'd0YznfYLRquHThLKM_YeB6:APA91bF39XXCUJnrXc0AsL43gVOFyMZR2pOSmoztenZT82wEnCCHZCM_CHu0eSJw9oYxJ3pHcIE78FzTUlEGkISb5tHEtzunVT6_ivm6558hpYoVRWepLwkR8zzJAOO9VnfYm3nK71Pa', 0, 1, 0, 1, 0.00, 0, 0, NULL, NULL, NULL, NULL, NULL, NULL, NULL, NULL, '2024-07-03 04:18:50', '2024-07-03 04:18:50'),
(118, 'ameen', -1, 'ameenhassn1983@gmail.com', '07704271345', '+964', '$2y$10$935U7QGyiFnh6f7zkcZyZONbU6m5BIzp92zl/IcAuHYDSGgveSRtq', '17199827132542431jpg', '68V5+VFQ, Baghdad, Baghdad Governorate, Iraq', 179, '33.24430758615458', '44.308894984424114', 'e4sTjhrAkkv8ptMXukxUKO:APA91bEokOJxQ1xSDA-9uY7xfQEa-3BjRpg2dGZFGkJYVKASs--YIlM0sLcbWrQRquAx6lpawL3nAtOMkTEstTEcS_5QkwAyiRmBnAzpwXaETo6z0iDPMhISeyxgFwN3nHJApk1_sKRo', 1, 0, 0, 1, 0.00, 0, 0, NULL, NULL, NULL, NULL, NULL, NULL, NULL, NULL, '2024-07-03 04:54:07', '2024-07-03 04:58:33'),
(119, 'علي عبدلي', 0, 'asnad.aqar@gmail.com', '7755000010', '+964', '$2y$10$RXZ660gic5fLtBhSPjy2Y.0JGHIvjhgZhFIbazozYtoKY7bM1IJ6W', 'default.png', '88W6+492، بغداد، بغداد محافظة، العراق', 15, '33.34513542642209', '44.31127645075321', 'ctpG62eWSeiPctBHPWGCeD:APA91bGoJMnUEoUx7NdVN-AAeppPv7Ct5Tv-HUbgHwZNBjUOH-hxIn29si6ljBlDwALV5C_jbqSMAiR8yy7eO9XrlL8kBlBBv096hS4PpjB6VxmvnI7Ek1RVHrh_BvrCzW7rC2Gj79Am', 0, 1, 0, 1, 0.00, 0, 0, NULL, NULL, NULL, NULL, NULL, NULL, NULL, NULL, '2024-07-05 09:52:08', '2024-07-05 09:52:09'),
(120, 'NAIF ALGHAMDI', -1, 'naifalbkir@hotmail.com', '505825075', '+966', '$2y$10$wPMarKT9bSqjlR5Ogm4vlOzDlW/VhG2JnzEbORhwFU4x45h1YtB8S', 'default.png', NULL, 34, '0.0', '0.0', 'e08v9-g_K0w8iotwZwqgP4:APA91bHYoc_bcj7tRiqlRBnimjNDskMQK6Uuh70Vf_0B-HMjzGPRQc_OkMOjjb5SmLHswwGMfYNBZkYVzHlOCuiZAnjBpc4ZhYdqdcvgAspkqYgu3SpP2Bzip9RVWOu9wcf1Xw_CQjmy', 1, 0, 0, 1, 0.00, 0, 0, NULL, NULL, NULL, NULL, NULL, NULL, NULL, NULL, '2024-07-15 05:21:04', '2024-07-15 05:21:05'),
(121, 'mourad', -1, 'developmentfu@gmail.com', '1024848723', '+20', '$2y$10$8qWNmnxfouBDPxNIoU2Ci.QlAbgrLtCWYN2OXegO2c7RChFRKL3C2', 'default.png', 'X8C5+X48، عزبة فهمي، قسم البساتين، محافظة القاهرة‬، مصر', 15, '29.972263056136573', '31.307711228728294', 'f7hEAwyQ9EGqkzpRye8aa6:APA91bHEqTGBtrqosC5KXY57OpD8WMa7O_zxfScItnvGUzmaPmsN_g7Yrhl4CyogxquMxkxiKBA47x0I1_VAn4K9KFOr49wGN_JwzSRgcqk9GeobBi4ZXaQ', 1, 0, 0, 1, 4.75, 4, 0, NULL, NULL, NULL, NULL, NULL, NULL, NULL, NULL, '2024-12-28 13:31:55', '2025-05-06 11:23:38'),
(122, 'islam', 0, 'test@ttt.com', '1152284870', '+20', '$2y$10$qRZhdd1bwaZsIY.MEpy4NeQh6sCcYvhYU0dfjCfsrp2MRL6ERQGBu', 'default.png', 'King Abdul Aziz Rd, Endowment, شارع أجياد، الحرم، مكة 24231، السعودية', 17, '21.4180499100593', '39.82556685805321', 'cmcCdZj5QAaxr7g2eJDvZG:APA91bE5GjJx9MkBJgDV4qDFMFSnphBGapgRp_W_y2wjl1zK7E8ZoY4Bg5tpO0dzWjD-VX5d5zbyOzf15a97b-67SnhaSDqVM_lwnO9wg6HS3WmzKUjPdbE', 0, 1, 0, 1, 0.00, 0, 0, NULL, NULL, NULL, NULL, NULL, NULL, NULL, NULL, '2025-01-05 12:27:27', '2025-03-21 01:45:18'),
(123, 'محمد', -1, 'mmm123675@gmail.com', '509999299', '+966', '$2y$10$fSRthxQaH0HYouEXh9QUfuBeA.09soWZTsR3Ucob4Y2wN8P7x8XkG', 'default.png', '7540 رقم 551، 2935، النرجس، الرياض 13328، السعودية', 15, '24.848156826432906', '46.680583991110325', 'eaU1dYrI2Ux8vn735azazP:APA91bFwHOk5ndS4qIGCr2dN4XjbAtxCA-q5mEOMxEk5MHzIe6UmeaCU96Xl3ag-gnOuvG_GT24oChNlrx0O3LkVduJ1wxnT3mpByclfosQg8OxMjAMTnzU', 1, 0, 0, 1, 0.00, 0, 0, NULL, NULL, NULL, NULL, NULL, NULL, NULL, NULL, '2025-01-24 17:24:55', '2025-01-24 18:24:56'),
(124, 'أثير', 0, 'sglitter312@gmail.com', '551453645', '+966', '$2y$10$ti2yQGB4zA9iHUP9Hk05JORqBOn7IhD6/Ub0WgnylJJBJb/BRxBAq', 'default.png', 'RILA6457، 6457 الخيالة، 3678، هجرة لبن، الرياض 12936، السعودية', 15, '24.633796338456886', '46.603765189647675', 'fjg2z6tnQi-e72TyEI53hk:APA91bEWKXY6FHJzkyI0Qt03CgKrpubO_tmTmFKFb7ZJb__bKr_IXSxwZW6p9s1iq0AI44TyKW1NmG4_OgOSQoCnXvXh1VkUIIwNTICXKort53tqTSZGfvs', 0, 1, 0, 1, 0.00, 0, 0, NULL, NULL, NULL, NULL, NULL, NULL, NULL, NULL, '2025-01-25 06:10:44', '2025-01-25 07:10:45'),
(125, 'omar', -1, 'dongle_70_tassels@icloud.com', '503993188', '+966', '$2y$10$TrDhSeoVbRyDOwTaYHRybOyKJ.HOOzLDNfSIRY91nuyOMkN8MhTCy', 'default.png', NULL, 15, '0.0', '0.0', 'eyJ3r1Sgck_OtVzT2ttjj-:APA91bF4WEIe7XeNsNhb18Fb3Hnw32y1-jVJyK3l5vUBNOpI5_GYQ7QuJwRxBnb0kTJDpTsuc9Ha89zdpbBTstLmaBX_pgG6FpXzx2Pjszw9aKZUIfLiXuM', 1, 0, 0, 1, 0.00, 0, 0, NULL, NULL, NULL, NULL, NULL, NULL, NULL, NULL, '2025-03-10 17:23:15', '2025-03-10 18:23:15'),
(126, 'Mohamed Elgamal', 0, 'e3lanatek.sahlaa@gmail.com', '66922188', '+965', '$2y$10$B/jaohsR1//U.M2NY6PjFuS5.AFqrO.fIJMLkqfV2ItpIYLZUsG.e', 'default.png', NULL, 16, NULL, NULL, 'e4vRzwyHT9O9Pd476rv-hl:APA91bFO83Nesgl1AScr4f96vNapnofJr4Iv4pR1Ib8HILvEFDlesXXIVFbAxT4_k2npPadX82ZbwZAhkvT3nIM8NXxwor26TjvrrjHXI5HALw5TvS_eMFE', 0, 1, 0, 1, 0.00, 0, 0, NULL, NULL, NULL, NULL, NULL, NULL, NULL, NULL, '2025-03-22 16:44:31', '2025-03-22 17:44:32'),
(127, 'manar', -1, 'mana@gmail.com', '7866600105', '+964', '$2y$10$snAKzWUTCidQXjQWSb4t1OB49Jro6jMpLLMxvtOyT4HEQR.0qr3..', 'default.png', 'GRVQ+F2G، البصرة، البصرة محافظة، العراق', 81, '30.543731371333628', '47.83801082521678', 'efMDrTfp0UZ9sMA3LttNeG:APA91bHDBtCukfKrGg0L2XUlPvHdLTUBsCFm6Mg2kQtQhIOnKrSJWK299wtHBlMY3lHRq8Q0GGOT44EtGmH8Ls4gRCxhlS2RJl7tC8fguqYDiDqg4JcXpxM', 1, 0, 0, 1, 0.00, 0, 0, NULL, NULL, NULL, NULL, NULL, NULL, NULL, NULL, '2025-04-09 22:17:27', '2025-04-09 23:17:28'),
(128, 'salmon', -1, 'ax.salman.123@gmail.com', '598995430', '+966', '$2y$10$/.3P5hucdwWd6koCNlOoOeA3fUiUi5S3AtT2botEXDDK/cmOh3QUS', 'default.png', NULL, 15, '0.0', '0.0', 'fuHe3sP95kT9pdoZC8C5-f:APA91bGyiSVtsopQc5-KlXJpxmBi2I6O14Y-rVQwrtZrPGC-LqNc3GSBAw2DY727lR2C5Rw0RBJI4SuyyGMG60sQjghNOPlRJRiAXUEWJsUyRovanrho4Cg', 1, 0, 0, 1, 0.00, 0, 0, NULL, NULL, NULL, NULL, NULL, NULL, NULL, NULL, '2025-04-18 13:26:36', '2025-04-18 14:26:37'),
(129, 'Nada Mahgoub', 0, 'nadanada@gmail.com', '1154894535', '+20', '$2y$10$OvvYUIrQJBxcOUV4fUAh.u3gCehWZeQKjJCuU9HF5MsfqSq/odOAC', '17465214407939242png', '1 Mohammed Mahmoud, ميدان التحرير, Qasr El Nil, Cairo Governorate 4272077, Egypt', 15, '0.0', '0.0', NULL, 0, 1, 0, 1, 0.00, 0, 0, NULL, NULL, NULL, NULL, NULL, NULL, NULL, NULL, '2025-05-04 09:10:20', '2025-05-06 10:49:32'),
(130, 'Esraa', 0, 'esraa@gmail.com', '1007450255', '+20', '$2y$10$0GnwWOyfoKkc6gpnRziJu.qw5MQi07Y9X18AFlq9ljaEPYhFoaXFC', 'default.png', NULL, 15, NULL, NULL, 'es3GQWECSkWxKPSZuJ-A6A:APA91bHzcslXv7vraIlZxhaQZudQ9lgAxsuC_G21QWPjDVH1d4TwHGx5-2NqvYJn1x0rtmb5v7zP9r517RTiViiOutrf5rDMvMhS57UQoxp1IEodvuR36E8', 0, 1, 0, 1, 0.00, 0, 0, NULL, NULL, NULL, NULL, NULL, NULL, NULL, NULL, '2025-05-06 11:08:13', '2025-05-06 11:31:21');

-- --------------------------------------------------------

--
-- بنية الجدول `users_subscriptions`
--

CREATE TABLE `users_subscriptions` (
  `id` bigint UNSIGNED NOT NULL,
  `user_id` bigint UNSIGNED DEFAULT NULL,
  `subscription_id` bigint UNSIGNED DEFAULT NULL,
  `price` float DEFAULT NULL,
  `ads_number` int DEFAULT NULL,
  `remainder_ads` int DEFAULT NULL,
  `start_date` timestamp NULL DEFAULT NULL,
  `end_date` timestamp NULL DEFAULT NULL,
  `status` tinyint UNSIGNED DEFAULT '0' COMMENT '0: active, 1: finished',
  `payment_method` tinyint DEFAULT NULL COMMENT '	0=>Bank transfer, 1=>visa',
  `bank_id` bigint UNSIGNED DEFAULT NULL,
  `bank_transfer` varchar(191) CHARACTER SET utf8mb4 COLLATE utf8mb4_unicode_ci DEFAULT NULL,
  `created_at` timestamp NULL DEFAULT NULL,
  `updated_at` timestamp NULL DEFAULT NULL
) ENGINE=InnoDB DEFAULT CHARSET=utf8mb4 COLLATE=utf8mb4_unicode_ci;

--
-- إرجاع أو استيراد بيانات الجدول `users_subscriptions`
--

INSERT INTO `users_subscriptions` (`id`, `user_id`, `subscription_id`, `price`, `ads_number`, `remainder_ads`, `start_date`, `end_date`, `status`, `payment_method`, `bank_id`, `bank_transfer`, `created_at`, `updated_at`) VALUES
(23, 105, 3, 0, 1, 0, '2024-05-19 09:25:43', '2024-07-18 09:25:43', 0, NULL, NULL, NULL, '2024-03-25 13:49:39', '2024-05-19 09:25:43'),
(24, 106, 2, 0, 100, 99, '2024-03-27 09:28:27', '2024-06-10 09:28:27', 0, 1, NULL, NULL, '2024-03-27 09:28:27', '2024-03-27 14:11:47'),
(25, 108, 2, 0, 100, 100, '2024-04-15 00:04:05', '2024-06-29 00:04:05', 0, 1, NULL, NULL, '2024-04-08 12:08:19', '2024-04-15 00:04:05'),
(26, 109, 7, 180, 10, 9, '2024-12-17 11:57:41', '2025-03-17 11:57:41', 0, NULL, NULL, NULL, '2024-04-18 14:57:27', '2024-12-17 12:58:49'),
(27, 115, 3, NULL, NULL, 0, '2024-06-24 01:07:28', '2024-07-24 01:07:28', 0, NULL, NULL, NULL, '2024-06-24 01:07:28', '2024-06-24 01:07:28'),
(28, 116, 6, NULL, NULL, 4, '2024-06-26 11:18:50', '2024-08-25 11:18:50', 0, NULL, NULL, NULL, '2024-06-26 11:18:50', '2024-06-26 11:18:50'),
(29, 119, 3, NULL, NULL, 0, '2024-07-05 10:01:36', '2024-08-04 10:01:36', 0, NULL, NULL, NULL, '2024-07-05 10:01:36', '2024-07-05 10:01:36'),
(30, 121, 6, NULL, NULL, 4, '2024-12-28 14:37:39', '2025-02-26 14:37:39', 0, NULL, NULL, NULL, '2024-12-28 14:37:39', '2024-12-28 14:37:39'),
(31, 129, 3, 10, 1, 1, '2025-05-06 07:51:29', '2025-06-05 07:51:29', 0, 1, NULL, NULL, '2025-05-04 10:27:36', '2025-05-06 07:51:29'),
(32, 130, 6, 100, 5, 4, '2025-05-06 11:16:11', '2025-07-05 11:16:11', 0, 1, NULL, NULL, '2025-05-06 11:16:11', '2025-05-06 11:26:46');

-- --------------------------------------------------------

--
-- بنية الجدول `user_coupons`
--

CREATE TABLE `user_coupons` (
  `id` bigint UNSIGNED NOT NULL,
  `user_id` bigint UNSIGNED DEFAULT NULL,
  `coupon_id` bigint UNSIGNED DEFAULT NULL,
  `discount_value` float UNSIGNED DEFAULT '0',
  `created_at` timestamp NULL DEFAULT NULL,
  `updated_at` timestamp NULL DEFAULT NULL
) ENGINE=InnoDB DEFAULT CHARSET=utf8mb4 COLLATE=utf8mb4_unicode_ci;

--
-- إرجاع أو استيراد بيانات الجدول `user_coupons`
--

INSERT INTO `user_coupons` (`id`, `user_id`, `coupon_id`, `discount_value`, `created_at`, `updated_at`) VALUES
(3, 105, 1, 10, '2024-05-14 13:19:11', '2024-05-14 13:19:11'),
(4, 105, 1, 10, '2024-05-14 13:26:59', '2024-05-14 13:26:59');

-- --------------------------------------------------------

--
-- بنية الجدول `user_follows`
--

CREATE TABLE `user_follows` (
  `id` bigint UNSIGNED NOT NULL,
  `user_id` bigint UNSIGNED DEFAULT NULL,
  `follow_id` bigint UNSIGNED DEFAULT NULL,
  `created_at` timestamp NULL DEFAULT NULL,
  `updated_at` timestamp NULL DEFAULT NULL
) ENGINE=MyISAM DEFAULT CHARSET=utf8mb4 COLLATE=utf8mb4_unicode_ci;

-- --------------------------------------------------------

--
-- بنية الجدول `user_rates`
--

CREATE TABLE `user_rates` (
  `id` bigint UNSIGNED NOT NULL,
  `user_id` bigint UNSIGNED DEFAULT NULL,
  `rate_user_id` bigint UNSIGNED DEFAULT NULL,
  `ad_id` bigint UNSIGNED DEFAULT NULL,
  `rate` double(8,2) UNSIGNED DEFAULT NULL,
  `comment` varchar(255) CHARACTER SET utf8mb4 COLLATE utf8mb4_unicode_ci DEFAULT NULL,
  `created_at` timestamp NULL DEFAULT NULL,
  `updated_at` timestamp NULL DEFAULT NULL
) ENGINE=MyISAM DEFAULT CHARSET=utf8mb4 COLLATE=utf8mb4_unicode_ci;

--
-- إرجاع أو استيراد بيانات الجدول `user_rates`
--

INSERT INTO `user_rates` (`id`, `user_id`, `rate_user_id`, `ad_id`, `rate`, `comment`, `created_at`, `updated_at`) VALUES
(17, 122, 121, 416, 5.00, NULL, '2025-01-05 13:35:15', '2025-01-05 13:35:15'),
(16, 105, 108, 401, 5.00, NULL, '2024-05-09 16:18:17', '2024-05-09 16:29:32'),
(15, 105, 108, NULL, 5.00, NULL, '2024-05-09 16:11:49', '2024-05-09 16:18:05'),
(14, 105, 108, 395, 3.00, 'N n jx', '2024-05-09 16:04:20', '2024-05-09 16:04:20'),
(11, 108, 105, 392, 1.00, 'bad', '2024-04-08 13:09:19', '2024-04-08 13:09:29'),
(12, 105, 108, NULL, 3.00, 'Hhsjdjdjjej', '2024-05-09 14:28:14', '2024-05-09 16:04:06'),
(13, 105, 105, 394, 5.00, 'Djhdhdjj', '2024-05-09 15:48:59', '2024-05-09 15:55:31'),
(10, 106, 105, 392, 3.50, 'جميل عشبي خشبي يصلح لجميع الفصول\nنوتات الحامض خفيفه غير ستريسية\nلا يصلح بالأجواء الحارة جداً سعره مناسب', '2024-04-01 12:23:36', '2024-04-01 12:33:22'),
(18, 109, 121, 416, 5.00, NULL, '2025-04-24 10:08:01', '2025-04-24 10:08:01'),
(19, 129, 121, 416, 4.00, 'جيد حدا', '2025-05-06 08:08:57', '2025-05-06 09:30:32'),
(20, 130, 121, 416, 5.00, 'good', '2025-05-06 11:23:38', '2025-05-06 11:23:38');

-- --------------------------------------------------------

--
-- بنية الجدول `wishlists`
--

CREATE TABLE `wishlists` (
  `id` bigint UNSIGNED NOT NULL,
  `user_id` bigint UNSIGNED DEFAULT NULL,
  `ad_id` bigint UNSIGNED DEFAULT NULL,
  `created_at` timestamp NULL DEFAULT NULL,
  `updated_at` timestamp NULL DEFAULT NULL
) ENGINE=InnoDB DEFAULT CHARSET=utf8mb4 COLLATE=utf8mb4_unicode_ci;

--
-- إرجاع أو استيراد بيانات الجدول `wishlists`
--

INSERT INTO `wishlists` (`id`, `user_id`, `ad_id`, `created_at`, `updated_at`) VALUES
(394, 106, 387, '2024-03-28 10:01:57', '2024-03-28 10:01:57'),
(408, 108, 394, '2024-04-14 23:56:37', '2024-04-14 23:56:37'),
(413, 109, 394, '2024-05-05 19:13:26', '2024-05-05 19:13:26'),
(414, 116, 393, '2024-06-26 10:05:08', '2024-06-26 10:05:08'),
(416, 120, 414, '2024-08-13 20:02:11', '2024-08-13 20:02:11'),
(419, 108, 392, '2024-10-23 13:23:58', '2024-10-23 13:23:58'),
(420, 121, 415, '2024-12-28 13:32:06', '2024-12-28 13:32:06'),
(421, 122, 415, '2025-03-21 00:47:52', '2025-03-21 00:47:52'),
(422, 109, 387, '2025-04-11 19:47:30', '2025-04-11 19:47:30'),
(423, 109, 416, '2025-04-24 11:57:44', '2025-04-24 11:57:44'),
(424, 109, 393, '2025-04-24 12:02:12', '2025-04-24 12:02:12'),
(425, 109, 388, '2025-04-25 09:41:23', '2025-04-25 09:41:23'),
(426, 109, 390, '2025-04-25 09:41:24', '2025-04-25 09:41:24'),
(427, 109, 392, '2025-04-25 09:41:27', '2025-04-25 09:41:27'),
(430, 130, 416, '2025-05-06 11:09:26', '2025-05-06 11:09:26');

--
-- Indexes for dumped tables
--

--
-- فهارس للجدول `about_us`
--
ALTER TABLE `about_us`
  ADD PRIMARY KEY (`id`);

--
-- فهارس للجدول `admins`
--
ALTER TABLE `admins`
  ADD PRIMARY KEY (`id`);

--
-- فهارس للجدول `advertisements`
--
ALTER TABLE `advertisements`
  ADD PRIMARY KEY (`id`),
  ADD KEY `advertisements_user_id_foreign` (`user_id`),
  ADD KEY `advertisements_subcat_id_foreign` (`subcat_id`),
  ADD KEY `advertisements_type_foreign` (`type`),
  ADD KEY `advertisements_special_id_foreign` (`special_ad_id`);

--
-- فهارس للجدول `advertisement_attributes`
--
ALTER TABLE `advertisement_attributes`
  ADD PRIMARY KEY (`id`),
  ADD KEY `advertisement_attributes_ad_id_foreign` (`ad_id`),
  ADD KEY `advertisement_attributes_attr_id_foreign` (`attr_id`),
  ADD KEY `advertisement_attributes_subattr_id_foreign` (`subattr_id`);

--
-- فهارس للجدول `advertisement_expirations`
--
ALTER TABLE `advertisement_expirations`
  ADD PRIMARY KEY (`id`);

--
-- فهارس للجدول `advertisement_fees`
--
ALTER TABLE `advertisement_fees`
  ADD PRIMARY KEY (`id`);

--
-- فهارس للجدول `advertisement_images`
--
ALTER TABLE `advertisement_images`
  ADD PRIMARY KEY (`id`),
  ADD KEY `advertisement_images_ad_id_foreign` (`ad_id`);

--
-- فهارس للجدول `advertisement_types`
--
ALTER TABLE `advertisement_types`
  ADD PRIMARY KEY (`id`);

--
-- فهارس للجدول `attributes`
--
ALTER TABLE `attributes`
  ADD PRIMARY KEY (`id`),
  ADD KEY `attributes_subcat_id_foreign` (`subcat_id`);

--
-- فهارس للجدول `bank_accounts`
--
ALTER TABLE `bank_accounts`
  ADD PRIMARY KEY (`id`);

--
-- فهارس للجدول `categories`
--
ALTER TABLE `categories`
  ADD PRIMARY KEY (`id`);

--
-- فهارس للجدول `chats`
--
ALTER TABLE `chats`
  ADD PRIMARY KEY (`id`),
  ADD KEY `chats_sender_id_foreign` (`sender_id`),
  ADD KEY `chats_receiver_id_foreign` (`receiver_id`);

--
-- فهارس للجدول `contact_us`
--
ALTER TABLE `contact_us`
  ADD PRIMARY KEY (`id`);

--
-- فهارس للجدول `countries`
--
ALTER TABLE `countries`
  ADD PRIMARY KEY (`id`);

--
-- فهارس للجدول `country`
--
ALTER TABLE `country`
  ADD PRIMARY KEY (`id`);

--
-- فهارس للجدول `coupons`
--
ALTER TABLE `coupons`
  ADD PRIMARY KEY (`id`);

--
-- فهارس للجدول `desires`
--
ALTER TABLE `desires`
  ADD PRIMARY KEY (`id`),
  ADD KEY `desires_user_id_foreign` (`user_id`),
  ADD KEY `desires_subcat_id_foreign` (`subcat_id`),
  ADD KEY `desires_type_foreign` (`type`),
  ADD KEY `desires_country_id_foreign` (`country_id`),
  ADD KEY `desires_govern_id_foreign` (`govern_id`);

--
-- فهارس للجدول `desire_attributes`
--
ALTER TABLE `desire_attributes`
  ADD PRIMARY KEY (`id`),
  ADD KEY `desire_attributes_desire_id_foreign` (`desire_id`),
  ADD KEY `desire_attributes_attr_id_foreign` (`attr_id`),
  ADD KEY `desire_attributes_subattr_id_foreign` (`subattr_id`);

--
-- فهارس للجدول `districts`
--
ALTER TABLE `districts`
  ADD PRIMARY KEY (`id`),
  ADD KEY `districts_govern_id_foreign` (`govern_id`);

--
-- فهارس للجدول `failed_jobs`
--
ALTER TABLE `failed_jobs`
  ADD PRIMARY KEY (`id`);

--
-- فهارس للجدول `feedback`
--
ALTER TABLE `feedback`
  ADD PRIMARY KEY (`id`),
  ADD KEY `feedback_user_id_foreign` (`user_id`);

--
-- فهارس للجدول `firebase_tokens`
--
ALTER TABLE `firebase_tokens`
  ADD PRIMARY KEY (`id`),
  ADD KEY `firebase_tokens_user_id_foreign` (`user_id`);

--
-- فهارس للجدول `form_contact_us`
--
ALTER TABLE `form_contact_us`
  ADD PRIMARY KEY (`id`);

--
-- فهارس للجدول `funds`
--
ALTER TABLE `funds`
  ADD PRIMARY KEY (`id`),
  ADD KEY `funds_user_id_foreign` (`user_id`);

--
-- فهارس للجدول `governorates`
--
ALTER TABLE `governorates`
  ADD PRIMARY KEY (`id`),
  ADD KEY `governorates_country_id_foreign` (`country_id`);

--
-- فهارس للجدول `messages`
--
ALTER TABLE `messages`
  ADD PRIMARY KEY (`id`),
  ADD KEY `messages_sender_id_foreign` (`sender_id`),
  ADD KEY `messages_receiver_id_foreign` (`receiver_id`),
  ADD KEY `messages_chat_id_foreign` (`chat_id`);

--
-- فهارس للجدول `migrations`
--
ALTER TABLE `migrations`
  ADD PRIMARY KEY (`id`);

--
-- فهارس للجدول `notifications`
--
ALTER TABLE `notifications`
  ADD PRIMARY KEY (`id`);

--
-- فهارس للجدول `password_resets`
--
ALTER TABLE `password_resets`
  ADD KEY `password_resets_email_index` (`email`);

--
-- فهارس للجدول `permissions`
--
ALTER TABLE `permissions`
  ADD PRIMARY KEY (`id`),
  ADD UNIQUE KEY `permissions_name_unique` (`name`);

--
-- فهارس للجدول `permission_role`
--
ALTER TABLE `permission_role`
  ADD PRIMARY KEY (`permission_id`,`role_id`),
  ADD KEY `permission_role_role_id_foreign` (`role_id`);

--
-- فهارس للجدول `permission_user`
--
ALTER TABLE `permission_user`
  ADD PRIMARY KEY (`user_id`,`permission_id`,`user_type`),
  ADD KEY `permission_user_permission_id_foreign` (`permission_id`);

--
-- فهارس للجدول `reasons`
--
ALTER TABLE `reasons`
  ADD PRIMARY KEY (`id`);

--
-- فهارس للجدول `roles`
--
ALTER TABLE `roles`
  ADD PRIMARY KEY (`id`),
  ADD UNIQUE KEY `roles_name_unique` (`name`);

--
-- فهارس للجدول `role_user`
--
ALTER TABLE `role_user`
  ADD PRIMARY KEY (`user_id`,`role_id`,`user_type`),
  ADD KEY `role_user_role_id_foreign` (`role_id`);

--
-- فهارس للجدول `sent_notifications`
--
ALTER TABLE `sent_notifications`
  ADD PRIMARY KEY (`id`),
  ADD KEY `sent_notifications_not_id_foreign` (`not_id`),
  ADD KEY `sent_notifications_user_id_foreign` (`user_id`);

--
-- فهارس للجدول `sliders`
--
ALTER TABLE `sliders`
  ADD PRIMARY KEY (`id`),
  ADD KEY `sliders_cat_id_foreign` (`cat_id`),
  ADD KEY `sliders_subcat_id_foreign` (`subcat_id`),
  ADD KEY `sliders_ad_id_foreign` (`ad_id`);

--
-- فهارس للجدول `special_advertisements`
--
ALTER TABLE `special_advertisements`
  ADD PRIMARY KEY (`id`);

--
-- فهارس للجدول `subattributes`
--
ALTER TABLE `subattributes`
  ADD PRIMARY KEY (`id`),
  ADD KEY `subattributes_attr_id_foreign` (`attr_id`);

--
-- فهارس للجدول `subcategories`
--
ALTER TABLE `subcategories`
  ADD PRIMARY KEY (`id`),
  ADD KEY `subcategories_cat_id_foreign` (`cat_id`);

--
-- فهارس للجدول `subscriptions`
--
ALTER TABLE `subscriptions`
  ADD PRIMARY KEY (`id`);

--
-- فهارس للجدول `terms`
--
ALTER TABLE `terms`
  ADD PRIMARY KEY (`id`);

--
-- فهارس للجدول `users`
--
ALTER TABLE `users`
  ADD PRIMARY KEY (`id`),
  ADD UNIQUE KEY `users_email_unique` (`email`),
  ADD UNIQUE KEY `users_phone_unique` (`phone`),
  ADD KEY `users_country_id_foreign` (`governorate_id`);

--
-- فهارس للجدول `users_subscriptions`
--
ALTER TABLE `users_subscriptions`
  ADD PRIMARY KEY (`id`),
  ADD KEY `users_subscriptions_user_id_foreign` (`user_id`),
  ADD KEY `users_subscriptions_subscription_id_foreign` (`subscription_id`);

--
-- فهارس للجدول `user_coupons`
--
ALTER TABLE `user_coupons`
  ADD PRIMARY KEY (`id`),
  ADD KEY `user_coupons_user_id_foreign` (`user_id`),
  ADD KEY `user_coupons_coupon_id_foreign` (`coupon_id`);

--
-- فهارس للجدول `user_follows`
--
ALTER TABLE `user_follows`
  ADD PRIMARY KEY (`id`),
  ADD KEY `user_follows_user_id_foreign` (`user_id`),
  ADD KEY `user_follows_follow_id_foreign` (`follow_id`);

--
-- فهارس للجدول `user_rates`
--
ALTER TABLE `user_rates`
  ADD PRIMARY KEY (`id`),
  ADD KEY `user_rates_user_id_foreign` (`user_id`),
  ADD KEY `user_rates_rate_user_id_foreign` (`rate_user_id`);

--
-- فهارس للجدول `wishlists`
--
ALTER TABLE `wishlists`
  ADD PRIMARY KEY (`id`),
  ADD KEY `wishlists_user_id_foreign` (`user_id`),
  ADD KEY `wishlists_ad_id_foreign` (`ad_id`);

--
-- AUTO_INCREMENT for dumped tables
--

--
-- AUTO_INCREMENT for table `about_us`
--
ALTER TABLE `about_us`
  MODIFY `id` bigint UNSIGNED NOT NULL AUTO_INCREMENT, AUTO_INCREMENT=2;

--
-- AUTO_INCREMENT for table `admins`
--
ALTER TABLE `admins`
  MODIFY `id` bigint UNSIGNED NOT NULL AUTO_INCREMENT, AUTO_INCREMENT=4;

--
-- AUTO_INCREMENT for table `advertisements`
--
ALTER TABLE `advertisements`
  MODIFY `id` bigint UNSIGNED NOT NULL AUTO_INCREMENT, AUTO_INCREMENT=420;

--
-- AUTO_INCREMENT for table `advertisement_attributes`
--
ALTER TABLE `advertisement_attributes`
  MODIFY `id` bigint UNSIGNED NOT NULL AUTO_INCREMENT, AUTO_INCREMENT=1127;

--
-- AUTO_INCREMENT for table `advertisement_expirations`
--
ALTER TABLE `advertisement_expirations`
  MODIFY `id` bigint UNSIGNED NOT NULL AUTO_INCREMENT, AUTO_INCREMENT=2;

--
-- AUTO_INCREMENT for table `advertisement_fees`
--
ALTER TABLE `advertisement_fees`
  MODIFY `id` bigint UNSIGNED NOT NULL AUTO_INCREMENT, AUTO_INCREMENT=2;

--
-- AUTO_INCREMENT for table `advertisement_images`
--
ALTER TABLE `advertisement_images`
  MODIFY `id` bigint UNSIGNED NOT NULL AUTO_INCREMENT, AUTO_INCREMENT=851;

--
-- AUTO_INCREMENT for table `advertisement_types`
--
ALTER TABLE `advertisement_types`
  MODIFY `id` bigint UNSIGNED NOT NULL AUTO_INCREMENT, AUTO_INCREMENT=6;

--
-- AUTO_INCREMENT for table `attributes`
--
ALTER TABLE `attributes`
  MODIFY `id` bigint UNSIGNED NOT NULL AUTO_INCREMENT, AUTO_INCREMENT=525;

--
-- AUTO_INCREMENT for table `bank_accounts`
--
ALTER TABLE `bank_accounts`
  MODIFY `id` bigint UNSIGNED NOT NULL AUTO_INCREMENT, AUTO_INCREMENT=3;

--
-- AUTO_INCREMENT for table `categories`
--
ALTER TABLE `categories`
  MODIFY `id` bigint UNSIGNED NOT NULL AUTO_INCREMENT, AUTO_INCREMENT=33;

--
-- AUTO_INCREMENT for table `chats`
--
ALTER TABLE `chats`
  MODIFY `id` bigint UNSIGNED NOT NULL AUTO_INCREMENT, AUTO_INCREMENT=51;

--
-- AUTO_INCREMENT for table `contact_us`
--
ALTER TABLE `contact_us`
  MODIFY `id` bigint UNSIGNED NOT NULL AUTO_INCREMENT, AUTO_INCREMENT=2;

--
-- AUTO_INCREMENT for table `countries`
--
ALTER TABLE `countries`
  MODIFY `id` bigint UNSIGNED NOT NULL AUTO_INCREMENT, AUTO_INCREMENT=10;

--
-- AUTO_INCREMENT for table `country`
--
ALTER TABLE `country`
  MODIFY `id` int NOT NULL AUTO_INCREMENT, AUTO_INCREMENT=242;

--
-- AUTO_INCREMENT for table `coupons`
--
ALTER TABLE `coupons`
  MODIFY `id` bigint UNSIGNED NOT NULL AUTO_INCREMENT, AUTO_INCREMENT=19;

--
-- AUTO_INCREMENT for table `desires`
--
ALTER TABLE `desires`
  MODIFY `id` bigint UNSIGNED NOT NULL AUTO_INCREMENT, AUTO_INCREMENT=50;

--
-- AUTO_INCREMENT for table `desire_attributes`
--
ALTER TABLE `desire_attributes`
  MODIFY `id` bigint UNSIGNED NOT NULL AUTO_INCREMENT, AUTO_INCREMENT=166;

--
-- AUTO_INCREMENT for table `districts`
--
ALTER TABLE `districts`
  MODIFY `id` bigint UNSIGNED NOT NULL AUTO_INCREMENT, AUTO_INCREMENT=147;

--
-- AUTO_INCREMENT for table `failed_jobs`
--
ALTER TABLE `failed_jobs`
  MODIFY `id` bigint UNSIGNED NOT NULL AUTO_INCREMENT;

--
-- AUTO_INCREMENT for table `feedback`
--
ALTER TABLE `feedback`
  MODIFY `id` bigint UNSIGNED NOT NULL AUTO_INCREMENT, AUTO_INCREMENT=15;

--
-- AUTO_INCREMENT for table `firebase_tokens`
--
ALTER TABLE `firebase_tokens`
  MODIFY `id` bigint UNSIGNED NOT NULL AUTO_INCREMENT;

--
-- AUTO_INCREMENT for table `form_contact_us`
--
ALTER TABLE `form_contact_us`
  MODIFY `id` bigint UNSIGNED NOT NULL AUTO_INCREMENT, AUTO_INCREMENT=39;

--
-- AUTO_INCREMENT for table `funds`
--
ALTER TABLE `funds`
  MODIFY `id` bigint UNSIGNED NOT NULL AUTO_INCREMENT, AUTO_INCREMENT=31;

--
-- AUTO_INCREMENT for table `governorates`
--
ALTER TABLE `governorates`
  MODIFY `id` bigint UNSIGNED NOT NULL AUTO_INCREMENT, AUTO_INCREMENT=180;

--
-- AUTO_INCREMENT for table `messages`
--
ALTER TABLE `messages`
  MODIFY `id` bigint UNSIGNED NOT NULL AUTO_INCREMENT, AUTO_INCREMENT=422;

--
-- AUTO_INCREMENT for table `migrations`
--
ALTER TABLE `migrations`
  MODIFY `id` int UNSIGNED NOT NULL AUTO_INCREMENT, AUTO_INCREMENT=39;

--
-- AUTO_INCREMENT for table `notifications`
--
ALTER TABLE `notifications`
  MODIFY `id` bigint UNSIGNED NOT NULL AUTO_INCREMENT, AUTO_INCREMENT=39;

--
-- AUTO_INCREMENT for table `permissions`
--
ALTER TABLE `permissions`
  MODIFY `id` bigint UNSIGNED NOT NULL AUTO_INCREMENT, AUTO_INCREMENT=53;

--
-- AUTO_INCREMENT for table `reasons`
--
ALTER TABLE `reasons`
  MODIFY `id` bigint UNSIGNED NOT NULL AUTO_INCREMENT, AUTO_INCREMENT=3;

--
-- AUTO_INCREMENT for table `roles`
--
ALTER TABLE `roles`
  MODIFY `id` bigint UNSIGNED NOT NULL AUTO_INCREMENT, AUTO_INCREMENT=3;

--
-- AUTO_INCREMENT for table `sent_notifications`
--
ALTER TABLE `sent_notifications`
  MODIFY `id` bigint UNSIGNED NOT NULL AUTO_INCREMENT, AUTO_INCREMENT=835;

--
-- AUTO_INCREMENT for table `sliders`
--
ALTER TABLE `sliders`
  MODIFY `id` bigint UNSIGNED NOT NULL AUTO_INCREMENT, AUTO_INCREMENT=8;

--
-- AUTO_INCREMENT for table `special_advertisements`
--
ALTER TABLE `special_advertisements`
  MODIFY `id` bigint UNSIGNED NOT NULL AUTO_INCREMENT, AUTO_INCREMENT=13;

--
-- AUTO_INCREMENT for table `subattributes`
--
ALTER TABLE `subattributes`
  MODIFY `id` bigint UNSIGNED NOT NULL AUTO_INCREMENT, AUTO_INCREMENT=1121;

--
-- AUTO_INCREMENT for table `subcategories`
--
ALTER TABLE `subcategories`
  MODIFY `id` bigint UNSIGNED NOT NULL AUTO_INCREMENT, AUTO_INCREMENT=152;

--
-- AUTO_INCREMENT for table `subscriptions`
--
ALTER TABLE `subscriptions`
  MODIFY `id` bigint UNSIGNED NOT NULL AUTO_INCREMENT, AUTO_INCREMENT=11;

--
-- AUTO_INCREMENT for table `terms`
--
ALTER TABLE `terms`
  MODIFY `id` bigint UNSIGNED NOT NULL AUTO_INCREMENT, AUTO_INCREMENT=2;

--
-- AUTO_INCREMENT for table `users`
--
ALTER TABLE `users`
  MODIFY `id` bigint UNSIGNED NOT NULL AUTO_INCREMENT, AUTO_INCREMENT=131;

--
-- AUTO_INCREMENT for table `users_subscriptions`
--
ALTER TABLE `users_subscriptions`
  MODIFY `id` bigint UNSIGNED NOT NULL AUTO_INCREMENT, AUTO_INCREMENT=33;

--
-- AUTO_INCREMENT for table `user_coupons`
--
ALTER TABLE `user_coupons`
  MODIFY `id` bigint UNSIGNED NOT NULL AUTO_INCREMENT, AUTO_INCREMENT=5;

--
-- AUTO_INCREMENT for table `user_follows`
--
ALTER TABLE `user_follows`
  MODIFY `id` bigint UNSIGNED NOT NULL AUTO_INCREMENT, AUTO_INCREMENT=30;

--
-- AUTO_INCREMENT for table `user_rates`
--
ALTER TABLE `user_rates`
  MODIFY `id` bigint UNSIGNED NOT NULL AUTO_INCREMENT, AUTO_INCREMENT=21;

--
-- AUTO_INCREMENT for table `wishlists`
--
ALTER TABLE `wishlists`
  MODIFY `id` bigint UNSIGNED NOT NULL AUTO_INCREMENT, AUTO_INCREMENT=432;

--
-- القيود المفروضة على الجداول الملقاة
--

--
-- قيود الجداول `advertisements`
--
ALTER TABLE `advertisements`
  ADD CONSTRAINT `advertisements_special_id_foreign` FOREIGN KEY (`special_ad_id`) REFERENCES `special_advertisements` (`id`) ON DELETE CASCADE,
  ADD CONSTRAINT `advertisements_subcat_id_foreign` FOREIGN KEY (`subcat_id`) REFERENCES `subcategories` (`id`) ON DELETE CASCADE,
  ADD CONSTRAINT `advertisements_type_foreign` FOREIGN KEY (`type`) REFERENCES `advertisement_types` (`id`) ON DELETE CASCADE,
  ADD CONSTRAINT `advertisements_user_id_foreign` FOREIGN KEY (`user_id`) REFERENCES `users` (`id`) ON DELETE CASCADE;

--
-- قيود الجداول `advertisement_attributes`
--
ALTER TABLE `advertisement_attributes`
  ADD CONSTRAINT `advertisement_attributes_ad_id_foreign` FOREIGN KEY (`ad_id`) REFERENCES `advertisements` (`id`) ON DELETE CASCADE,
  ADD CONSTRAINT `advertisement_attributes_attr_id_foreign` FOREIGN KEY (`attr_id`) REFERENCES `attributes` (`id`) ON DELETE CASCADE,
  ADD CONSTRAINT `advertisement_attributes_subattr_id_foreign` FOREIGN KEY (`subattr_id`) REFERENCES `subattributes` (`id`) ON DELETE CASCADE;

--
-- قيود الجداول `advertisement_images`
--
ALTER TABLE `advertisement_images`
  ADD CONSTRAINT `advertisement_images_ad_id_foreign` FOREIGN KEY (`ad_id`) REFERENCES `advertisements` (`id`) ON DELETE CASCADE;

--
-- قيود الجداول `attributes`
--
ALTER TABLE `attributes`
  ADD CONSTRAINT `attributes_subcat_id_foreign` FOREIGN KEY (`subcat_id`) REFERENCES `subcategories` (`id`) ON DELETE CASCADE ON UPDATE CASCADE;

--
-- قيود الجداول `desires`
--
ALTER TABLE `desires`
  ADD CONSTRAINT `desires_country_id_foreign` FOREIGN KEY (`country_id`) REFERENCES `countries` (`id`) ON DELETE CASCADE,
  ADD CONSTRAINT `desires_govern_id_foreign` FOREIGN KEY (`govern_id`) REFERENCES `governorates` (`id`) ON DELETE CASCADE,
  ADD CONSTRAINT `desires_subcat_id_foreign` FOREIGN KEY (`subcat_id`) REFERENCES `subcategories` (`id`) ON DELETE CASCADE,
  ADD CONSTRAINT `desires_type_foreign` FOREIGN KEY (`type`) REFERENCES `advertisement_types` (`id`) ON DELETE CASCADE,
  ADD CONSTRAINT `desires_user_id_foreign` FOREIGN KEY (`user_id`) REFERENCES `users` (`id`) ON DELETE CASCADE;
COMMIT;

